000
CXUS56 KLOX 011921
CF6SDB
PRELIMINARY LOCAL CLIMATOLOGICAL DATA (WS FORM: F-6)
STATION: SANDBERG CA
MONTH: AUGUST
YEAR: 2020
LATITUDE: 34 45 N
LONGITUDE: 118 44 W
TEMPERATURE IN F: :PCPN: SNOW: WIND :SUNSHINE: SKY :PK WND
================================================================================
1 2 3 4 5 6A 6B 7 8 9 10 11 12 13 14 15 16 17 18
12Z AVG MX 2MIN
DY MAX MIN AVG DEP HDD CDD WTR SNW DPTH SPD SPD DIR MIN PSBL S-S WX SPD DR
================================================================================
1 93 69 81 6 0 16 0.00 M M M 30 320 M M M 37 320
2 90 68 79 4 0 14 0.00 M M M 28 320 M M M 39 310
3 88 68 78 3 0 13 0.00 M M M 36 310 M M M 43 320
4 87 66 77 2 0 12 0.00 M M M 24 320 M M M 31 300
5 83 61 72 -3 0 7 0.00 M M M 21 310 M M M 27 320
6 76 55 66 -9 0 1 0.00 M M M 22 320 M M M 28 320
7 83 59 71 -4 0 6 0.00 M M M 23 320 M M M 29 310
8 85 62 74 -1 0 9 0.00 M M M 20 160 M M M 28 150
9 89 66 78 3 0 13 0.00 M M M 18 170 M M M 24 170
10 89 67 78 3 0 13 0.00 M M M 22 170 M M M 29 150
11 89 67 78 3 0 13 0.00 M M M 17 150 M M M 26 150
12 94 69 82 7 0 17 0.00 M M M 23 120 M M M 30 120
13 90 75 83 9 0 18 T M M M 30 320 M M M 36 320
14 98 76 87 13 0 22 0.00 M M M 20 210 M M M 28 140
15 102 80 91 17 0 26 0.00 M M M 28 320 M M M 32 320
16 99 81 90 16 0 25 0.00 M M M 26 320 M M M 42 320
17 101 78 90 16 0 25 0.00 M M M 32 330 M M M 35 320
18 101 78 90 16 0 25 T M M M 28 330 M M M 31 340
19 95 76 86 12 0 21 0.00 M M M 32 320 M M M 46 330
20 96 75 86 12 0 21 0.00 M M M 24 330 M M M 29 330
21 97 74 86 12 0 21 0.00 M M M 24 120 M M M 31 140
22 92 69 81 7 0 16 0.00 M M M 23 160 M M M 29 160
23 88 65 77 3 0 12 0.00 M M M 17 160 M M M 28 140
24 91 69 80 6 0 15 0.00 M M M 21 200 M M M 28 150
25 90 69 80 6 0 15 0.00 M M M 23 170 M M M 32 170
26 89 68 79 6 0 14 0.00 M M M 22 310 M M M 27 320
27 91 66 79 6 0 14 0.00 M M M 22 320 M M M 30 290
28 88 67 78 5 0 13 0.00 M M M 23 170 M M M 31 130
29 87 66 77 4 0 12 0.00 M M M 22 160 M M M 28 150
30 88 67 78 5 0 13 0.00 M M M 17 330 M M M 22 330
31 89 66 78 5 0 13 0.00 M M M 20 160 M M M 26 160
================================================================================
SM 2818 2142 0 475 T M M M M
================================================================================
AV 90.9 69.1 M FASTST M M 0 MAX(MPH)
MISC ----> # 36 310 # 46 330
================================================================================
NOTES:
# LAST OF SEVERAL OCCURRENCES
COLUMN 17 PEAK WIND IN M.P.H.
PRELIMINARY LOCAL CLIMATOLOGICAL DATA (WS FORM: F-6) , PAGE 2
STATION: SANDBERG CA
MONTH: AUGUST
YEAR: 2020
LATITUDE: 34 45 N
LONGITUDE: 118 44 W
[TEMPERATURE DATA] [PRECIPITATION DATA] SYMBOLS USED IN COLUMN 16
AVERAGE MONTHLY: 80.0 TOTAL FOR MONTH: T 1 = FOG OR MIST
DPTR FM NORMAL: 5.8 DPTR FM NORMAL: -0.03 2 = FOG REDUCING VISIBILITY
HIGHEST: 102 ON 15 GRTST 24HR T ON 18-18 TO 1/4 MILE OR LESS
LOWEST: 55 ON 6 3 = THUNDER
SNOW, ICE PELLETS, HAIL 4 = ICE PELLETS
TOTAL MONTH: M 5 = HAIL
GRTST 24HR M ON M 6 = FREEZING RAIN OR DRIZZLE
GRTST DEPTH: M ON M 7 = DUSTSTORM OR SANDSTORM:
VSBY 1/2 MILE OR LESS
8 = SMOKE OR HAZE
[NO. OF DAYS WITH] [WEATHER - DAYS WITH] 9 = BLOWING SNOW
X = TORNADO
MAX 32 OR BELOW: 0 0.01 INCH OR MORE: 0
MAX 90 OR ABOVE: 16 0.10 INCH OR MORE: 0
MIN 32 OR BELOW: 0 0.50 INCH OR MORE: 0
MIN 0 OR BELOW: 0 1.00 INCH OR MORE: 0
[HDD (BASE 65) ]
TOTAL THIS MO. 0 CLEAR (SCALE 0-3) 0
DPTR FM NORMAL -9 PTCLDY (SCALE 4-7) 0
TOTAL FM JUL 1 0 CLOUDY (SCALE 8-10) 0
DPTR FM NORMAL -17
[CDD (BASE 65) ]
TOTAL THIS MO. 475
DPTR FM NORMAL 181 [PRESSURE DATA]
TOTAL FM JAN 1 1041 HIGHEST SLP M ON M
DPTR FM NORMAL 284 LOWEST SLP M ON M
[REMARKS]
#FINAL-08-20#