000
CXUS56 KLOX 020658
CF6SDB
PRELIMINARY LOCAL CLIMATOLOGICAL DATA (WS FORM: F-6)
STATION: SANDBERG CA
MONTH: NOVEMBER
YEAR: 2019
LATITUDE: 34 45 N
LONGITUDE: 118 44 W
TEMPERATURE IN F: :PCPN: SNOW: WIND :SUNSHINE: SKY :PK WND
================================================================================
1 2 3 4 5 6A 6B 7 8 9 10 11 12 13 14 15 16 17 18
12Z AVG MX 2MIN
DY MAX MIN AVG DEP HDD CDD WTR SNW DPTH SPD SPD DIR MIN PSBL S-S WX SPD DR
================================================================================
1 63 45 54 0 11 0 0.00 0.0 0 19.7 24 60 M M 0 30 60
2 68 52 60 6 5 0 0.00 0.0 0 17.0 26 70 M M 0 31 70
3 75 56 66 12 0 1 0.00 0.0 0 9.3 17 60 M M 0 21 60
4 74 56 65 12 0 0 0.00 0.0 0 8.9 15 60 M M 0 20 70
5 74 58 66 13 0 1 0.00 0.0 0 8.2 18 60 M M 0 24 60
6 77 58 68 16 0 3 0.00 0.0 0 9.0 16 310 M M 0 19 310
7 74 60 67 15 0 2 0.00 0.0 0 12.3 18 70 M M 0 25 60
8 72 59 66 14 0 1 0.00 0.0 0 12.7 22 60 M M 0 28 60
9 75 58 67 16 0 2 0.00 0.0 0 10.6 17 330 M M 0 24 70
10 76 57 67 16 0 2 0.00 0.0 0 10.2 18 320 M M 0 25 340
11 73 59 66 15 0 1 0.00 0.0 0 9.4 21 70 M M 0 29 70
12 76 60 68 18 0 3 0.00 0.0 0 7.6 15 330 M M 0 17 70
13 77 57 67 17 0 2 0.00 0.0 0 7.8 15 320 M M 0 19 310
14 68 52 60 10 5 0 0.00 0.0 0 10.4 22 170 M M 0 27 160
15 66 51 59 10 6 0 0.00 0.0 0 9.6 18 320 M M 0 21 320
16 71 53 62 13 3 0 0.00 0.0 0 11.4 25 70 M M 0 30 80
17 71 56 64 15 1 0 0.00 0.0 0 10.6 23 60 M M 0 28 70
18 76 58 67 19 0 2 0.00 0.0 0 10.2 21 60 M M 0 25 60
19 71 42 57 9 8 0 0.00 0.0 0 11.4 25 160 M M 2 34 150
20 45 35 40 -8 25 0 0.97 M 0 8.7 21 310 M M 10 12 26 310
21 51 37 44 -3 21 0 T M 0 6.6 13 180 M M 3 12 15 90
22 51 39 45 -2 20 0 0.00 0.0 0 10.8 24 60 M M 2 12 29 60
23 54 42 48 2 17 0 0.00 0.0 0 23.1 31 60 M M 0 39 70
24 59 44 52 6 13 0 0.00 0.0 0 17.2 30 320 M M 0 38 60
25 63 35 49 3 16 0 0.00 0.0 0 24.3 47 320 M M 1 8 64 320
26 46 30 38 -8 27 0 0.00 0.0 0 12.7 36 190 M M 1 45 190
27 40 30 35 -10 30 0 0.38 M 0 16.8 37 190 M M 9 12 50 190
28 32 30 31 -14 34 0 1.04 M 0 8.8 24 200 M M 10 12 34 200
29 35 26 31 -14 34 0 0.00 0.0 0 9.0 20 310 M M 5 12 25 310
30 33 28 31 -13 34 0 0.32 M 0 10.9 22 70 M M 7 12 28 50
================================================================================
SM 1886 1423 310 20 2.71 0.0 355.1 M 50
================================================================================
AV 62.9 47.4 11.8 FASTST M M 2 MAX(MPH)
MISC ----> # 47 320 # 64 320
================================================================================
NOTES:
# LAST OF SEVERAL OCCURRENCES
COLUMN 17 PEAK WIND IN M.P.H.
PRELIMINARY LOCAL CLIMATOLOGICAL DATA (WS FORM: F-6) , PAGE 2
STATION: SANDBERG CA
MONTH: NOVEMBER
YEAR: 2019
LATITUDE: 34 45 N
LONGITUDE: 118 44 W
[TEMPERATURE DATA] [PRECIPITATION DATA] SYMBOLS USED IN COLUMN 16
AVERAGE MONTHLY: 55.2 TOTAL FOR MONTH: 2.71 1 = FOG OR MIST
DPTR FM NORMAL: 6.0 DPTR FM NORMAL: 1.93 2 = FOG REDUCING VISIBILITY
HIGHEST: 77 ON 13, 6 GRTST 24HR 1.04 ON 28-28 TO 1/4 MILE OR LESS
LOWEST: 26 ON 29 3 = THUNDER
SNOW, ICE PELLETS, HAIL 4 = ICE PELLETS
TOTAL MONTH: 0.0 INCH 5 = HAIL
GRTST 24HR 0.0 6 = FREEZING RAIN OR DRIZZLE
GRTST DEPTH: 0 7 = DUSTSTORM OR SANDSTORM:
VSBY 1/2 MILE OR LESS
8 = SMOKE OR HAZE
[NO. OF DAYS WITH] [WEATHER - DAYS WITH] 9 = BLOWING SNOW
X = TORNADO
MAX 32 OR BELOW: 1 0.01 INCH OR MORE: 4
MAX 90 OR ABOVE: 0 0.10 INCH OR MORE: 4
MIN 32 OR BELOW: 5 0.50 INCH OR MORE: 2
MIN 0 OR BELOW: 0 1.00 INCH OR MORE: 1
[HDD (BASE 65) ]
TOTAL THIS MO. 310 CLEAR (SCALE 0-3) 25
DPTR FM NORMAL -168 PTCLDY (SCALE 4-7) 2
TOTAL FM JUL 1 599 CLOUDY (SCALE 8-10) 3
DPTR FM NORMAL -180
[CDD (BASE 65) ]
TOTAL THIS MO. 20
DPTR FM NORMAL 18 [PRESSURE DATA]
TOTAL FM JAN 1 1154 HIGHEST SLP 30.21 ON 23
DPTR FM NORMAL 156 LOWEST SLP 29.38 ON 20
[REMARKS]
#FINAL-11-19#