000
CXUS53 KLMK 011922
CLMSDF
CLIMATE REPORT
NATIONAL WEATHER SERVICE LOUISVILLE KY
322 PM EDT WED NOV 01 2023
...................................
...THE LOUISVILLE KY CLIMATE SUMMARY FOR THE MONTH OF OCTOBER 2023...
CLIMATE NORMAL PERIOD 1991 TO 2020
CLIMATE RECORD PERIOD 1871 TO 2023
WEATHER OBSERVED NORMAL DEPART LAST YEAR`S
VALUE DATE(S) VALUE FROM VALUE DATE(S)
NORMAL
................................................................
TEMPERATURE (F)
RECORD
HIGH 97 10/01/2019
LOW 23 10/22/1952
10/29/1925
HIGHEST 89 10/03 MM MM 81 10/06
10/12
10/24
LOWEST 30 10/31 MM MM 32 10/20
AVG. MAXIMUM 71.5 70.5 1.0 70.8
AVG. MINIMUM 52.2 50.1 2.1 46.8
MEAN 61.8 60.3 1.5 58.8
DAYS MAX >= 90 0 0.4 -0.4 0
DAYS MAX <= 32 0 0.0 0.0 0
DAYS MIN <= 32 1 0.5 0.5 1
DAYS MIN <= 0 0 0.0 0.0 0
PRECIPITATION (INCHES)
RECORD
MAXIMUM 9.94 2013
MINIMUM 0.07 1908
TOTALS 2.97 3.72 -0.75 1.54
DAILY AVG. 0.10 0.12 -0.02 0.05
DAYS >= .01 11 7.9 3.1 5
DAYS >= .10 8 5.3 2.7 3
DAYS >= .50 2 2.4 -0.4 2
DAYS >= 1.00 0 1.2 -1.2 0
GREATEST
24 HR. TOTAL 1.33 10/29 TO 10/30
SNOWFALL (INCHES)
RECORDS
TOTAL 3.5 5
TOTALS 0.0 0.1 -0.1 T
SINCE 7/1 0.0 0.1 -0.1 MM
SNOWDEPTH AVG. 0 0
DAYS >= 1.0 0 0.0 0.0 0
GREATEST
SNOW DEPTH 0 0 MM
DEGREE DAYS
HEATING TOTAL 164 198 -34 205
SINCE 7/1 164 221 -57 MM
COOLING TOTAL 75 52 23 19
SINCE 1/1 1714 1739 -25 MM
................................................................
WIND (MPH)
AVERAGE WIND SPEED 7.2
RESULTANT WIND SPEED/DIRECTION 2/250
HIGHEST WIND SPEED/DIRECTION 26/330 DATE 10/06
26/250 10/21
HIGHEST GUST SPEED/DIRECTION 40/320 DATE 10/06
SKY COVER
POSSIBLE SUNSHINE (PERCENT) MM
AVERAGE SKY COVER 0.58
NUMBER OF DAYS FAIR 10
NUMBER OF DAYS PC 8
NUMBER OF DAYS CLOUDY 13
AVERAGE RH (PERCENT) 63
WEATHER CONDITIONS. NUMBER OF DAYS WITH
THUNDERSTORM 2 MIXED PRECIP 0
HEAVY RAIN 4 RAIN 5
LIGHT RAIN 14 FREEZING RAIN 0
LT FREEZING RAIN 0 HAIL 0
HEAVY SNOW 0 SNOW 0
LIGHT SNOW 0 SLEET 0
FOG 10 FOG W/VIS <= 1/4 MILE 0
HAZE 0
- INDICATES NEGATIVE NUMBERS.
R INDICATES RECORD WAS SET OR TIED.
MM INDICATES DATA IS MISSING.
T INDICATES TRACE AMOUNT.
$$