000
CXUS56 KSGX 011145
CF6SDM
PRELIMINARY LOCAL CLIMATOLOGICAL DATA (WS FORM: F-6)
STATION: SAN DIEGO/BROWN
MONTH: NOVEMBER
YEAR: 2022
LATITUDE: 32 34 N
LONGITUDE: 116 59 W
TEMPERATURE IN F: :PCPN: SNOW: WIND :SUNSHINE: SKY :PK WND
================================================================================
1 2 3 4 5 6A 6B 7 8 9 10 11 12 13 14 15 16 17 18
12Z AVG MX 2MIN
DY MAX MIN AVG DEP HDD CDD WTR SNW DPTH SPD SPD DIR MIN PSBL S-S WX SPD DR
================================================================================
1 73 54 64 0 1 0 0.00 M M 5.9 16 230 M M 4 18 21 210
2 66 53 60 -3 5 0 0.05 M M 9.1 16 250 M M 7 18 22 260
3 63 44 54 -9 11 0 0.07 M M 10.2 21 270 M M 6 8 29 260
4 70 41 56 -7 9 0 0.00 M M 5.7 15 270 M M 0 21 280
5 72 41 57 -6 8 0 0.00 M M 4.5 12 270 M M 0 8 16 270
6 71 45 58 -5 7 0 0.00 M M 5.0 13 270 M M 0 17 280
7 70 51 61 -1 4 0 0.01 M M 6.4 12 220 M M 8 1 16 240
8 67 54 61 -1 4 0 2.17 M M 11.8 29 180 M M 9 1 38 160
9 64 49 57 -5 8 0 0.10 M M 5.4 20 230 M M 6 1 30 210
10 67 42 55 -7 10 0 0.00 M M 4.5 12 280 M M 0 8 16 310
11 71 42 57 -4 8 0 0.00 M M 4.0 12 280 M M 0 14 270
12 69 40 55 -6 10 0 0.00 M M 4.9 13 260 M M 0 16 280
13 64 43 54 -7 11 0 0.00 M M 5.7 12 270 M M 3 17 280
14 71 40 56 -5 9 0 0.00 M M 4.0 12 280 M M 0 16 280
15 72 43 58 -2 7 0 0.00 M M 4.8 13 270 M M 0 8 17 280
16 75 42 59 -1 6 0 0.00 M M 4.9 23 130 M M 0 29 130
17 73 43 58 -2 7 0 0.00 M M 4.4 10 270 M M 0 15 300
18 69 41 55 -5 10 0 0.00 M M 4.7 12 280 M M 0 1 15 270
19 73 40 57 -2 8 0 0.00 M M 3.7 10 270 M M 0 14 310
20 75 43 59 0 6 0 0.00 M M 4.2 12 270 M M 0 15 280
21 79 46 63 4 2 0 0.00 M M 5.1 18 120 M M 0 23 130
22 76 42 59 1 6 0 0.00 M M 4.1 13 280 M M 0 8 16 290
23 71 40 56 -2 9 0 0.00 M M 5.2 12 280 M M 0 8 16 290
24 80 42 61 3 4 0 0.00 M M 5.5 20 60 M M 0 8 29 50
25 74 45 60 2 5 0 0.00 M M 5.1 12 280 M M 0 16 270
26 75 42 59 1 6 0 0.00 M M 5.6 13 250 M M 0 19 290
27 70 42 56 -1 9 0 0.00 M M 3.8 10 280 M M 0 1 14 280
28 63 49 56 -1 9 0 0.00 M M 6.2 15 220 M M 7 18 19 260
29 62 43 53 -4 12 0 0.01 M M 6.0 14 160 M M 5 17 150
30 60 41 51 -6 14 0 0.00 M M 4.5 12 270 M M 5 18 17 260
================================================================================
SM 2105 1323 225 0 2.41 M 164.9 M 60
================================================================================
AV 70.2 44.1 5.5 FASTST M M 2 MAX(MPH)
MISC ----> 29 180 38 160
================================================================================
NOTES:
# LAST OF SEVERAL OCCURRENCES
COLUMN 17 PEAK WIND IN M.P.H.
PRELIMINARY LOCAL CLIMATOLOGICAL DATA (WS FORM: F-6) , PAGE 2
STATION: SAN DIEGO/BROWN
MONTH: NOVEMBER
YEAR: 2022
LATITUDE: 32 34 N
LONGITUDE: 116 59 W
[TEMPERATURE DATA] [PRECIPITATION DATA] SYMBOLS USED IN COLUMN 16
AVERAGE MONTHLY: 57.1 TOTAL FOR MONTH: 2.41 1 = FOG OR MIST
DPTR FM NORMAL: -3.1 DPTR FM NORMAL: 1.58 2 = FOG REDUCING VISIBILITY
HIGHEST: 80 ON 24 GRTST 24HR 2.27 ON 8- 9 TO 1/4 MILE OR LESS
LOWEST: 40 ON 23,19 3 = THUNDER
SNOW, ICE PELLETS, HAIL 4 = ICE PELLETS
TOTAL MONTH: M 5 = HAIL
GRTST 24HR M ON M 6 = FREEZING RAIN OR DRIZZLE
GRTST DEPTH: M ON M 7 = DUSTSTORM OR SANDSTORM:
VSBY 1/2 MILE OR LESS
8 = SMOKE OR HAZE
[NO. OF DAYS WITH] [WEATHER - DAYS WITH] 9 = BLOWING SNOW
X = TORNADO
MAX 32 OR BELOW: 0 0.01 INCH OR MORE: 6
MAX 90 OR ABOVE: 0 0.10 INCH OR MORE: 2
MIN 32 OR BELOW: 0 0.50 INCH OR MORE: 1
MIN 0 OR BELOW: 0 1.00 INCH OR MORE: 1
[HDD (BASE 65) ]
TOTAL THIS MO. 225 CLEAR (SCALE 0-3) 20
DPTR FM NORMAL 58 PTCLDY (SCALE 4-7) 8
TOTAL FM JUL 1 250 CLOUDY (SCALE 8-10) 2
DPTR FM NORMAL 30
[CDD (BASE 65) ]
TOTAL THIS MO. 0
DPTR FM NORMAL -23 [PRESSURE DATA]
TOTAL FM JAN 1 1139 HIGHEST SLP 30.29 ON 4
DPTR FM NORMAL 407 LOWEST SLP 29.86 ON 8
[REMARKS]
#FINAL-11-22#