000
CXUS56 KSGX 011045
CF6SDM
PRELIMINARY LOCAL CLIMATOLOGICAL DATA (WS FORM: F-6)
STATION: SAN DIEGO/BROWN
MONTH: SEPTEMBER
YEAR: 2023
LATITUDE: 32 34 N
LONGITUDE: 116 59 W
TEMPERATURE IN F: :PCPN: SNOW: WIND :SUNSHINE: SKY :PK WND
================================================================================
1 2 3 4 5 6A 6B 7 8 9 10 11 12 13 14 15 16 17 18
12Z AVG MX 2MIN
DY MAX MIN AVG DEP HDD CDD WTR SNW DPTH SPD SPD DIR MIN PSBL S-S WX SPD DR
================================================================================
1 84 64 74 2 0 9 0.00 M M 3.6 15 250 M M 5 18 19 210
2 81 66 74 2 0 9 T M M 3.9 10 280 M M 7 18 15 290
3 79 63 71 -1 0 6 0.00 M M 6.6 16 270 M M 8 26 220
4 77 61 69 -3 0 4 0.00 M M 4.6 13 270 M M 5 20 270
5 77 63 70 -2 0 5 0.00 M M 4.0 13 270 M M 8 8 18 270
6 79 60 70 -2 0 5 0.00 M M 4.2 14 270 M M 4 18 19 270
7 81 59 70 -2 0 5 0.00 M M 3.7 10 270 M M 0 18 17 310
8 90 62 76 5 0 11 0.00 M M 3.5 13 260 M M 0 18 17 270
9 89 64 77 6 0 12 0.00 M M 4.2 15 270 M M 0 18 19 280
10 89 68 79 8 0 14 0.00 M M 3.8 13 280 M M 0 18 16 280
11 89 68 79 8 0 14 T M M 3.6 16 280 M M 0 18 22 280
12 80 63 72 1 0 7 0.00 M M 4.7 13 260 M M 4 18 17 250
13 77 60 69 -2 0 4 0.00 M M 3.6 13 260 M M 4 18 18 260
14 77 60 69 -2 0 4 0.00 M M 4.9 14 270 M M 5 8 21 270
15 76 65 71 1 0 6 0.00 M M 5.1 13 260 M M 8 8 17 260
16 71 64 68 -2 0 3 0.00 M M 5.5 10 270 M M 10 18 14 240
17 70 64 67 -3 0 2 T M M 3.7 33 90 M M 10 18 35 90
18 76 57 67 -3 0 2 T M M 4.1 15 270 M M 6 18 19 280
19 76 52 64 -6 1 0 0.00 M M 5.8 13 260 M M 2 18 17 270
20 76 60 68 -2 0 3 0.00 M M 4.2 13 260 M M 7 8 18 270
21 75 57 66 -4 0 1 0.00 M M 3.5 15 280 M M 5 18 20 270
22 75 60 68 -1 0 3 T M M 1.9 13 280 M M 4 8 15 280
23 76 61 69 0 0 4 0.00 M M 4.1 15 270 M M 3 18 18 280
24 78 59 69 0 0 4 0.00 M M 3.8 13 270 M M 3 18 18 260
25 77 57 67 -2 0 2 0.00 M M 3.7 14 280 M M 4 18 19 270
26 78 57 68 -1 0 3 0.00 M M 3.5 15 270 M M 4 128 19 280
27 79 52 66 -3 0 1 0.00 M M 3.1 9 280 M M 3 128 13 280
28 76 61 69 1 0 4 0.00 M M 3.5 13 270 M M 6 18 16 280
29 75 61 68 0 0 3 0.00 M M 5.9 15 260 M M 8 8 25 320
30 73 60 67 -1 0 2 0.02 M M 6.8 18 260 M M 9 1 21 270
================================================================================
SM 2356 1828 1 152 0.02 M 127.1 M 142
================================================================================
AV 78.5 60.9 4.2 FASTST M M 5 MAX(MPH)
MISC ----> 33 90 35 90
================================================================================
NOTES:
# LAST OF SEVERAL OCCURRENCES
COLUMN 17 PEAK WIND IN M.P.H.
PRELIMINARY LOCAL CLIMATOLOGICAL DATA (WS FORM: F-6) , PAGE 2
STATION: SAN DIEGO/BROWN
MONTH: SEPTEMBER
YEAR: 2023
LATITUDE: 32 34 N
LONGITUDE: 116 59 W
[TEMPERATURE DATA] [PRECIPITATION DATA] SYMBOLS USED IN COLUMN 16
AVERAGE MONTHLY: 69.7 TOTAL FOR MONTH: 0.02 1 = FOG OR MIST
DPTR FM NORMAL: -0.6 DPTR FM NORMAL: -0.16 2 = FOG REDUCING VISIBILITY
HIGHEST: 90 ON 8 GRTST 24HR 0.02 ON 30-30 TO 1/4 MILE OR LESS
LOWEST: 52 ON 27,19 3 = THUNDER
SNOW, ICE PELLETS, HAIL 4 = ICE PELLETS
TOTAL MONTH: M 5 = HAIL
GRTST 24HR M ON M 6 = FREEZING RAIN OR DRIZZLE
GRTST DEPTH: M ON M 7 = DUSTSTORM OR SANDSTORM:
VSBY 1/2 MILE OR LESS
8 = SMOKE OR HAZE
[NO. OF DAYS WITH] [WEATHER - DAYS WITH] 9 = BLOWING SNOW
X = TORNADO
MAX 32 OR BELOW: 0 0.01 INCH OR MORE: 1
MAX 90 OR ABOVE: 1 0.10 INCH OR MORE: 0
MIN 32 OR BELOW: 0 0.50 INCH OR MORE: 0
MIN 0 OR BELOW: 0 1.00 INCH OR MORE: 0
[HDD (BASE 65) ]
TOTAL THIS MO. 1 CLEAR (SCALE 0-3) 8
DPTR FM NORMAL -5 PTCLDY (SCALE 4-7) 17
TOTAL FM JUL 1 1 CLOUDY (SCALE 8-10) 5
DPTR FM NORMAL -2
[CDD (BASE 65) ]
TOTAL THIS MO. 152
DPTR FM NORMAL -13 [PRESSURE DATA]
TOTAL FM JAN 1 618 HIGHEST SLP 30.08 ON 25
DPTR FM NORMAL -14 LOWEST SLP 29.81 ON 1
[REMARKS]
#FINAL-09-23#