000
CXUS54 KFWD 010831
CF6SEP
PRELIMINARY LOCAL CLIMATOLOGICAL DATA (WS FORM: F-6)
STATION: STEPHENVILLE
MONTH: JANUARY
YEAR: 2023
LATITUDE: 32 13 N
LONGITUDE: 98 11 W
TEMPERATURE IN F: :PCPN: SNOW: WIND :SUNSHINE: SKY :PK WND
================================================================================
1 2 3 4 5 6A 6B 7 8 9 10 11 12 13 14 15 16 17 18
12Z AVG MX 2MIN
DY MAX MIN AVG DEP HDD CDD WTR SNW DPTH SPD SPD DIR MIN PSBL S-S WX SPD DR
================================================================================
1 81 49 65 22 0 0 0.00 M M 6.7 12 210 M M 0 17 230
2 78 56 67 24 0 2 0.00 M M 9.4 18 200 M M 6 26 180
3 67 45 56 13 9 0 0.00 M M 7.3 17 280 M M 2 22 280
4 65 38 52 9 13 0 0.00 M M 5.0 14 280 M M 0 24 270
5 63 32 48 5 17 0 0.00 M M 2.2 7 320 M M 0 M M
6 78 39 59 16 6 0 0.00 M M 7.5 17 180 M M 1 22 180
7 63 45 54 11 11 0 0.00 M M 7.1 14 350 M M 2 18 350
8 64 38 51 8 14 0 0.00 M M 5.0 10 350 M M 0 M M
9 74 35 55 12 10 0 0.00 M M 5.1 10 240 M M 0 18 200
10 83 50 67 24 0 2 0.00 M M 7.8 20 230 M M 0 24 230
11 85 56 71 28 0 6 0.00 M M 9.2 18 300 M M 1 28 300
12 65 38 52 9 13 0 0.00 M M 16.2 23 330 M M 0 35 320
13 60 33 47 4 18 0 0.00 M M 3.0 9 360 M M 0 M M
14 65 34 50 7 15 0 0.00 M M 8.4 16 170 M M 0 24 170
15 68 45 57 13 8 0 0.00 M M 12.2 18 190 M M 0 28 190
16 75 50 63 19 2 0 0.00 M M 6.4 12 250 M M 0 21 260
17 80 50 65 21 0 0 0.00 M M 5.4 12 150 M M 0 23 230
18 70 55 63 19 2 0 0.00 M M 11.7 22 260 M M 5 31 260
19 61 39 50 6 15 0 0.00 M M 6.1 14 320 M M 0 20 270
20 61 38 50 6 15 0 0.00 M M 6.3 13 110 M M 6 21 120
21 68 46 57 13 8 0 0.00 M M 8.8 15 320 M M 4 22 320
22 55 32 44 0 21 0 0.00 M M 7.1 14 330 M M 0 23 330
23 55 27 41 -3 24 0 0.00 M M 6.9 14 110 M M 4 21 110
24 46 35 41 -3 24 0 0.55 M M 10.0 17 320 M M 10 23 330
25 47 32 40 -4 25 0 0.00 M M 10.4 17 340 M M 5 25 310
26 54 32 43 -1 22 0 0.00 M M 5.0 13 330 M M 0 16 310
27 61 28 45 1 20 0 0.00 M M 6.1 13 190 M M 0 22 200
28 68 40 54 10 11 0 0.00 M M 9.8 17 210 M M 6 26 200
29 55 28 42 -3 23 0 0.00 M M 8.6 20 330 M M 7 26 330
30 28 24 26 -19 39 0 0.01 M M 11.9 16 350 M M 10 6 22 350
31 27 24 26 -19 39 0 0.17 M M 10.3 15 350 M M 10 46 22 350
================================================================================
SM 1970 1213 424 10 0.73 M 243.0 M 79
================================================================================
AV 63.5 39.1 7.8 FASTST M M 3 MAX(MPH)
MISC ----> 23 330 35 320
================================================================================
NOTES:
# LAST OF SEVERAL OCCURRENCES
COLUMN 17 PEAK WIND IN M.P.H.
PRELIMINARY LOCAL CLIMATOLOGICAL DATA (WS FORM: F-6) , PAGE 2
STATION: STEPHENVILLE
MONTH: JANUARY
YEAR: 2023
LATITUDE: 32 13 N
LONGITUDE: 98 11 W
[TEMPERATURE DATA] [PRECIPITATION DATA] SYMBOLS USED IN COLUMN 16
AVERAGE MONTHLY: 51.3 TOTAL FOR MONTH: 0.73 1 = FOG OR MIST
DPTR FM NORMAL: 7.6 DPTR FM NORMAL: -0.72 2 = FOG REDUCING VISIBILITY
HIGHEST: 85 ON 11 GRTST 24HR 1.51 ON 24-24 TO 1/4 MILE OR LESS
LOWEST: 24 ON 31,30 3 = THUNDER
SNOW, ICE PELLETS, HAIL 4 = ICE PELLETS
TOTAL MONTH: M 5 = HAIL
GRTST 24HR M ON M 6 = FREEZING RAIN OR DRIZZLE
GRTST DEPTH: M ON M 7 = DUSTSTORM OR SANDSTORM:
VSBY 1/2 MILE OR LESS
8 = SMOKE OR HAZE
[NO. OF DAYS WITH] [WEATHER - DAYS WITH] 9 = BLOWING SNOW
X = TORNADO
MAX 32 OR BELOW: 2 0.01 INCH OR MORE: 3
MAX 90 OR ABOVE: 0 0.10 INCH OR MORE: 2
MIN 32 OR BELOW: 9 0.50 INCH OR MORE: 1
MIN 0 OR BELOW: 0 1.00 INCH OR MORE: 0
[HDD (BASE 65) ]
TOTAL THIS MO. 424 CLEAR (SCALE 0-3) 20
DPTR FM NORMAL -237 PTCLDY (SCALE 4-7) 8
TOTAL FM JUL 1 1343 CLOUDY (SCALE 8-10) 3
DPTR FM NORMAL -404
[CDD (BASE 65) ]
TOTAL THIS MO. 10
DPTR FM NORMAL 9 [PRESSURE DATA]
TOTAL FM JAN 1 10 HIGHEST SLP M ON M
DPTR FM NORMAL 9 LOWEST SLP M ON M
[REMARKS]
#FINAL-01-23#