000
CXUS54 KFWD 010731
CF6SEP
PRELIMINARY LOCAL CLIMATOLOGICAL DATA (WS FORM: F-6)
STATION: STEPHENVILLE
MONTH: OCTOBER
YEAR: 2023
LATITUDE: 32 13 N
LONGITUDE: 98 11 W
TEMPERATURE IN F: :PCPN: SNOW: WIND :SUNSHINE: SKY :PK WND
================================================================================
1 2 3 4 5 6A 6B 7 8 9 10 11 12 13 14 15 16 17 18
12Z AVG MX 2MIN
DY MAX MIN AVG DEP HDD CDD WTR SNW DPTH SPD SPD DIR MIN PSBL S-S WX SPD DR
================================================================================
1 89 64 77 7 0 12 0.00 M M 5.8 12 130 M M 1 20 160
2 89 64 77 8 0 12 0.00 M M 5.8 12 120 M M 0 17 130
3 90 65 78 9 0 13 0.00 M M 7.0 12 140 M M 2 23 120
4 93 68 81 13 0 16 0.67 M M 8.9 30 20 M M 6 41 360
5 80 67 74 6 0 9 0.06 M M 5.7 14 360 M M 7 17 360
6 84 62 73 5 0 8 0.00 M M 5.1 12 30 M M 0 17 30
7 70 52 61 -7 4 0 0.00 M M 7.5 14 20 M M 1 22 10
8 81 48 65 -2 0 0 0.00 M M 3.6 8 180 M M 0 9 190
9 85 56 71 4 0 6 0.00 M M 4.8 10 230 M M 0 16 220
10 81 59 70 3 0 5 0.00 M M 7.1 14 180 M M 2 21 180
11 79 64 72 6 0 7 0.00 M M 10.2 16 150 M M 7 23 150
12 87 67 77 11 0 12 0.00 M M 10.4 16 190 M M 4 23 180
13 76 56 66 0 0 1 0.00 M M 9.6 21 340 M M 1 26 340
14 71 51 61 -4 4 0 0.00 M M 9.9 17 360 M M 0 23 360
15 68 45 57 -8 8 0 0.00 M M 10.0 20 360 M M 0 26 360
16 68 41 55 -10 10 0 0.00 M M 6.2 15 320 M M 0 22 340
17 78 37 58 -7 7 0 0.00 M M 2.8 7 120 M M 0 M M
18 83 47 65 1 0 0 0.00 M M 7.1 15 190 M M 0 24 190
19 85 56 71 7 0 6 0.00 M M 5.7 16 330 M M 0 22 350
20 92 55 74 10 0 9 0.00 M M 2.7 12 330 M M 0 17 330
21 92 52 72 9 0 7 0.00 M M 2.4 7 170 M M 0 M M
22 82 64 73 10 0 8 0.00 M M 4.5 10 140 M M 0 17 160
23 78 66 72 9 0 7 0.86 M M 9.0 18 130 M M 6 23 130
24 73 68 71 9 0 6 0.80 M M 11.5 18 150 M M 10 24 150
25 76 67 72 10 0 7 3.61 M M 8.1 17 140 M M 9 23 140
26 84 64 74 12 0 9 0.16 M M 6.2 10 200 M M 4 20 160
27 85 61 73 11 0 8 0.21 M M 8.7 14 310 M M 7 18 310
28 62 56 59 -2 6 0 1.66 M M 5.6 12 360 M M 10 17 360
29 56 37 47 -14 18 0 0.19 M M 16.4 24 350 M M 10 32 350
30 47 34 41 -19 24 0 0.30 M M 13.4 22 360 M M 5 29 350
31 59 34 47 -13 18 0 0.00 M M 7.3 10 350 M M 1 16 350
================================================================================
SM 2423 1727 99 168 8.52 M 229.1 M 93
================================================================================
AV 78.2 55.7 7.4 FASTST M M 3 MAX(MPH)
MISC ----> 30 20 41 360
================================================================================
NOTES:
# LAST OF SEVERAL OCCURRENCES
COLUMN 17 PEAK WIND IN M.P.H.
PRELIMINARY LOCAL CLIMATOLOGICAL DATA (WS FORM: F-6) , PAGE 2
STATION: STEPHENVILLE
MONTH: OCTOBER
YEAR: 2023
LATITUDE: 32 13 N
LONGITUDE: 98 11 W
[TEMPERATURE DATA] [PRECIPITATION DATA] SYMBOLS USED IN COLUMN 16
AVERAGE MONTHLY: 66.9 TOTAL FOR MONTH: 8.52 1 = FOG OR MIST
DPTR FM NORMAL: 2.0 DPTR FM NORMAL: 5.41 2 = FOG REDUCING VISIBILITY
HIGHEST: 93 ON 4 GRTST 24HR 3.61 ON 25-25 TO 1/4 MILE OR LESS
LOWEST: 34 ON 31,30 3 = THUNDER
SNOW, ICE PELLETS, HAIL 4 = ICE PELLETS
TOTAL MONTH: M 5 = HAIL
GRTST 24HR M ON M 6 = FREEZING RAIN OR DRIZZLE
GRTST DEPTH: M ON M 7 = DUSTSTORM OR SANDSTORM:
VSBY 1/2 MILE OR LESS
8 = SMOKE OR HAZE
[NO. OF DAYS WITH] [WEATHER - DAYS WITH] 9 = BLOWING SNOW
X = TORNADO
MAX 32 OR BELOW: 0 0.01 INCH OR MORE: 10
MAX 90 OR ABOVE: 4 0.10 INCH OR MORE: 9
MIN 32 OR BELOW: 0 0.50 INCH OR MORE: 5
MIN 0 OR BELOW: 0 1.00 INCH OR MORE: 2
[HDD (BASE 65) ]
TOTAL THIS MO. 99 CLEAR (SCALE 0-3) 19
DPTR FM NORMAL -4 PTCLDY (SCALE 4-7) 8
TOTAL FM JUL 1 99 CLOUDY (SCALE 8-10) 4
DPTR FM NORMAL -18
[CDD (BASE 65) ]
TOTAL THIS MO. 168
DPTR FM NORMAL 69 [PRESSURE DATA]
TOTAL FM JAN 1 3113 HIGHEST SLP M ON M
DPTR FM NORMAL 888 LOWEST SLP M ON M
[REMARKS]
#FINAL-10-23#