000
CXUS53 KLSX 011400
CF6SET
PRELIMINARY LOCAL CLIMATOLOGICAL DATA (WS FORM: F-6)
STATION: ST_CHARLES MO
MONTH: MARCH
YEAR: 2020
LATITUDE: 38 55 N
LONGITUDE: 90 26 W
TEMPERATURE IN F: :PCPN: SNOW: WIND :SUNSHINE: SKY :PK WND
================================================================================
1 2 3 4 5 6A 6B 7 8 9 10 11 12 13 14 15 16 17 18
12Z AVG MX 2MIN
DY MAX MIN AVG DEP HDD CDD WTR SNW DPTH SPD SPD DIR MIN PSBL S-S WX SPD DR
================================================================================
1 69 33 51 12 14 0 M 0.0 0 10.3 21 210 M M 3 27 220
2 57 42 50 10 15 0 M 0.0 0 5.6 16 10 M M 8 1 21 350
3 62 36 49 9 16 0 0.00 0.0 0 8.9 26 260 M M 2 38 270
4 57 33 45 5 20 0 0.00 0.0 0 5.7 22 340 M M 0 27 350
5 62 31 47 6 18 0 0.00 0.0 0 14.4 32 310 M M 1 43 270
6 52 31 42 1 23 0 0.00 0.0 0 11.5 30 310 M M 4 44 330
7 60 28 44 2 21 0 0.00 0.0 0 9.8 18 140 M M 0 27 150
8 74 32 53 11 12 0 0.00 0.0 0 12.7 22 180 M M 1 30 190
9 61 52 57 15 8 0 0.37 0.0 0 13.1 24 290 M M 9 1 32 180
10 55 39 47 4 18 0 0.02 0.0 0 9.2 24 300 M M 10 18 31 300
11 61 41 51 8 14 0 0.00 0.0 0 5.6 13 110 M M 6 18 15 100
12 58 41 50 6 15 0 0.20 0.0 0 9.4 32 110 M M 8 123 41 120
13 50 38 44 0 21 0 0.00 0.0 0 6.6 18 320 M M 2 26 350
14 45 37 41 -3 24 0 0.30 M 0 12.5 23 80 M M 10 18 29 80
15 43 34 39 -6 26 0 0.00 0.0 0 8.5 17 40 M M 10 22 40
16 45 36 41 -4 24 0 0.05 0.0 0 3.0 9 210 M M 9 18 12 190
17 52 41 47 2 18 0 0.00 0.0 0 5.3 12 40 M M 7 16 40
18 60 43 52 6 13 0 0.43 0.0 0 6.3 14 110 M M 7 13 17 110
19 69 53 61 15 4 0 0.81 0.0 0 11.3 24 230 M M 7 123 34 230
20 66 36 51 5 14 0 0.00 0.0 0 13.5 24 320 M M 7 33 320
21 45 34 40 -7 25 0 0.00 0.0 0 9.7 17 90 M M 7 21 90
22 40 33 37 -10 28 0 0.21 M 0 7.8 16 80 M M 8 18 19 60
23 44 37 41 -7 24 0 0.00 0.0 0 3.7 9 50 M M 10 18 12 40
24 47 39 43 -5 22 0 0.15 0.0 0 8.7 18 100 M M 10 1 22 100
25 64 44 54 6 11 0 0.00 M M 6.9 17 160 M M 5 18 23 150
26 75 45 60 11 5 0 0.05 0.0 0 7.7 15 10 M M 2 1 19 360
27 75 54 65 16 0 0 0.19 M 0 7.1 16 140 M M 6 13 18 40
28 73 63 68 19 0 3 0.03 0.0 0 13.1 29 240 M M 4 1 38 240
29 66 50 58 8 7 0 0.00 0.0 0 20.2 39 250 M M 3 53 250
30 67 39 53 3 12 0 0.00 0.0 0 3.6 10 330 M M 0 8 16 280
31 63 41 52 2 13 0 0.00 0.0 0 7.4 17 40 M M 2 22 40
================================================================================
SM 1817 1236 485 3 2.81 0.0 279.1 M 168
================================================================================
AV 58.6 39.9 9.0 FASTST M M 5 MAX(MPH)
MISC ----> 39 250 53 250
================================================================================
NOTES:
# LAST OF SEVERAL OCCURRENCES
COLUMN 17 PEAK WIND IN M.P.H.
PRELIMINARY LOCAL CLIMATOLOGICAL DATA (WS FORM: F-6) , PAGE 2
STATION: ST_CHARLES MO
MONTH: MARCH
YEAR: 2020
LATITUDE: 38 55 N
LONGITUDE: 90 26 W
[TEMPERATURE DATA] [PRECIPITATION DATA] SYMBOLS USED IN COLUMN 16
AVERAGE MONTHLY: 49.2 TOTAL FOR MONTH: 2.81 1 = FOG OR MIST
DPTR FM NORMAL: 4.2 DPTR FM NORMAL: -0.40 2 = FOG REDUCING VISIBILITY
HIGHEST: 75 ON 27,26 GRTST 24HR 0.81 ON 19-19 TO 1/4 MILE OR LESS
LOWEST: 28 ON 7 3 = THUNDER
SNOW, ICE PELLETS, HAIL 4 = ICE PELLETS
TOTAL MONTH: 0.0 INCH 5 = HAIL
GRTST 24HR 0.0 6 = FREEZING RAIN OR DRIZZLE
GRTST DEPTH: 0 7 = DUSTSTORM OR SANDSTORM:
VSBY 1/2 MILE OR LESS
8 = SMOKE OR HAZE
[NO. OF DAYS WITH] [WEATHER - DAYS WITH] 9 = BLOWING SNOW
X = TORNADO
MAX 32 OR BELOW: 0 0.01 INCH OR MORE: 12
MAX 90 OR ABOVE: 0 0.10 INCH OR MORE: 8
MIN 32 OR BELOW: 4 0.50 INCH OR MORE: 1
MIN 0 OR BELOW: 0 1.00 INCH OR MORE: 0
[HDD (BASE 65) ]
TOTAL THIS MO. 485 CLEAR (SCALE 0-3) 10
DPTR FM NORMAL -139 PTCLDY (SCALE 4-7) 13
TOTAL FM JUL 1 1785 CLOUDY (SCALE 8-10) 8
DPTR FM NORMAL -2682
[CDD (BASE 65) ]
TOTAL THIS MO. 3
DPTR FM NORMAL 1 [PRESSURE DATA]
TOTAL FM JAN 1 3 HIGHEST SLP 30.62 ON 15
DPTR FM NORMAL 1 LOWEST SLP 29.51 ON 28
[REMARKS]
#FINAL-03-20#