000
CXUS55 KSEW 010930
CF6SEW
PRELIMINARY LOCAL CLIMATOLOGICAL DATA (WS FORM: F-6)
STATION: SEATTLE WA WFO
MONTH: JUNE
YEAR: 2023
LATITUDE: 47 41 N
LONGITUDE: 122 15 W
TEMPERATURE IN F: :PCPN: SNOW: WIND :SUNSHINE: SKY :PK WND
================================================================================
1 2 3 4 5 6A 6B 7 8 9 10 11 12 13 14 15 16 17 18
12Z AVG MX 2MIN
DY MAX MIN AVG DEP HDD CDD WTR SNW DPTH SPD SPD DIR MIN PSBL S-S WX SPD DR
================================================================================
1 69 49 59 -1 6 0 0.00 0.0 0 M M M M M M M M
2 73 46 60 0 5 0 0.00 0.0 0 M M M M M M M M
3 73 47 60 0 5 0 0.00 0.0 0 M M M M M M M M
4 69 51 60 0 5 0 0.00 0.0 0 M M M M M M M M
5 70 45 58 -2 7 0 0.00 0.0 0 M M M M M M M M
6 78 47 63 3 2 0 0.00 0.0 0 M M M M M M M M
7 85 55 70 10 0 5 0.00 0.0 0 M M M M M M M M
8 74 55 65 5 0 0 0.00 0.0 0 M M M M M M M M
9 61 54 58 -2 7 0 0.22 0.0 0 M M M M M M M M
10 61 53 57 -4 8 0 0.14 0.0 0 M M M M M M 1 M M
11 72 53 63 2 2 0 0.00 0.0 0 M M M M M M M M
12 84 55 70 9 0 5 0.00 0.0 0 M M M M M M M M
13 65 54 60 -1 5 0 T 0.0 0 M M M M M M M M
14 68 52 60 -1 5 0 0.00 0.0 0 M M M M M M M M
15 73 50 62 1 3 0 0.00 0.0 0 M M M M M M M M
16 72 52 62 1 3 0 0.25 0.0 0 M M M M M M 1 M M
17 57 52 55 -7 10 0 0.08 0.0 0 M M M M M M 1 M M
18 59 49 54 -8 11 0 0.27 0.0 0 M M M M M M M M
19 62 48 55 -7 10 0 0.20 0.0 0 M M M M M M M M
20 61 52 57 -5 8 0 0.17 0.0 0 M M M M M M M M
21 73 52 63 1 2 0 0.00 0.0 0 M M M M M M M M
22 75 53 64 2 1 0 0.00 0.0 0 M M M M M M M M
23 80 55 68 6 0 3 0.00 0.0 0 M M M M M M M M
24 71 53 62 -1 3 0 0.00 0.0 0 M M M M M M M M
25 78 53 66 3 0 1 0.00 0.0 0 M M M M M M M M
26 76 54 65 2 0 0 0.00 0.0 0 M M M M M M M M
27 74 55 65 2 0 0 0.00 0.0 0 M M M M M M M M
28 80 56 68 5 0 3 0.00 0.0 0 M M M M M M M M
29 80 57 69 5 0 4 0.00 0.0 0 M M M M M M M M
30 77 59 68 4 0 3 0.00 0.0 0 M M M M M M M M
================================================================================
SM 2150 1566 108 24 1.33 0.0 M M M
================================================================================
AV 71.7 52.2 M FASTST M M M MAX(MPH)
MISC ----> M M M M
================================================================================
NOTES:
# LAST OF SEVERAL OCCURRENCES
COLUMN 17 PEAK WIND IN M.P.H.
PRELIMINARY LOCAL CLIMATOLOGICAL DATA (WS FORM: F-6) , PAGE 2
STATION: SEATTLE WA WFO
MONTH: JUNE
YEAR: 2023
LATITUDE: 47 41 N
LONGITUDE: 122 15 W
[TEMPERATURE DATA] [PRECIPITATION DATA] SYMBOLS USED IN COLUMN 16
AVERAGE MONTHLY: 61.9 TOTAL FOR MONTH: 1.33 1 = FOG OR MIST
DPTR FM NORMAL: 0.5 DPTR FM NORMAL: -0.24 2 = FOG REDUCING VISIBILITY
HIGHEST: 85 ON 7 GRTST 24HR 0.27 ON 18-18 TO 1/4 MILE OR LESS
LOWEST: 45 ON 5 3 = THUNDER
SNOW, ICE PELLETS, HAIL 4 = ICE PELLETS
TOTAL MONTH: 0.0 INCH 5 = HAIL
GRTST 24HR 0.0 6 = FREEZING RAIN OR DRIZZLE
GRTST DEPTH: 0 7 = DUSTSTORM OR SANDSTORM:
VSBY 1/2 MILE OR LESS
8 = SMOKE OR HAZE
[NO. OF DAYS WITH] [WEATHER - DAYS WITH] 9 = BLOWING SNOW
X = TORNADO
MAX 32 OR BELOW: 0 0.01 INCH OR MORE: 7
MAX 90 OR ABOVE: 0 0.10 INCH OR MORE: 6
MIN 32 OR BELOW: 0 0.50 INCH OR MORE: 0
MIN 0 OR BELOW: 0 1.00 INCH OR MORE: 0
[HDD (BASE 65) ]
TOTAL THIS MO. 108 CLEAR (SCALE 0-3) 0
DPTR FM NORMAL -16 PTCLDY (SCALE 4-7) 0
TOTAL FM JUL 1 4346 CLOUDY (SCALE 8-10) 30
DPTR FM NORMAL -138
[CDD (BASE 65) ]
TOTAL THIS MO. 24
DPTR FM NORMAL 6 [PRESSURE DATA]
TOTAL FM JAN 1 45 HIGHEST SLP M ON M
DPTR FM NORMAL 23 LOWEST SLP M ON M
[REMARKS]
#FINAL-06-23#