000
CXUS53 KSGF 010710
CF6SGF
PRELIMINARY LOCAL CLIMATOLOGICAL DATA (WS FORM: F-6)
STATION: SPRINGFIELD MO
MONTH: OCTOBER
YEAR: 2021
LATITUDE: 37 13 N
LONGITUDE: 93 23 W
TEMPERATURE IN F: :PCPN: SNOW: WIND :SUNSHINE: SKY :PK WND
================================================================================
1 2 3 4 5 6A 6B 7 8 9 10 11 12 13 14 15 16 17 18
12Z AVG MX 2MIN
DY MAX MIN AVG DEP HDD CDD WTR SNW DPTH SPD SPD DIR MIN PSBL S-S WX SPD DR
================================================================================
1 79 67 73 9 0 8 0.50 0.0 0 7.4 15 180 M M 8 1 22 160
2 75 64 70 6 0 5 0.84 0.0 0 5.8 17 270 M M 6 13 23 290
3 73 60 67 3 0 2 0.00 0.0 0 5.4 13 280 M M 7 19 310
4 77 53 65 2 0 0 0.00 0.0 0 3.8 16 320 M M 1 18 20 320
5 77 50 64 1 1 0 T 0.0 0 5.3 16 50 M M 2 1 20 50
6 64 59 62 0 3 0 0.24 0.0 0 5.9 14 320 M M 9 17 310
7 75 59 67 5 0 2 0.02 0.0 0 3.2 8 340 M M 6 13 330
8 86 59 73 11 0 8 0.00 0.0 0 10.5 22 180 M M 2 28 180
9 88 67 78 17 0 13 0.00 0.0 0 15.1 26 210 M M 0 35 200
10 84 62 73 12 0 8 0.00 0.0 0 13.2 24 180 M M 1 3 32 180
11 70 48 59 -2 6 0 0.16 0.0 0 15.5 36 210 M M 7 138 52 200
12 77 47 62 2 3 0 0.00 0.0 0 9.3 22 140 M M 0 30 150
13 72 66 69 9 0 4 0.66 0.0 0 13.2 24 150 M M 7 13 34 140
14 69 63 66 7 0 1 0.23 0.0 0 6.8 14 130 M M 10 1 16 150
15 65 48 57 -2 8 0 0.02 0.0 0 8.7 23 350 M M 6 12 32 340
16 64 42 53 -6 12 0 0.00 0.0 0 6.6 21 330 M M 0 8 28 310
17 72 39 56 -2 9 0 0.00 0.0 0 5.3 13 220 M M 0 19 210
18 72 46 59 1 6 0 0.00 0.0 0 7.7 15 140 M M 0 25 190
19 73 50 62 5 3 0 0.00 0.0 0 12.9 20 160 M M 0 26 150
20 71 54 63 6 2 0 T 0.0 0 10.5 21 190 M M 5 1 26 190
21 61 42 52 -5 13 0 0.00 0.0 0 6.7 16 310 M M 0 24 310
22 71 38 55 -1 10 0 T 0.0 0 4.6 13 170 M M 1 8 19 170
23 66 56 61 5 4 0 2.68 0.0 0 11.3 22 160 M M 7 13 29 170
24 79 53 66 10 0 1 0.17 0.0 0 14.7 29 190 M M 2 13 40 200
25 59 46 53 -2 12 0 0.00 0.0 0 9.4 16 330 M M 5 22 340
26 64 43 54 -1 11 0 0.00 0.0 0 15.7 29 140 M M 4 43 150
27 59 51 55 1 10 0 0.58 0.0 0 14.8 28 150 M M 6 1 40 150
28 52 44 48 -6 17 0 0.54 0.0 0 16.3 29 320 M M 10 1 39 340
29 49 45 47 -7 18 0 0.10 0.0 0 18.1 26 340 M M 10 1 37 330
30 61 41 51 -2 14 0 0.00 0.0 0 5.9 13 280 M M 5 1 19 310
31 58 39 49 -4 16 0 0.00 0.0 0 7.6 16 360 M M 2 22 340
================================================================================
SM 2162 1601 178 52 6.74 0.0 297.2 M 129
================================================================================
AV 69.7 51.6 9.6 FASTST M M 4 MAX(MPH)
MISC ----> 36 210 52 200
================================================================================
NOTES:
# LAST OF SEVERAL OCCURRENCES
COLUMN 17 PEAK WIND IN M.P.H.
PRELIMINARY LOCAL CLIMATOLOGICAL DATA (WS FORM: F-6) , PAGE 2
STATION: SPRINGFIELD MO
MONTH: OCTOBER
YEAR: 2021
LATITUDE: 37 13 N
LONGITUDE: 93 23 W
[TEMPERATURE DATA] [PRECIPITATION DATA] SYMBOLS USED IN COLUMN 16
AVERAGE MONTHLY: 60.7 TOTAL FOR MONTH: 6.74 1 = FOG OR MIST
DPTR FM NORMAL: 2.1 DPTR FM NORMAL: 3.14 2 = FOG REDUCING VISIBILITY
HIGHEST: 88 ON 9 GRTST 24HR 2.68 ON 23-23 TO 1/4 MILE OR LESS
LOWEST: 38 ON 22 3 = THUNDER
SNOW, ICE PELLETS, HAIL 4 = ICE PELLETS
TOTAL MONTH: 0.0 INCH 5 = HAIL
GRTST 24HR 0.0 6 = FREEZING RAIN OR DRIZZLE
GRTST DEPTH: 0 7 = DUSTSTORM OR SANDSTORM:
VSBY 1/2 MILE OR LESS
8 = SMOKE OR HAZE
[NO. OF DAYS WITH] [WEATHER - DAYS WITH] 9 = BLOWING SNOW
X = TORNADO
MAX 32 OR BELOW: 0 0.01 INCH OR MORE: 13
MAX 90 OR ABOVE: 0 0.10 INCH OR MORE: 11
MIN 32 OR BELOW: 0 0.50 INCH OR MORE: 6
MIN 0 OR BELOW: 0 1.00 INCH OR MORE: 1
[HDD (BASE 65) ]
TOTAL THIS MO. 178 CLEAR (SCALE 0-3) 14
DPTR FM NORMAL -60 PTCLDY (SCALE 4-7) 13
TOTAL FM JUL 1 194 CLOUDY (SCALE 8-10) 4
DPTR FM NORMAL -84
[CDD (BASE 65) ]
TOTAL THIS MO. 52
DPTR FM NORMAL 12 [PRESSURE DATA]
TOTAL FM JAN 1 1580 HIGHEST SLP M ON M
DPTR FM NORMAL 43 LOWEST SLP 29.30 ON 28
[REMARKS]
#FINAL-10-21#