000
CXUS53 KSGF 010800
CF6SGF
PRELIMINARY LOCAL CLIMATOLOGICAL DATA (WS FORM: F-6)
STATION: SPRINGFIELD MO
MONTH: MAY
YEAR: 2020
LATITUDE: 37 13 N
LONGITUDE: 93 23 W
TEMPERATURE IN F: :PCPN: SNOW: WIND :SUNSHINE: SKY :PK WND
================================================================================
1 2 3 4 5 6A 6B 7 8 9 10 11 12 13 14 15 16 17 18
12Z AVG MX 2MIN
DY MAX MIN AVG DEP HDD CDD WTR SNW DPTH SPD SPD DIR MIN PSBL S-S WX SPD DR
================================================================================
1 80 47 64 4 1 0 0.00 0.0 0 11.3 23 170 M M 0 28 150
2 86 60 73 12 0 8 0.00 0.0 0 9.0 17 190 M M 2 22 210
3 72 56 64 3 1 0 0.54 0.0 0 6.2 28 290 M M 8 13 44 280
4 65 57 61 0 4 0 T 0.0 0 12.3 26 130 M M 9 13 36 130
5 69 49 59 -3 6 0 0.00 0.0 0 14.6 25 330 M M 3 34 310
6 63 44 54 -8 11 0 0.00 0.0 0 8.7 20 330 M M 4 27 350
7 66 40 53 -9 12 0 0.55 0.0 0 6.7 25 170 M M 4 1 33 180
8 61 39 50 -13 15 0 0.42 0.0 0 13.0 31 360 M M 4 13 41 360
9 64 35 50 -13 15 0 0.00 0.0 0 2.4 9 190 M M 1 12 180
10 60 43 52 -11 13 0 0.00 0.0 0 9.2 20 330 M M 2 35 340
11 50 36 43 -20 22 0 0.69 0.0 0 3.7 9 130 M M 6 1 14 360
12 49 42 46 -18 19 0 1.02 0.0 0 8.6 17 130 M M 10 1 24 120
13 67 49 58 -6 7 0 0.05 0.0 0 12.2 24 170 M M 7 1 36 180
14 78 62 70 6 0 5 0.19 0.0 0 12.8 26 200 M M 3 3 34 200
15 67 60 64 -1 1 0 1.14 0.0 0 10.2 24 150 M M 4 13 29 150
16 75 61 68 3 0 3 T 0.0 0 9.2 16 140 M M 5 1 21 150
17 71 56 64 -1 1 0 0.07 0.0 0 9.9 24 340 M M 6 12 29 340
18 61 51 56 -9 9 0 0.00 0.0 0 8.1 16 330 M M 8 25 290
19 67 54 61 -5 4 0 T 0.0 0 7.5 13 20 M M 8 20 10
20 71 57 64 -2 1 0 0.00 0.0 0 6.3 12 50 M M 10 16 30
21 75 56 66 0 0 1 0.01 0.0 0 8.4 22 150 M M 5 32 150
22 75 61 68 2 0 3 4.29 0.0 0 11.9 21 180 M M 7 13 28 140
23 83 63 73 6 0 8 0.00 0.0 0 9.5 21 180 M M 1 27 170
24 87 66 77 10 0 12 0.19 0.0 0 10.6 28 140 M M 1 13 37 130
25 77 66 72 5 0 7 0.50 0.0 0 9.1 32 180 M M 2 13 45 200
26 75 65 70 2 0 5 0.11 0.0 0 11.6 25 160 M M 8 13 36 140
27 72 57 65 -3 0 0 1.10 0.0 0 3.9 18 250 M M 8 123 24 250
28 74 56 65 -3 0 0 T 0.0 0 6.2 18 320 M M 8 12 28 10
29 76 56 66 -3 0 1 0.00 0.0 0 7.1 17 330 M M 3 1 23 330
30 78 51 65 -4 0 0 0.00 0.0 0 4.3 13 40 M M 0 16 40
31 80 59 70 1 0 5 0.00 0.0 0 5.6 14 150 M M 2 19 160
================================================================================
SM 2194 1654 142 58 10.87 0.0 270.1 M 149
================================================================================
AV 70.8 53.4 8.7 FASTST M M 5 MAX(MPH)
MISC ----> # 32 180 # 45 200
================================================================================
NOTES:
# LAST OF SEVERAL OCCURRENCES
COLUMN 17 PEAK WIND IN M.P.H.
PRELIMINARY LOCAL CLIMATOLOGICAL DATA (WS FORM: F-6) , PAGE 2
STATION: SPRINGFIELD MO
MONTH: MAY
YEAR: 2020
LATITUDE: 37 13 N
LONGITUDE: 93 23 W
[TEMPERATURE DATA] [PRECIPITATION DATA] SYMBOLS USED IN COLUMN 16
AVERAGE MONTHLY: 62.1 TOTAL FOR MONTH: 10.87 1 = FOG OR MIST
DPTR FM NORMAL: -2.7 DPTR FM NORMAL: 5.77 2 = FOG REDUCING VISIBILITY
HIGHEST: 87 ON 24 GRTST 24HR 4.29 ON 22-22 TO 1/4 MILE OR LESS
LOWEST: 35 ON 9 3 = THUNDER
SNOW, ICE PELLETS, HAIL 4 = ICE PELLETS
TOTAL MONTH: 0.0 INCH 5 = HAIL
GRTST 24HR 0.0 6 = FREEZING RAIN OR DRIZZLE
GRTST DEPTH: 0 7 = DUSTSTORM OR SANDSTORM:
VSBY 1/2 MILE OR LESS
8 = SMOKE OR HAZE
[NO. OF DAYS WITH] [WEATHER - DAYS WITH] 9 = BLOWING SNOW
X = TORNADO
MAX 32 OR BELOW: 0 0.01 INCH OR MORE: 15
MAX 90 OR ABOVE: 0 0.10 INCH OR MORE: 12
MIN 32 OR BELOW: 0 0.50 INCH OR MORE: 8
MIN 0 OR BELOW: 0 1.00 INCH OR MORE: 4
[HDD (BASE 65) ]
TOTAL THIS MO. 142 CLEAR (SCALE 0-3) 11
DPTR FM NORMAL 47 PTCLDY (SCALE 4-7) 15
TOTAL FM JUL 1 4303 CLOUDY (SCALE 8-10) 5
DPTR FM NORMAL -266
[CDD (BASE 65) ]
TOTAL THIS MO. 58
DPTR FM NORMAL -32 [PRESSURE DATA]
TOTAL FM JAN 1 81 HIGHEST SLP M ON M
DPTR FM NORMAL -34 LOWEST SLP 29.70 ON 26
[REMARKS]
#FINAL-05-20#