000
CXUS54 KHGX 011510
CF6SGR
PRELIMINARY LOCAL CLIMATOLOGICAL DATA (WS FORM: F-6)
STATION: SUGAR LAND/HULL FLD
MONTH: JANUARY
YEAR: 2024
LATITUDE: 29 37 N
LONGITUDE: 95 39 W
TEMPERATURE IN F: :PCPN: SNOW: WIND :SUNSHINE: SKY :PK WND
================================================================================
1 2 3 4 5 6A 6B 7 8 9 10 11 12 13 14 15 16 17 18
12Z AVG MX 2MIN
DY MAX MIN AVG DEP HDD CDD WTR SNW DPTH SPD SPD DIR MIN PSBL S-S WX SPD DR
================================================================================
1 64 50 57 3 8 0 0.10 0.0 0 7.4 15 30 M M 7 12 19 10
2 57 44 51 -3 14 0 0.82 0.0 0 11.0 25 10 M M 7 1 37 10
3 61 45 53 -1 12 0 0.14 0.0 0 8.5 23 60 M M 7 1 33 60
4 63 37 50 -4 15 0 T 0.0 0 8.8 18 100 M M 4 12 26 80
5 64 42 53 -1 12 0 1.00 0.0 0 8.6 22 360 M M 6 1 29 350
6 64 39 52 -2 13 0 0.00 0.0 0 3.4 10 330 M M 1 1 14 330
7 64 37 51 -3 14 0 0.00 0.0 0 6.8 18 140 M M 2 1 26 130
8 78 50 64 10 1 0 0.70 0.0 0 13.9 39 340 M M 8 13 53 320
9 58 34 46 -8 19 0 T 0.0 0 12.3 25 310 M M 2 40 320
10 70 33 52 -2 13 0 0.00 0.0 0 7.6 24 210 M M 0 35 210
11 79 51 65 11 0 0 0.00 0.0 0 11.7 24 180 M M 8 12 37 190
12 72 36 54 0 11 0 T 0.0 0 14.7 36 320 M M 3 57 320
13 66 31 49 -5 16 0 0.00 0.0 0 6.5 17 170 M M 0 22 170
14 52 31 42 -12 23 0 0.00 0.0 0 11.1 20 360 M M 4 24 10
15 31 25 28 -26 37 0 T T 0 14.5 23 10 M M 10 1 32 350
16 35 19 27 -27 38 0 0.00 0.0 0 13.9 29 360 M M 2 42 360
17 49 18 34 -21 31 0 0.00 0.0 0 5.8 15 130 M M 5 1 20 150
18 65 43 54 -1 11 0 0.00 0.0 0 4.8 16 230 M M 8 12 21 250
19 56 38 47 -8 18 0 0.00 0.0 0 13.5 24 30 M M 1 12 33 40
20 49 31 40 -15 25 0 0.00 0.0 0 9.5 17 20 M M 3 23 50
21 45 38 42 -13 23 0 0.00 0.0 0 14.0 21 80 M M 10 27 80
22 66 45 56 1 9 0 1.93 0.0 0 9.4 23 200 M M 10 13 32 200
23 72 63 68 13 0 3 0.70 0.0 0 7.6 16 160 M M 10 13 24 150
24 66 62 64 9 1 0 1.68 0.0 0 7.7 21 100 M M 10 13 31 110
25 69 52 61 6 4 0 0.48 0.0 0 6.8 21 350 M M 3 13 29 350
26 66 51 59 4 6 0 0.90 0.0 0 7.1 15 90 M M 9 13 21 120
27 61 43 52 -4 13 0 0.00 0.0 0 10.2 24 350 M M 7 1 35 320
28 65 42 54 -2 11 0 0.00 0.0 0 7.3 17 350 M M 0 22 350
29 69 35 52 -4 13 0 0.00 0.0 0 2.7 9 190 M M 0 1 13 190
30 72 42 57 1 8 0 0.00 0.0 0 4.8 12 230 M M 0 18 220
31 76 43 60 4 5 0 0.00 0.0 0 3.3 9 180 M M 0 1 14 310
================================================================================
SM 1924 1250 424 3 8.45 T 275.2 M 147
================================================================================
AV 62.1 40.3 8.9 FASTST M M 5 MAX(MPH)
MISC ----> 39 340 57 320
================================================================================
NOTES:
# LAST OF SEVERAL OCCURRENCES
COLUMN 17 PEAK WIND IN M.P.H.
PRELIMINARY LOCAL CLIMATOLOGICAL DATA (WS FORM: F-6) , PAGE 2
STATION: SUGAR LAND/HULL FLD
MONTH: JANUARY
YEAR: 2024
LATITUDE: 29 37 N
LONGITUDE: 95 39 W
[TEMPERATURE DATA] [PRECIPITATION DATA] SYMBOLS USED IN COLUMN 16
AVERAGE MONTHLY: 51.2 TOTAL FOR MONTH: 8.45 1 = FOG OR MIST
DPTR FM NORMAL: -3.6 DPTR FM NORMAL: 4.82 2 = FOG REDUCING VISIBILITY
HIGHEST: 79 ON 11 GRTST 24HR 1.93 ON 22-22 TO 1/4 MILE OR LESS
LOWEST: 18 ON 17 3 = THUNDER
SNOW, ICE PELLETS, HAIL 4 = ICE PELLETS
TOTAL MONTH: T 5 = HAIL
GRTST 24HR T ON 15-15 6 = FREEZING RAIN OR DRIZZLE
GRTST DEPTH: 0 7 = DUSTSTORM OR SANDSTORM:
VSBY 1/2 MILE OR LESS
8 = SMOKE OR HAZE
[NO. OF DAYS WITH] [WEATHER - DAYS WITH] 9 = BLOWING SNOW
X = TORNADO
MAX 32 OR BELOW: 1 0.01 INCH OR MORE: 10
MAX 90 OR ABOVE: 0 0.10 INCH OR MORE: 10
MIN 32 OR BELOW: 6 0.50 INCH OR MORE: 7
MIN 0 OR BELOW: 0 1.00 INCH OR MORE: 3
[HDD (BASE 65) ]
TOTAL THIS MO. 424 CLEAR (SCALE 0-3) 14
DPTR FM NORMAL 86 PTCLDY (SCALE 4-7) 10
TOTAL FM JUL 1 840 CLOUDY (SCALE 8-10) 7
DPTR FM NORMAL 39
[CDD (BASE 65) ]
TOTAL THIS MO. 3
DPTR FM NORMAL -19 [PRESSURE DATA]
TOTAL FM JAN 1 3 HIGHEST SLP 30.57 ON 20
DPTR FM NORMAL -19 LOWEST SLP 29.46 ON 8
[REMARKS]
#FINAL-01-24#