000
CXUS55 KBYZ 011000
CF6SHR
PRELIMINARY LOCAL CLIMATOLOGICAL DATA (WS FORM: F-6)
STATION: SHERIDAN WY
MONTH: MARCH
YEAR: 2022
LATITUDE: 44 46 N
LONGITUDE: 106 58 W
TEMPERATURE IN F: :PCPN: SNOW: WIND :SUNSHINE: SKY :PK WND
================================================================================
1 2 3 4 5 6A 6B 7 8 9 10 11 12 13 14 15 16 17 18
12Z AVG MX 2MIN
DY MAX MIN AVG DEP HDD CDD WTR SNW DPTH SPD SPD DIR MIN PSBL S-S WX SPD DR
================================================================================
1 65 34 50 20 15 0 0.00 M M 3.7 10 220 M M 3 11 340
2 62 30 46 16 19 0 0.00 M M 4.9 12 20 M M 2 13 350
3 51 32 42 11 23 0 0.00 M M 2.7 8 340 M M 4 12 10 290
4 40 26 33 2 32 0 0.35 M M 10.6 26 290 M M 9 12 30 290
5 26 10 18 -14 47 0 0.04 M M 10.3 17 300 M M 8 1 20 300
6 25 6 16 -16 49 0 0.01 M M 7.7 18 320 M M 6 8 22 310
7 37 3 20 -12 45 0 0.00 M M 5.3 13 140 M M 0 26 320
8 30 11 21 -12 44 0 0.07 M M 15.6 24 310 M M 10 18 28 330
9 15 -10 3 -30 62 0 0.03 M M 8.1 16 310 M M 5 18 33 320
10 25 -11 7 -27 58 0 0.00 M M 9.0 32 320 M M 1 9 37 320
11 29 6 18 -16 47 0 0.00 M M 4.3 12 170 M M 5 14 160
12 59 22 41 7 24 0 0.00 M M 8.8 26 270 M M 4 32 280
13 50 29 40 5 25 0 0.04 M M 8.3 25 320 M M 5 3 29 310
14 57 28 43 8 22 0 0.00 M M 7.3 20 150 M M 1 24 130
15 66 29 48 12 17 0 0.00 M M 5.0 13 180 M M 2 14 130
16 51 31 41 5 24 0 0.00 M M 8.6 21 320 M M 7 26 310
17 51 26 39 3 26 0 0.00 M M 5.9 15 290 M M 2 19 290
18 56 23 40 3 25 0 0.00 M M 5.0 24 330 M M 3 29 340
19 63 28 46 9 19 0 0.00 M M 3.4 13 130 M M 0 17 140
20 56 32 44 7 21 0 0.22 M M 15.0 30 310 M M 8 128 35 300
21 45 24 35 -3 30 0 0.00 M M 14.2 28 330 M M 5 34 340
22 53 28 41 3 24 0 T M M 15.7 30 310 M M 6 36 310
23 64 24 44 6 21 0 0.00 M M 4.3 17 360 M M 0 21 350
24 67 35 51 12 14 0 0.00 M M 12.7 31 340 M M 5 37 330
25 56 24 40 1 25 0 0.00 M M 5.4 15 160 M M 2 21 130
26 61 27 44 5 21 0 0.00 M M 3.8 9 40 M M 1 13 20
27 71 28 50 11 15 0 0.00 M M 2.2 9 160 M M 1 11 130
28 79 37 58 18 7 0 0.00 M M 7.0 30 310 M M 1 36 300
29 60 27 44 4 21 0 0.07 M M 19.2 30 300 M M 9 1 37 320
30 56 22 39 -1 26 0 0.00 M M 9.1 22 340 M M 0 28 340
31 52 24 38 -2 27 0 T M M 8.1 24 330 M M 5 30 320
================================================================================
SM 1578 685 875 0 0.83 M 251.2 M 120
================================================================================
AV 50.9 22.1 8.1 FASTST M M 4 MAX(MPH)
MISC ----> 32 320 # 37 320
================================================================================
NOTES:
# LAST OF SEVERAL OCCURRENCES
COLUMN 17 PEAK WIND IN M.P.H.
PRELIMINARY LOCAL CLIMATOLOGICAL DATA (WS FORM: F-6) , PAGE 2
STATION: SHERIDAN WY
MONTH: MARCH
YEAR: 2022
LATITUDE: 44 46 N
LONGITUDE: 106 58 W
[TEMPERATURE DATA] [PRECIPITATION DATA] SYMBOLS USED IN COLUMN 16
AVERAGE MONTHLY: 36.5 TOTAL FOR MONTH: 0.83 1 = FOG OR MIST
DPTR FM NORMAL: 0.8 DPTR FM NORMAL: -0.19 2 = FOG REDUCING VISIBILITY
HIGHEST: 79 ON 28 GRTST 24HR 0.39 ON 4- 5 TO 1/4 MILE OR LESS
LOWEST: -11 ON 10 3 = THUNDER
SNOW, ICE PELLETS, HAIL 4 = ICE PELLETS
TOTAL MONTH: M 5 = HAIL
GRTST 24HR M ON M 6 = FREEZING RAIN OR DRIZZLE
GRTST DEPTH: M ON M 7 = DUSTSTORM OR SANDSTORM:
VSBY 1/2 MILE OR LESS
8 = SMOKE OR HAZE
[NO. OF DAYS WITH] [WEATHER - DAYS WITH] 9 = BLOWING SNOW
X = TORNADO
MAX 32 OR BELOW: 6 0.01 INCH OR MORE: 8
MAX 90 OR ABOVE: 0 0.10 INCH OR MORE: 2
MIN 32 OR BELOW: 28 0.50 INCH OR MORE: 0
MIN 0 OR BELOW: 2 1.00 INCH OR MORE: 0
[HDD (BASE 65) ]
TOTAL THIS MO. 875 CLEAR (SCALE 0-3) 15
DPTR FM NORMAL -33 PTCLDY (SCALE 4-7) 12
TOTAL FM JUL 1 5646 CLOUDY (SCALE 8-10) 4
DPTR FM NORMAL -711
[CDD (BASE 65) ]
TOTAL THIS MO. 0
DPTR FM NORMAL 0 [PRESSURE DATA]
TOTAL FM JAN 1 0 HIGHEST SLP 30.49 ON 6
DPTR FM NORMAL 0 LOWEST SLP 29.42 ON 29
[REMARKS]
#FINAL-03-22#