000
CXUS54 KSHV 011300
CF6SHV
PRELIMINARY LOCAL CLIMATOLOGICAL DATA (WS FORM: F-6)
STATION: SHREVEPORT
MONTH: APRIL
YEAR: 2021
LATITUDE: 32 28 N
LONGITUDE: 93 49 W
TEMPERATURE IN F: :PCPN: SNOW: WIND :SUNSHINE: SKY :PK WND
================================================================================
1 2 3 4 5 6A 6B 7 8 9 10 11 12 13 14 15 16 17 18
12Z AVG MX 2MIN
DY MAX MIN AVG DEP HDD CDD WTR SNW DPTH SPD SPD DIR MIN PSBL S-S WX SPD DR
================================================================================
1 67 40 54 -8 11 0 0.00 0.0 0 7.7 22 340 M M 0 28 10
2 67 38 53 -9 12 0 0.00 0.0 0 4.9 14 130 M M 2 19 140
3 70 46 58 -4 7 0 0.00 0.0 0 6.2 15 180 M M 8 20 200
4 79 55 67 5 0 2 0.00 0.0 0 2.8 12 170 M M 6 8 15 180
5 81 55 68 5 0 3 0.00 0.0 0 8.5 18 210 M M 3 23 160
6 83 58 71 8 0 6 0.00 0.0 0 12.2 23 180 M M 6 31 170
7 74 55 65 2 0 0 1.42 0.0 0 9.4 21 190 M M 8 138 27 190
8 84 51 68 5 0 3 0.00 0.0 0 5.4 15 240 M M 3 22 270
9 83 58 71 7 0 6 0.21 0.0 0 9.1 26 160 M M 7 138 39 170
10 76 52 64 0 1 0 T 0.0 0 9.8 23 300 M M 4 3 32 330
11 84 46 65 1 0 0 0.00 0.0 0 2.6 13 120 M M 0 16 120
12 89 51 70 6 0 5 0.00 0.0 0 5.0 15 170 M M 5 23 140
13 89 56 73 9 0 8 T 0.0 0 6.8 20 150 M M 6 25 130
14 67 58 63 -2 2 0 0.66 0.0 0 8.8 18 40 M M 10 138 22 40
15 72 55 64 -1 1 0 0.21 0.0 0 8.8 17 40 M M 9 18 22 50
16 59 55 57 -8 8 0 1.50 0.0 0 7.1 16 80 M M 10 138 21 80
17 61 51 56 -10 9 0 0.01 0.0 0 10.6 18 330 M M 9 1 22 290
18 68 47 58 -8 7 0 0.00 0.0 0 7.3 18 340 M M 4 8 24 330
19 74 43 59 -7 6 0 0.00 0.0 0 2.2 10 350 M M 5 13 320
20 80 46 63 -3 2 0 0.00 0.0 0 9.4 25 320 M M 2 35 340
21 64 40 52 -15 13 0 0.00 0.0 0 7.5 20 10 M M 2 28 20
22 72 42 57 -10 8 0 0.00 0.0 0 6.1 15 140 M M 7 20 150
23 75 61 68 1 0 3 1.07 0.0 0 10.3 20 100 M M 10 13 26 110
24 80 57 69 2 0 4 0.15 0.0 0 9.3 38 330 M M 5 13 52 330
25 81 54 68 0 0 3 0.00 0.0 0 6.2 14 110 M M 1 16 100
26 84 54 69 1 0 4 0.00 0.0 0 9.2 20 150 M M 8 1 26 140
27 80 66 73 5 0 8 T 0.0 0 10.1 18 180 M M 9 23 160
28 88 74 81 13 0 16 T 0.0 0 13.7 24 160 M M 8 32 170
29 87 74 81 12 0 16 0.02 0.0 0 7.3 17 40 M M 8 3 23 150
30 74 65 70 1 0 5 0.05 0.0 0 7.2 22 50 M M 10 138 25 60
================================================================================
SM 2292 1603 87 92 5.30 0.0 231.5 M 175
================================================================================
AV 76.4 53.4 7.7 FASTST M M 6 MAX(MPH)
MISC ----> 38 330 52 330
================================================================================
NOTES:
# LAST OF SEVERAL OCCURRENCES
COLUMN 17 PEAK WIND IN M.P.H.
PRELIMINARY LOCAL CLIMATOLOGICAL DATA (WS FORM: F-6) , PAGE 2
STATION: SHREVEPORT
MONTH: APRIL
YEAR: 2021
LATITUDE: 32 28 N
LONGITUDE: 93 49 W
[TEMPERATURE DATA] [PRECIPITATION DATA] SYMBOLS USED IN COLUMN 16
AVERAGE MONTHLY: 64.9 TOTAL FOR MONTH: 5.30 1 = FOG OR MIST
DPTR FM NORMAL: -0.3 DPTR FM NORMAL: 1.11 2 = FOG REDUCING VISIBILITY
HIGHEST: 89 ON 13,12 GRTST 24HR 1.58 ON 15-16 TO 1/4 MILE OR LESS
LOWEST: 38 ON 2 3 = THUNDER
SNOW, ICE PELLETS, HAIL 4 = ICE PELLETS
TOTAL MONTH: 0.0 INCH 5 = HAIL
GRTST 24HR 0.0 6 = FREEZING RAIN OR DRIZZLE
GRTST DEPTH: 0 7 = DUSTSTORM OR SANDSTORM:
VSBY 1/2 MILE OR LESS
8 = SMOKE OR HAZE
[NO. OF DAYS WITH] [WEATHER - DAYS WITH] 9 = BLOWING SNOW
X = TORNADO
MAX 32 OR BELOW: 0 0.01 INCH OR MORE: 10
MAX 90 OR ABOVE: 0 0.10 INCH OR MORE: 7
MIN 32 OR BELOW: 0 0.50 INCH OR MORE: 4
MIN 0 OR BELOW: 0 1.00 INCH OR MORE: 3
[HDD (BASE 65) ]
TOTAL THIS MO. 87 CLEAR (SCALE 0-3) 8
DPTR FM NORMAL 1 PTCLDY (SCALE 4-7) 14
TOTAL FM JUL 1 1995 CLOUDY (SCALE 8-10) 8
DPTR FM NORMAL -224
[CDD (BASE 65) ]
TOTAL THIS MO. 92
DPTR FM NORMAL -2 [PRESSURE DATA]
TOTAL FM JAN 1 159 HIGHEST SLP 30.54 ON 1
DPTR FM NORMAL 24 LOWEST SLP 29.49 ON 9
[REMARKS]
#FINAL-04-21#