000
CXUS56 KMFR 010930
CF6SIY
PRELIMINARY LOCAL CLIMATOLOGICAL DATA (WS FORM: F-6)
STATION: MONTAGUE CA
MONTH: MAY
YEAR: 2023
LATITUDE: 41 46 N
LONGITUDE: 122 28 W
TEMPERATURE IN F: :PCPN: SNOW: WIND :SUNSHINE: SKY :PK WND
================================================================================
1 2 3 4 5 6A 6B 7 8 9 10 11 12 13 14 15 16 17 18
12Z AVG MX 2MIN
DY MAX MIN AVG DEP HDD CDD WTR SNW DPTH SPD SPD DIR MIN PSBL S-S WX SPD DR
================================================================================
1 76 43 60 7 5 0 T M M 9.0 25 320 M M 9 3 34 320
2 57 42 50 -4 15 0 0.55 M M 5.9 14 180 M M 8 1 22 200
3 64 45 55 1 10 0 T M M 2.3 10 200 M M 5 14 280
4 57 45 51 -3 14 0 0.03 M M 4.4 15 150 M M 9 19 150
5 53 44 49 -5 16 0 0.44 M M 4.1 15 200 M M 10 1 19 210
6 56 44 50 -5 15 0 0.06 M M 4.4 21 280 M M 9 25 280
7 54 41 48 -7 17 0 0.02 M M 8.3 23 170 M M 8 1 32 170
8 55 41 48 -7 17 0 0.17 M M 7.5 26 170 M M 7 1 39 180
9 66 32 49 -7 16 0 T M M 4.0 12 350 M M 2 16 170
10 69 36 53 -3 12 0 0.00 M M 4.2 16 240 M M 2 21 340
11 75 39 57 1 8 0 0.00 M M 3.7 14 340 M M 0 19 330
12 82 41 62 6 3 0 0.00 M M 4.6 14 360 M M 0 18 360
13 87 50 69 12 0 4 0.00 M M 7.7 15 110 M M 0 23 110
14 86 57 72 15 0 7 0.00 M M 6.7 22 90 M M 1 32 90
15 84 52 68 11 0 3 T M M 11.0 24 170 M M 2 39 160
16 86 46 66 9 0 1 0.00 M M 5.0 15 330 M M 0 20 330
17 89 45 67 9 0 2 0.00 M M 3.7 14 290 M M 0 19 280
18 89 47 68 10 0 3 0.00 M M 5.8 18 360 M M 0 24 330
19 92 49 71 13 0 6 0.00 M M 4.8 21 340 M M 0 8 25 340
20 93 51 72 14 0 7 0.02 M M 5.8 21 350 M M 0 28 350
21 80 53 67 9 0 2 0.00 M M 12.9 24 20 M M 0 33 20
22 75 43 59 0 6 0 0.00 M M 10.5 18 340 M M 0 26 330
23 76 44 60 1 5 0 0.00 M M 10.5 23 360 M M 0 30 20
24 82 37 60 1 5 0 0.00 M M 5.5 18 360 M M 0 23 360
25 84 40 62 3 3 0 0.00 M M 7.3 20 360 M M 0 28 360
26 84 47 66 6 0 1 0.00 M M 7.5 20 360 M M 1 26 10
27 82 51 67 7 0 2 0.06 M M 7.3 35 230 M M 3 3 44 240
28 82 50 66 6 0 1 0.09 M M 4.2 17 140 M M 3 13 32 150
29 86 48 67 7 0 2 0.03 M M 4.7 22 140 M M 2 3 31 130
30 82 54 68 8 0 3 0.03 M M 5.1 24 180 M M 5 3 31 180
31 78 49 64 4 1 0 0.00 M M 12.1 22 360 M M 2 31 20
================================================================================
SM 2361 1406 168 44 1.50 M 200.5 M 88
================================================================================
AV 76.2 45.4 6.5 FASTST M M 3 MAX(MPH)
MISC ----> 35 230 44 240
================================================================================
NOTES:
# LAST OF SEVERAL OCCURRENCES
COLUMN 17 PEAK WIND IN M.P.H.
PRELIMINARY LOCAL CLIMATOLOGICAL DATA (WS FORM: F-6) , PAGE 2
STATION: MONTAGUE CA
MONTH: MAY
YEAR: 2023
LATITUDE: 41 46 N
LONGITUDE: 122 28 W
[TEMPERATURE DATA] [PRECIPITATION DATA] SYMBOLS USED IN COLUMN 16
AVERAGE MONTHLY: 60.8 TOTAL FOR MONTH: 1.50 1 = FOG OR MIST
DPTR FM NORMAL: 3.6 DPTR FM NORMAL: 0.45 2 = FOG REDUCING VISIBILITY
HIGHEST: 93 ON 20 GRTST 24HR 0.55 ON 2- 2 TO 1/4 MILE OR LESS
LOWEST: 32 ON 9 3 = THUNDER
SNOW, ICE PELLETS, HAIL 4 = ICE PELLETS
TOTAL MONTH: M 5 = HAIL
GRTST 24HR M ON M 6 = FREEZING RAIN OR DRIZZLE
GRTST DEPTH: M ON M 7 = DUSTSTORM OR SANDSTORM:
VSBY 1/2 MILE OR LESS
8 = SMOKE OR HAZE
[NO. OF DAYS WITH] [WEATHER - DAYS WITH] 9 = BLOWING SNOW
X = TORNADO
MAX 32 OR BELOW: 0 0.01 INCH OR MORE: 11
MAX 90 OR ABOVE: 2 0.10 INCH OR MORE: 3
MIN 32 OR BELOW: 1 0.50 INCH OR MORE: 1
MIN 0 OR BELOW: 0 1.00 INCH OR MORE: 0
[HDD (BASE 65) ]
TOTAL THIS MO. 168 CLEAR (SCALE 0-3) 22
DPTR FM NORMAL -90 PTCLDY (SCALE 4-7) 5
TOTAL FM JUL 1 5104 CLOUDY (SCALE 8-10) 4
DPTR FM NORMAL 65
[CDD (BASE 65) ]
TOTAL THIS MO. 44
DPTR FM NORMAL 28 [PRESSURE DATA]
TOTAL FM JAN 1 45 HIGHEST SLP M ON M
DPTR FM NORMAL 29 LOWEST SLP 27.08 ON 3
[REMARKS]
#FINAL-05-23#