000
CXUS56 KMTR 010900
CF6SJC
PRELIMINARY LOCAL CLIMATOLOGICAL DATA (WS FORM: F-6)
STATION: SAN JOSE AIRPORT
MONTH: JULY
YEAR: 2022
LATITUDE: 37 21 N
LONGITUDE: 121 55 W
TEMPERATURE IN F: :PCPN: SNOW: WIND :SUNSHINE: SKY :PK WND
================================================================================
1 2 3 4 5 6A 6B 7 8 9 10 11 12 13 14 15 16 17 18
12Z AVG MX 2MIN
DY MAX MIN AVG DEP HDD CDD WTR SNW DPTH SPD SPD DIR MIN PSBL S-S WX SPD DR
================================================================================
1 74 57 66 -3 0 1 0.00 M M 8.3 18 340 M M 4 24 330
2 71 58 65 -4 0 0 0.00 M M 10.3 21 330 M M 6 26 340
3 71 57 64 -5 1 0 0.00 M M 9.5 20 330 M M 6 26 330
4 81 58 70 1 0 5 0.00 M M 7.7 20 330 M M 7 25 350
5 81 64 73 4 0 8 0.00 M M 9.8 23 340 M M 6 32 350
6 77 63 70 1 0 5 0.00 M M 10.8 20 340 M M 6 28 340
7 78 61 70 1 0 5 0.00 M M 9.6 22 340 M M 5 31 320
8 81 59 70 1 0 5 0.00 M M 7.7 20 330 M M 2 26 340
9 79 58 69 0 0 4 0.00 M M 8.2 17 300 M M 1 22 320
10 91 57 74 5 0 9 0.00 M M 5.8 18 330 M M 0 24 320
11 86 63 75 6 0 10 T M M 7.5 16 330 M M 2 22 350
12 81 59 70 1 0 5 0.00 M M 7.8 16 330 M M 3 26 310
13 80 60 70 0 0 5 0.00 M M 8.3 17 320 M M 3 23 330
14 81 60 71 1 0 6 0.00 M M 7.5 17 330 M M 2 23 310
15 78 55 67 -3 0 2 0.00 M M 7.8 16 330 M M 1 21 320
16 88 58 73 3 0 8 0.00 M M 7.1 15 300 M M 2 20 300
17 83 59 71 1 0 6 0.00 M M 7.1 16 310 M M 1 21 310
18 88 61 75 5 0 10 0.00 M M 6.8 16 310 M M 1 23 300
19 79 58 69 -1 0 4 0.00 M M 8.1 17 310 M M 1 23 310
20 80 58 69 -1 0 4 0.00 M M 8.0 18 310 M M 4 22 300
21 81 57 69 -1 0 4 0.00 M M 7.5 16 320 M M 4 20 310
22 83 56 70 0 0 5 0.00 M M 7.5 15 320 M M 1 22 340
23 79 56 68 -2 0 3 0.00 M M 7.0 14 320 M M 1 19 320
24 83 53 68 -2 0 3 0.00 M M 8.7 16 310 M M 1 20 300
25 78 56 67 -3 0 2 0.00 M M 7.6 16 310 M M 3 23 300
26 81 57 69 -1 0 4 0.00 M M 7.6 16 310 M M 3 24 330
27 78 59 69 -1 0 4 0.00 M M 7.5 16 310 M M 5 23 310
28 77 59 68 -2 0 3 0.00 M M 7.6 16 300 M M 5 21 330
29 78 62 70 0 0 5 0.00 M M 8.3 17 330 M M 7 22 330
30 77 63 70 0 0 5 0.00 M M 8.4 16 340 M M 8 21 310
31 77 63 70 0 0 5 T M M 6.7 15 330 M M 8 21 320
================================================================================
SM 2480 1824 1 145 T M 248.1 M 109
================================================================================
AV 80.0 58.8 8.0 FASTST M M 4 MAX(MPH)
MISC ----> 23 340 32 350
================================================================================
NOTES:
# LAST OF SEVERAL OCCURRENCES
COLUMN 17 PEAK WIND IN M.P.H.
PRELIMINARY LOCAL CLIMATOLOGICAL DATA (WS FORM: F-6) , PAGE 2
STATION: SAN JOSE AIRPORT
MONTH: JULY
YEAR: 2022
LATITUDE: 37 21 N
LONGITUDE: 121 55 W
[TEMPERATURE DATA] [PRECIPITATION DATA] SYMBOLS USED IN COLUMN 16
AVERAGE MONTHLY: 69.4 TOTAL FOR MONTH: T 1 = FOG OR MIST
DPTR FM NORMAL: -0.1 DPTR FM NORMAL: -0.00 2 = FOG REDUCING VISIBILITY
HIGHEST: 91 ON 10 GRTST 24HR T ON 1- 1 TO 1/4 MILE OR LESS
LOWEST: 53 ON 24 3 = THUNDER
SNOW, ICE PELLETS, HAIL 4 = ICE PELLETS
TOTAL MONTH: M 5 = HAIL
GRTST 24HR M ON M 6 = FREEZING RAIN OR DRIZZLE
GRTST DEPTH: M ON M 7 = DUSTSTORM OR SANDSTORM:
VSBY 1/2 MILE OR LESS
8 = SMOKE OR HAZE
[NO. OF DAYS WITH] [WEATHER - DAYS WITH] 9 = BLOWING SNOW
X = TORNADO
MAX 32 OR BELOW: 0 0.01 INCH OR MORE: 0
MAX 90 OR ABOVE: 1 0.10 INCH OR MORE: 0
MIN 32 OR BELOW: 0 0.50 INCH OR MORE: 0
MIN 0 OR BELOW: 0 1.00 INCH OR MORE: 0
[HDD (BASE 65) ]
TOTAL THIS MO. 1 CLEAR (SCALE 0-3) 14
DPTR FM NORMAL -3 PTCLDY (SCALE 4-7) 16
TOTAL FM JUL 1 1 CLOUDY (SCALE 8-10) 1
DPTR FM NORMAL 1
[CDD (BASE 65) ]
TOTAL THIS MO. 145
DPTR FM NORMAL 3 [PRESSURE DATA]
TOTAL FM JAN 1 381 HIGHEST SLP M ON M
DPTR FM NORMAL 95 LOWEST SLP 29.80 ON 17
[REMARKS]
#FINAL-07-22#