652
CXUS56 KSLC 020833
CF6SLC
PRELIMINARY LOCAL CLIMATOLOGICAL DATA (WS FORM: F-6)
STATION: SALT LAKE CITY UT
MONTH: JANUARY
YEAR: 2021
LATITUDE: 40 46 N
LONGITUDE: 111 58 W
TEMPERATURE IN F: :PCPN: SNOW: WIND :SUNSHINE: SKY :PK WND
================================================================================
1 2 3 4 5 6A 6B 7 8 9 10 11 12 13 14 15 16 17 18
12Z AVG MX 2MIN
DY MAX MIN AVG DEP HDD CDD WTR SNW DPTH SPD SPD DIR MIN PSBL S-S WX SPD DR
================================================================================
1 32 17 25 -4 40 0 0.00 0.0 0 2.3 8 350 M M 6 12 10 130
2 39 23 31 2 34 0 0.00 0.0 0 4.1 15 120 M M 4 20 120
3 36 24 30 1 35 0 0.02 0.2 0 6.9 13 130 M M 6 1 16 120
4 45 26 36 7 29 0 0.00 0.0 0 8.6 18 150 M M 4 1 23 160
5 43 27 35 6 30 0 0.05 0.0 0 6.9 31 300 M M 5 1 48 280
6 43 24 34 5 31 0 0.00 0.0 0 7.0 14 140 M M 1 16 150
7 43 21 32 3 33 0 0.00 0.0 0 4.9 10 340 M M 2 18 13 340
8 43 22 33 4 32 0 0.00 0.0 0 4.8 10 320 M M 2 18 13 330
9 38 24 31 2 34 0 0.00 0.0 0 6.3 16 310 M M 1 18 18 290
10 37 20 29 0 36 0 0.00 0.0 0 3.3 13 330 M M 4 14 340
11 36 18 27 -2 38 0 0.00 0.0 0 5.2 14 340 M M 1 1 18 140
12 39 18 29 0 36 0 0.00 0.0 0 4.9 14 330 M M 2 18 15 320
13 52 27 40 11 25 0 0.00 0.0 0 7.0 24 340 M M 7 8 29 330
14 43 23 33 4 32 0 0.00 0.0 0 4.3 12 310 M M 1 15 310
15 47 23 35 6 30 0 T T 0 6.1 12 180 M M 2 15 180
16 45 28 37 8 28 0 0.01 T 0 5.4 13 340 M M 5 16 350
17 47 24 36 7 29 0 0.00 0.0 0 4.1 10 180 M M 5 12 190
18 40 26 33 4 32 0 T T 0 5.3 18 330 M M 6 18 22 310
19 44 22 33 3 32 0 0.00 0.0 0 8.4 21 110 M M 1 37 110
20 42 21 32 2 33 0 0.00 0.0 0 4.2 13 150 M M 0 15 150
21 43 21 32 2 33 0 0.00 0.0 0 3.5 9 250 M M 4 1 12 330
22 50 26 38 8 27 0 0.01 0.0 0 5.9 24 160 M M 6 18 30 160
23 40 29 35 5 30 0 0.31 1.2 0 8.8 22 170 M M 10 128 28 180
24 30 26 28 -2 37 0 0.06 0.8 2 3.5 10 280 M M 9 1 12 280
25 33 20 27 -3 38 0 0.01 0.2 2 5.4 10 290 M M 6 128 12 290
26 31 21 26 -4 39 0 T T 1 5.9 21 170 M M 8 18 27 160
27 37 28 33 3 32 0 0.00 0.0 T 19.4 30 180 M M 6 38 170
28 49 36 43 13 22 0 T 0.0 0 15.9 30 160 M M 5 36 150
29 52 32 42 12 23 0 0.35 T 0 10.2 26 140 M M 8 1 31 150
30 43 32 38 8 27 0 0.03 T 0 4.9 10 330 M M 5 1 17 260
31 47 27 37 7 28 0 0.00 0.0 0 6.0 13 340 M M 0 16 190
================================================================================
SM 1289 756 985 0 0.85 2.4 199.4 M 132
================================================================================
AV 41.6 24.4 6.4 FASTST M M 4 MAX(MPH)
MISC ----> 31 300 48 280
================================================================================
NOTES:
# LAST OF SEVERAL OCCURRENCES
COLUMN 17 PEAK WIND IN M.P.H.
PRELIMINARY LOCAL CLIMATOLOGICAL DATA (WS FORM: F-6) , PAGE 2
STATION: SALT LAKE CITY UT
MONTH: JANUARY
YEAR: 2021
LATITUDE: 40 46 N
LONGITUDE: 111 58 W
[TEMPERATURE DATA] [PRECIPITATION DATA] SYMBOLS USED IN COLUMN 16
AVERAGE MONTHLY: 33.0 TOTAL FOR MONTH: 0.85 1 = FOG OR MIST
DPTR FM NORMAL: 3.5 DPTR FM NORMAL: -0.40 2 = FOG REDUCING VISIBILITY
HIGHEST: 52 ON 29,13 GRTST 24HR 0.35 ON 29-29 TO 1/4 MILE OR LESS
LOWEST: 17 ON 1 3 = THUNDER
SNOW, ICE PELLETS, HAIL 4 = ICE PELLETS
TOTAL MONTH: 2.4 INCHES 5 = HAIL
GRTST 24HR 1.2 ON 23-23 6 = FREEZING RAIN OR DRIZZLE
GRTST DEPTH: 2 ON 25,24 7 = DUSTSTORM OR SANDSTORM:
VSBY 1/2 MILE OR LESS
8 = SMOKE OR HAZE
[NO. OF DAYS WITH] [WEATHER - DAYS WITH] 9 = BLOWING SNOW
X = TORNADO
MAX 32 OR BELOW: 3 0.01 INCH OR MORE: 9
MAX 90 OR ABOVE: 0 0.10 INCH OR MORE: 2
MIN 32 OR BELOW: 30 0.50 INCH OR MORE: 0
MIN 0 OR BELOW: 0 1.00 INCH OR MORE: 0
[HDD (BASE 65) ]
TOTAL THIS MO. 985 CLEAR (SCALE 0-3) 11
DPTR FM NORMAL -115 PTCLDY (SCALE 4-7) 17
TOTAL FM JUL 1 3079 CLOUDY (SCALE 8-10) 3
DPTR FM NORMAL -319
[CDD (BASE 65) ]
TOTAL THIS MO. 0
DPTR FM NORMAL 0 [PRESSURE DATA]
TOTAL FM JAN 1 0 HIGHEST SLP 30.61 ON 15
DPTR FM NORMAL 0 LOWEST SLP 29.58 ON 29
[REMARKS]
#FINAL-01-21#