000
CXUS56 KSGX 011145
CF6SNA
PRELIMINARY LOCAL CLIMATOLOGICAL DATA (WS FORM: F-6)
STATION: JOHN WAYNE AIRPORT CA
MONTH: JANUARY
YEAR: 2022
LATITUDE: 33 40 N
LONGITUDE: 117 53 W
TEMPERATURE IN F: :PCPN: SNOW: WIND :SUNSHINE: SKY :PK WND
================================================================================
1 2 3 4 5 6A 6B 7 8 9 10 11 12 13 14 15 16 17 18
12Z AVG MX 2MIN
DY MAX MIN AVG DEP HDD CDD WTR SNW DPTH SPD SPD DIR MIN PSBL S-S WX SPD DR
================================================================================
1 64 49 57 0 8 0 0.00 M M 3.6 13 200 M M 2 17 200
2 68 41 55 -2 10 0 0.00 M M 1.3 8 250 M M 0 10 250
3 64 42 53 -4 12 0 0.00 M M 1.9 9 220 M M 2 12 200
4 64 44 54 -3 11 0 0.00 M M 2.4 8 210 M M 2 12 200
5 68 46 57 0 8 0 0.00 M M 1.6 12 190 M M 1 8 14 190
6 71 48 60 3 5 0 0.00 M M 2.0 9 200 M M 2 128 11 190
7 58 46 52 -5 13 0 0.00 M M 4.1 13 190 M M 8 128 18 110
8 65 52 59 1 6 0 0.00 M M 2.8 10 200 M M 6 15 200
9 76 45 61 3 4 0 0.00 M M 1.9 9 210 M M 1 14 210
10 79 49 64 6 1 0 0.00 M M 2.9 13 60 M M 5 17 70
11 83 52 68 10 0 3 0.00 M M 3.1 14 60 M M 1 22 60
12 78 49 64 6 1 0 0.00 M M 1.6 9 200 M M 5 10 200
13 71 55 63 5 2 0 T M M 1.2 9 200 M M 6 11 200
14 73 55 64 6 1 0 0.00 M M 3.1 16 50 M M 6 8 22 60
15 70 58 64 6 1 0 0.05 M M 2.2 12 190 M M 7 15 190
16 75 58 67 9 0 2 0.00 M M 3.3 13 210 M M 7 15 210
17 67 60 64 6 1 0 0.01 M M 3.5 13 200 M M 9 16 200
18 67 58 63 5 2 0 0.00 M M 3.4 12 210 M M 8 14 230
19 68 54 61 3 4 0 0.00 M M 2.4 9 230 M M 4 18 13 240
20 76 49 63 5 2 0 0.00 M M 3.4 12 210 M M 0 18 15 190
21 70 50 60 2 5 0 0.00 M M 8.1 25 20 M M 1 37 360
22 75 61 68 10 0 3 0.00 M M 14.5 30 20 M M 1 40 30
23 76 55 66 8 0 1 0.00 M M 6.3 17 60 M M 0 24 80
24 70 49 60 2 5 0 0.00 M M 3.9 14 220 M M 0 16 220
25 65 49 57 -1 8 0 0.00 M M 3.3 13 200 M M 2 17 210
26 70 48 59 1 6 0 0.00 M M 1.7 8 210 M M 4 8 10 220
27 69 46 58 0 7 0 0.00 M M 3.2 14 200 M M 2 128 16 200
28 78 48 63 5 2 0 0.00 M M 6.9 17 80 M M 3 25 80
29 70 49 60 2 5 0 0.00 M M 1.7 9 220 M M 6 11 230
30 68 45 57 -1 8 0 0.00 M M 4.7 14 200 M M 0 19 200
31 63 45 54 -4 11 0 0.00 M M 3.1 10 200 M M 5 12 200
================================================================================
SM 2179 1555 149 9 0.06 M 109.1 M 106
================================================================================
AV 70.3 50.2 3.5 FASTST M M 3 MAX(MPH)
MISC ----> 30 20 40 30
================================================================================
NOTES:
# LAST OF SEVERAL OCCURRENCES
COLUMN 17 PEAK WIND IN M.P.H.
PRELIMINARY LOCAL CLIMATOLOGICAL DATA (WS FORM: F-6) , PAGE 2
STATION: JOHN WAYNE AIRPORT CA
MONTH: JANUARY
YEAR: 2022
LATITUDE: 33 40 N
LONGITUDE: 117 53 W
[TEMPERATURE DATA] [PRECIPITATION DATA] SYMBOLS USED IN COLUMN 16
AVERAGE MONTHLY: 60.2 TOTAL FOR MONTH: 0.06 1 = FOG OR MIST
DPTR FM NORMAL: 2.4 DPTR FM NORMAL: -2.53 2 = FOG REDUCING VISIBILITY
HIGHEST: 83 ON 11 GRTST 24HR 0.13 ON 17-17 TO 1/4 MILE OR LESS
LOWEST: 41 ON 2 3 = THUNDER
SNOW, ICE PELLETS, HAIL 4 = ICE PELLETS
TOTAL MONTH: M 5 = HAIL
GRTST 24HR M ON M 6 = FREEZING RAIN OR DRIZZLE
GRTST DEPTH: M ON M 7 = DUSTSTORM OR SANDSTORM:
VSBY 1/2 MILE OR LESS
8 = SMOKE OR HAZE
[NO. OF DAYS WITH] [WEATHER - DAYS WITH] 9 = BLOWING SNOW
X = TORNADO
MAX 32 OR BELOW: 0 0.01 INCH OR MORE: 2
MAX 90 OR ABOVE: 0 0.10 INCH OR MORE: 0
MIN 32 OR BELOW: 0 0.50 INCH OR MORE: 0
MIN 0 OR BELOW: 0 1.00 INCH OR MORE: 0
[HDD (BASE 65) ]
TOTAL THIS MO. 149 CLEAR (SCALE 0-3) 17
DPTR FM NORMAL -81 PTCLDY (SCALE 4-7) 13
TOTAL FM JUL 1 411 CLOUDY (SCALE 8-10) 1
DPTR FM NORMAL -184
[CDD (BASE 65) ]
TOTAL THIS MO. 9
DPTR FM NORMAL 2 [PRESSURE DATA]
TOTAL FM JAN 1 9 HIGHEST SLP 30.31 ON 10
DPTR FM NORMAL 2 LOWEST SLP 29.87 ON 1
[REMARKS]
#FINAL-01-22#