172
CXUS56 KSGX 011145
CF6SNA
PRELIMINARY LOCAL CLIMATOLOGICAL DATA (WS FORM: F-6)
STATION: JOHN WAYNE AIRPORT CA
MONTH: JANUARY
YEAR: 2021
LATITUDE: 33 40 N
LONGITUDE: 117 53 W
TEMPERATURE IN F: :PCPN: SNOW: WIND :SUNSHINE: SKY :PK WND
================================================================================
1 2 3 4 5 6A 6B 7 8 9 10 11 12 13 14 15 16 17 18
12Z AVG MX 2MIN
DY MAX MIN AVG DEP HDD CDD WTR SNW DPTH SPD SPD DIR MIN PSBL S-S WX SPD DR
================================================================================
1 74 52 63 7 2 0 0.00 M M 7.8 24 30 M M 1 33 30
2 64 47 56 0 9 0 0.00 M M 3.5 12 220 M M 5 14 200
3 63 49 56 0 9 0 0.00 M M 2.7 13 200 M M 4 18 18 190
4 62 49 56 0 9 0 0.00 M M 2.7 10 230 M M 2 18 14 230
5 63 51 57 1 8 0 0.00 M M 3.1 9 220 M M 6 128 13 220
6 64 49 57 1 8 0 0.00 M M 2.6 10 190 M M 4 18 14 210
7 69 47 58 2 7 0 0.00 M M 1.7 13 220 M M 6 128 15 220
8 66 48 57 1 8 0 0.00 M M 2.3 10 210 M M 3 128 12 230
9 76 44 60 4 5 0 0.00 M M 2.7 13 40 M M 2 18 20 60
10 72 45 59 2 6 0 0.00 M M 2.0 12 200 M M 3 13 210
11 74 43 59 2 6 0 0.00 M M 2.2 12 210 M M 1 13 220
12 72 46 59 2 6 0 0.00 M M 2.1 8 200 M M 5 11 280
13 76 46 61 4 4 0 0.00 M M 1.7 9 250 M M 4 12 210
14 81 48 65 8 0 0 0.00 M M 3.9 17 60 M M 0 23 60
15 90 57 74 17 0 9 0.00 M M 6.6 21 80 M M 1 34 70
16 81 52 67 10 0 2 0.00 M M 2.5 14 220 M M 2 16 220
17 84 52 68 11 0 3 0.00 M M 2.6 10 210 M M 0 13 190
18 72 50 61 4 4 0 0.00 M M 4.2 13 200 M M 2 18 15 210
19 72 52 62 5 3 0 0.00 M M 12.4 26 50 M M 5 36 60
20 78 58 68 11 0 3 0.00 M M 10.4 21 60 M M 2 27 50
21 71 53 62 5 3 0 0.00 M 0 3.8 14 200 M M 2 16 210
22 65 52 59 2 6 0 T M 0 5.9 16 170 M M 6 22 170
23 55 49 52 -5 13 0 0.29 M 0 3.0 12 110 M M 8 14 100
24 60 44 52 -5 13 0 0.07 M M 4.5 13 220 M M 7 1 21 210
25 55 45 50 -7 15 0 0.50 M M 7.5 22 260 M M 6 18 33 270
26 56 39 48 -9 17 0 0.00 M M 3.9 14 190 M M 2 18 190
27 62 48 55 -2 10 0 0.00 M M 5.8 13 220 M M 7 17 210
28 65 45 55 -2 10 0 0.45 M M 6.6 25 170 M M 4 1 34 170
29 59 49 54 -3 11 0 0.45 M M 4.7 15 200 M M 8 1 18 190
30 63 45 54 -3 11 0 0.00 M M 2.2 8 260 M M 1 12 290
31 70 46 58 1 7 0 0.00 M M 1.7 12 200 M M 5 13 200
================================================================================
SM 2134 1500 210 17 1.76 M 129.3 M 114
================================================================================
AV 68.8 48.4 4.2 FASTST M M 4 MAX(MPH)
MISC ----> 26 50 36 60
================================================================================
NOTES:
# LAST OF SEVERAL OCCURRENCES
COLUMN 17 PEAK WIND IN M.P.H.
PRELIMINARY LOCAL CLIMATOLOGICAL DATA (WS FORM: F-6) , PAGE 2
STATION: JOHN WAYNE AIRPORT CA
MONTH: JANUARY
YEAR: 2021
LATITUDE: 33 40 N
LONGITUDE: 117 53 W
[TEMPERATURE DATA] [PRECIPITATION DATA] SYMBOLS USED IN COLUMN 16
AVERAGE MONTHLY: 58.6 TOTAL FOR MONTH: 1.76 1 = FOG OR MIST
DPTR FM NORMAL: 1.9 DPTR FM NORMAL: -1.15 2 = FOG REDUCING VISIBILITY
HIGHEST: 90 ON 15 GRTST 24HR 1.11 ON 29-30 TO 1/4 MILE OR LESS
LOWEST: 39 ON 26 3 = THUNDER
SNOW, ICE PELLETS, HAIL 4 = ICE PELLETS
TOTAL MONTH: M 5 = HAIL
GRTST 24HR M ON M 6 = FREEZING RAIN OR DRIZZLE
GRTST DEPTH: 0 7 = DUSTSTORM OR SANDSTORM:
VSBY 1/2 MILE OR LESS
8 = SMOKE OR HAZE
[NO. OF DAYS WITH] [WEATHER - DAYS WITH] 9 = BLOWING SNOW
X = TORNADO
MAX 32 OR BELOW: 0 0.01 INCH OR MORE: 5
MAX 90 OR ABOVE: 1 0.10 INCH OR MORE: 4
MIN 32 OR BELOW: 0 0.50 INCH OR MORE: 1
MIN 0 OR BELOW: 0 1.00 INCH OR MORE: 0
[HDD (BASE 65) ]
TOTAL THIS MO. 210 CLEAR (SCALE 0-3) 15
DPTR FM NORMAL -50 PTCLDY (SCALE 4-7) 16
TOTAL FM JUL 1 500 CLOUDY (SCALE 8-10) 0
DPTR FM NORMAL -191
[CDD (BASE 65) ]
TOTAL THIS MO. 17
DPTR FM NORMAL 12 [PRESSURE DATA]
TOTAL FM JAN 1 17 HIGHEST SLP 30.29 ON 2
DPTR FM NORMAL 12 LOWEST SLP 29.70 ON 25
[REMARKS]
#FINAL-01-21#