000
CXUS54 KMAF 011110
CF6SNK
PRELIMINARY LOCAL CLIMATOLOGICAL DATA (WS FORM: F-6)
STATION: SNYDER WINSTON FIELD
MONTH: MARCH
YEAR: 2022
LATITUDE: 32 41 N
LONGITUDE: 100 57 W
TEMPERATURE IN F: :PCPN: SNOW: WIND :SUNSHINE: SKY :PK WND
================================================================================
1 2 3 4 5 6A 6B 7 8 9 10 11 12 13 14 15 16 17 18
12Z AVG MX 2MIN
DY MAX MIN AVG DEP HDD CDD WTR SNW DPTH SPD SPD DIR MIN PSBL S-S WX SPD DR
================================================================================
1 65 42 54 M 11 0 M M M 5.4 9 220 M M 0 M M
2 72 42 57 M 8 0 M M M 4.8 10 230 M M 0 M M
3 75 43 59 M 6 0 M M M 6.8 13 170 M M 0 20 170
4 78 51 65 M 0 0 M M M 12.9 22 160 M M 3 26 190
5 79 54 67 M 0 2 M M M 15.0 25 260 M M 0 8 37 260
6 59 31 45 M 20 0 0.07 M M 11.8 18 360 M M 5 1 25 20
7 44 25 35 M 30 0 M M M 10.8 17 10 M M 0 24 10
8 51 29 40 M 25 0 M M M 6.0 10 50 M M 1 M M
9 61 29 45 M 20 0 M M M 10.5 16 140 M M 0 25 150
10 56 30 43 M 22 0 M M M 10.9 21 30 M M 0 32 30
11 38 25 32 M 33 0 M M M 15.0 22 10 M M 6 30 10
12 58 20 39 M 26 0 M M M 9.5 18 190 M M 0 24 200
13 69 32 51 M 14 0 M M M 12.9 20 180 M M 0 25 180
14 69 42 56 M 9 0 M M M 14.0 21 320 M M 1 31 310
15 71 38 55 M 10 0 M M M 7.0 14 310 M M 0 17 310
16 83 39 61 M 4 0 M M M 10.6 18 200 M M 0 24 200
17 75 42 59 M 6 0 M M M 19.5 32 240 M M 2 8 45 250
18 62 38 50 M 15 0 M M M 9.7 25 330 M M 0 30 320
19 74 37 56 M 9 0 M M M 7.9 14 220 M M 0 21 180
20 78 48 63 M 2 0 M M M 17.0 29 150 M M 0 38 150
21 72 43 58 M 7 0 M M M 18.0 26 220 M M 5 8 36 230
22 55 40 48 M 17 0 M M M 19.1 35 360 M M 5 43 360
23 60 38 49 M 16 0 M M M 14.6 22 320 M M 3 33 320
24 74 33 54 M 11 0 M M M 9.8 22 320 M M 0 28 320
25 83 47 65 M 0 0 M M M 5.6 10 150 M M 0 16 120
26 87 40 64 M 1 0 M M M 7.6 14 360 M M 0 17 360
27 92 55 74 M 0 9 M M M 10.9 17 190 M M 0 23 210
28 93 57 75 M 0 10 M M M 11.6 18 200 M M 0 23 200
29 89 62 76 M 0 11 M M M 14.4 24 280 M M 1 8 37 300
30 67 48 58 M 7 0 M M M 13.6 26 340 M M 4 36 350
31 68 42 55 M 10 0 0.01 M M 6.0 15 360 M M 2 30 50
================================================================================
SM 2157 1242 339 32 0.08 M 349.1 M 38
================================================================================
AV 69.6 40.1 11.3 FASTST M M 1 MAX(MPH)
MISC ----> 35 360 45 250
================================================================================
NOTES:
# LAST OF SEVERAL OCCURRENCES
COLUMN 17 PEAK WIND IN M.P.H.
PRELIMINARY LOCAL CLIMATOLOGICAL DATA (WS FORM: F-6) , PAGE 2
STATION: SNYDER WINSTON FIELD
MONTH: MARCH
YEAR: 2022
LATITUDE: 32 41 N
LONGITUDE: 100 57 W
[TEMPERATURE DATA] [PRECIPITATION DATA] SYMBOLS USED IN COLUMN 16
AVERAGE MONTHLY: 54.8 TOTAL FOR MONTH: 0.08 1 = FOG OR MIST
DPTR FM NORMAL: 0.0 DPTR FM NORMAL: M 2 = FOG REDUCING VISIBILITY
HIGHEST: 93 ON 28 GRTST 24HR 0.07 ON 6- 6 TO 1/4 MILE OR LESS
LOWEST: 20 ON 12 3 = THUNDER
SNOW, ICE PELLETS, HAIL 4 = ICE PELLETS
TOTAL MONTH: M 5 = HAIL
GRTST 24HR M ON M 6 = FREEZING RAIN OR DRIZZLE
GRTST DEPTH: M ON M 7 = DUSTSTORM OR SANDSTORM:
VSBY 1/2 MILE OR LESS
8 = SMOKE OR HAZE
[NO. OF DAYS WITH] [WEATHER - DAYS WITH] 9 = BLOWING SNOW
X = TORNADO
MAX 32 OR BELOW: 0 0.01 INCH OR MORE: 2
MAX 90 OR ABOVE: 2 0.10 INCH OR MORE: 0
MIN 32 OR BELOW: 8 0.50 INCH OR MORE: 0
MIN 0 OR BELOW: 0 1.00 INCH OR MORE: 0
[HDD (BASE 65) ]
TOTAL THIS MO. 339 CLEAR (SCALE 0-3) 26
DPTR FM NORMAL M PTCLDY (SCALE 4-7) 5
TOTAL FM JUL 1 2321 CLOUDY (SCALE 8-10) 0
DPTR FM NORMAL M
[CDD (BASE 65) ]
TOTAL THIS MO. 32
DPTR FM NORMAL M [PRESSURE DATA]
TOTAL FM JAN 1 32 HIGHEST SLP M ON M
DPTR FM NORMAL M LOWEST SLP M ON M
[REMARKS]
#FINAL-03-22#