000
CXAK56 PAFC 010940
CF6SNP
PRELIMINARY LOCAL CLIMATOLOGICAL DATA (WS FORM: F-6)
STATION: SAINT PAUL ISLAND
MONTH: OCTOBER
YEAR: 2023
LATITUDE: 57 9 N
LONGITUDE: 170 13 W
TEMPERATURE IN F: :PCPN: SNOW: WIND :SUNSHINE: SKY :PK WND
================================================================================
1 2 3 4 5 6A 6B 7 8 9 10 11 12 13 14 15 16 17 18
12Z AVG MX 2MIN
DY MAX MIN AVG DEP HDD CDD WTR SNW DPTH SPD SPD DIR MIN PSBL S-S WX SPD DR
================================================================================
1 49 36 43 1 22 0 0.03 M M 15.0 28 340 M M 8 1 35 350
2 44 29 37 -5 28 0 T M M 6.8 16 330 M M 7 21 340
3 47 31 39 -3 26 0 T M M 13.0 24 120 M M 5 33 120
4 47 43 45 3 20 0 0.00 M M 20.3 24 110 M M 9 39 110
5 45 41 43 1 22 0 0.26 M M 18.8 25 30 M M 10 1 35 30
6 43 40 42 1 23 0 0.02 M M 17.4 23 10 M M 10 1 30 20
7 46 39 43 2 22 0 T M M 15.3 23 10 M M 10 1 30 10
8 42 38 40 -1 25 0 0.04 M M 18.6 22 340 M M 9 33 350
9 48 37 43 2 22 0 T M M 16.7 21 340 M M 9 36 340
10 45 33 39 -2 26 0 T M M 5.8 10 270 M M 9 M M
11 47 35 41 1 24 0 0.03 M M 14.4 35 140 M M 9 1 46 120
12 47 44 46 6 19 0 T M M 37.0 48 110 M M 10 8 65 100
13 44 34 39 -1 26 0 T M M 27.2 44 80 M M 10 18 59 70
14 42 32 37 -3 28 0 T M M 15.0 28 10 M M 9 8 37 40
15 42 31 37 -3 28 0 0.01 M M 14.1 24 10 M M 8 1 34 20
16 42 34 38 -1 27 0 0.02 M M 19.2 28 360 M M 8 18 36 10
17 47 36 42 3 23 0 0.02 M M 12.5 24 350 M M 9 18 31 350
18 46 42 44 5 21 0 0.07 M M 15.0 22 240 M M 10 1 30 250
19 44 40 42 3 23 0 0.05 M M 18.5 35 70 M M 9 1 44 70
20 41 34 38 -1 27 0 T M M 23.8 35 60 M M 8 1 47 50
21 42 34 38 0 27 0 0.00 M M 11.0 18 50 M M 7 25 60
22 45 38 42 4 23 0 0.00 M M 15.5 25 180 M M 7 1 33 180
23 47 42 45 7 20 0 0.01 M M 15.6 25 190 M M 9 1 32 180
24 45 42 44 6 21 0 0.00 M M 13.4 21 110 M M 10 29 110
25 45 43 44 6 21 0 0.17 M M 13.5 20 110 M M 10 1 27 110
26 46 43 45 7 20 0 0.67 M M 13.8 23 110 M M 10 1 30 110
27 46 40 43 6 22 0 0.38 M M 13.7 25 140 M M 10 1 33 140
28 45 41 43 6 22 0 T M M 15.2 21 170 M M 5 1 31 180
29 46 41 44 7 21 0 0.10 M M 15.2 24 220 M M 6 1 32 190
30 46 36 41 4 24 0 0.02 M M 7.8 15 220 M M 7 12 21 240
31 41 31 36 -1 29 0 0.00 M M 5.4 14 70 M M 9 12 17 30
================================================================================
SM 1392 1160 732 0 1.90 M 484.5 M 266
================================================================================
AV 44.9 37.4 15.6 FASTST M M 9 MAX(MPH)
MISC ----> 48 110 65 100
================================================================================
NOTES:
# LAST OF SEVERAL OCCURRENCES
COLUMN 17 PEAK WIND IN M.P.H.
PRELIMINARY LOCAL CLIMATOLOGICAL DATA (WS FORM: F-6) , PAGE 2
STATION: SAINT PAUL ISLAND
MONTH: OCTOBER
YEAR: 2023
LATITUDE: 57 9 N
LONGITUDE: 170 13 W
[TEMPERATURE DATA] [PRECIPITATION DATA] SYMBOLS USED IN COLUMN 16
AVERAGE MONTHLY: 41.2 TOTAL FOR MONTH: 1.90 1 = FOG OR MIST
DPTR FM NORMAL: 1.7 DPTR FM NORMAL: -1.42 2 = FOG REDUCING VISIBILITY
HIGHEST: 49 ON 1 GRTST 24HR 0.70 ON 25-26 TO 1/4 MILE OR LESS
LOWEST: 29 ON 2 3 = THUNDER
SNOW, ICE PELLETS, HAIL 4 = ICE PELLETS
TOTAL MONTH: M 5 = HAIL
GRTST 24HR M ON M 6 = FREEZING RAIN OR DRIZZLE
GRTST DEPTH: M ON M 7 = DUSTSTORM OR SANDSTORM:
VSBY 1/2 MILE OR LESS
8 = SMOKE OR HAZE
[NO. OF DAYS WITH] [WEATHER - DAYS WITH] 9 = BLOWING SNOW
X = TORNADO
MAX 32 OR BELOW: 0 0.01 INCH OR MORE: 16
MAX 90 OR ABOVE: 0 0.10 INCH OR MORE: 5
MIN 32 OR BELOW: 5 0.50 INCH OR MORE: 1
MIN 0 OR BELOW: 0 1.00 INCH OR MORE: 0
[HDD (BASE 65) ]
TOTAL THIS MO. 732 CLEAR (SCALE 0-3) 0
DPTR FM NORMAL -60 PTCLDY (SCALE 4-7) 11
TOTAL FM JUL 1 2268 CLOUDY (SCALE 8-10) 20
DPTR FM NORMAL -103
[CDD (BASE 65) ]
TOTAL THIS MO. 0
DPTR FM NORMAL 0 [PRESSURE DATA]
TOTAL FM JAN 1 0 HIGHEST SLP M ON M
DPTR FM NORMAL 0 LOWEST SLP 28.97 ON 12
[REMARKS]
#FINAL-10-23#