000
CXUS55 KCYS 050223
CF6SNY
PRELIMINARY LOCAL CLIMATOLOGICAL DATA (WS FORM: F-6)
STATION: SIDNEY NEBRASKA AIRPORT
MONTH: AUGUST
YEAR: 2023
LATITUDE: 41 5 N
LONGITUDE: 102 59 W
TEMPERATURE IN F: :PCPN: SNOW: WIND :SUNSHINE: SKY :PK WND
================================================================================
1 2 3 4 5 6A 6B 7 8 9 10 11 12 13 14 15 16 17 18
12Z AVG MX 2MIN
DY MAX MIN AVG DEP HDD CDD WTR SNW DPTH SPD SPD DIR MIN PSBL S-S WX SPD DR
================================================================================
1 89 65 77 3 0 12 0.83 M M 7.9 24 240 M M 3 13 32 240
2 90 61 76 2 0 11 0.21 M M 9.2 25 240 M M 2 13 34 240
3 85 59 72 -2 0 7 0.19 M M 7.7 28 280 M M 4 138 37 280
4 88 57 73 -1 0 8 0.53 M M 8.6 31 300 M M 2 138 42 310
5 84 53 69 -5 0 4 0.00 M M 12.0 28 350 M M 1 3 38 330
6 78 53 66 -8 0 1 0.00 M M 10.6 22 10 M M 1 29 10
7 80 51 66 -8 0 1 0.02 M M 7.1 28 270 M M 1 123 37 270
8 81 50 66 -7 0 1 0.41 M M 7.6 37 70 M M 2 13 46 60
9 81 55 68 -5 0 3 0.01 M M 9.2 18 320 M M 1 1 31 320
10 89 56 73 0 0 8 0.23 M M 6.9 48 290 M M 1 38 67 290
11 91 56 74 1 0 9 0.00 M M 11.5 23 320 M M 0 31 320
12 88 58 73 0 0 8 0.00 M M 11.8 24 180 M M 0 31 200
13 73 48 61 -11 4 0 0.00 M M 17.2 31 350 M M 3 41 340
14 79 45 62 -10 3 0 0.00 M M 9.2 20 350 M M 0 28 10
15 90 44 67 -5 0 2 0.00 M M 8.2 14 210 M M 0 20 200
16 101 54 78 6 0 13 0.00 M M 11.2 21 350 M M 0 28 330
17 88 56 72 0 0 7 0.00 M M 11.5 22 160 M M 0 28 150
18 102 65 84 13 0 19 T M M 10.3 26 230 M M 1 3 35 230
19 95 66 81 10 0 16 0.00 M M 13.2 24 340 M M 1 3 34 290
20 95 65 80 9 0 15 0.00 M M 13.4 24 180 M M 3 1 35 170
21 103 62 83 12 0 18 0.00 M M 15.2 28 210 M M 0 35 210
22 101 66 84 14 0 19 0.00 M M 11.5 22 220 M M 0 27 220
23 98 62 80 10 0 15 0.00 M M 8.1 20 210 M M 0 28 200
24 97 61 79 9 0 14 0.00 M M 6.9 16 120 M M 0 23 150
25 71 54 63 -7 2 0 2.66 M M 12.9 32 40 M M 5 13 43 50
26 78 53 66 -3 0 1 0.00 M M 5.9 12 140 M M 2 1 16 140
27 86 54 70 1 0 5 0.34 M M 8.0 28 20 M M 2 138 37 20
28 81 55 68 -1 0 3 0.00 M M 7.1 15 60 M M 1 20 60
29 85 53 69 0 0 4 0.00 M M 5.8 12 290 M M 0 16 340
30 94 52 73 5 0 8 0.00 M M 13.3 23 190 M M 0 3 32 170
31 92 48 70 2 0 5 0.00 M M 8.2 18 150 M M 0 3 25 160
================================================================================
SM 2733 1737 9 237 5.43 M 307.2 M 36
================================================================================
AV 88.2 56.0 9.9 FASTST M M 1 MAX(MPH)
MISC ----> 48 290 67 290
================================================================================
NOTES:
# LAST OF SEVERAL OCCURRENCES
COLUMN 17 PEAK WIND IN M.P.H.
PRELIMINARY LOCAL CLIMATOLOGICAL DATA (WS FORM: F-6) , PAGE 2
STATION: SIDNEY NEBRASKA AIRPORT
MONTH: AUGUST
YEAR: 2023
LATITUDE: 41 5 N
LONGITUDE: 102 59 W
[TEMPERATURE DATA] [PRECIPITATION DATA] SYMBOLS USED IN COLUMN 16
AVERAGE MONTHLY: 72.1 TOTAL FOR MONTH: 5.43 1 = FOG OR MIST
DPTR FM NORMAL: 0.5 DPTR FM NORMAL: 3.40 2 = FOG REDUCING VISIBILITY
HIGHEST: 103 ON 21 GRTST 24HR 2.66 ON 25-25 TO 1/4 MILE OR LESS
LOWEST: 44 ON 15 3 = THUNDER
SNOW, ICE PELLETS, HAIL 4 = ICE PELLETS
TOTAL MONTH: M 5 = HAIL
GRTST 24HR M ON M 6 = FREEZING RAIN OR DRIZZLE
GRTST DEPTH: M ON M 7 = DUSTSTORM OR SANDSTORM:
VSBY 1/2 MILE OR LESS
8 = SMOKE OR HAZE
[NO. OF DAYS WITH] [WEATHER - DAYS WITH] 9 = BLOWING SNOW
X = TORNADO
MAX 32 OR BELOW: 0 0.01 INCH OR MORE: 10
MAX 90 OR ABOVE: 13 0.10 INCH OR MORE: 8
MIN 32 OR BELOW: 0 0.50 INCH OR MORE: 3
MIN 0 OR BELOW: 0 1.00 INCH OR MORE: 1
[HDD (BASE 65) ]
TOTAL THIS MO. 9 CLEAR (SCALE 0-3) 28
DPTR FM NORMAL -7 PTCLDY (SCALE 4-7) 3
TOTAL FM JUL 1 31 CLOUDY (SCALE 8-10) 0
DPTR FM NORMAL 14
[CDD (BASE 65) ]
TOTAL THIS MO. 237
DPTR FM NORMAL 17 [PRESSURE DATA]
TOTAL FM JAN 1 530 HIGHEST SLP 30.32 ON 14
DPTR FM NORMAL -94 LOWEST SLP 29.67 ON 18
[REMARKS]
#FINAL-08-23#
AUGUST 1... RECORD MAXIMUM PRECIPITATION: 0.83" (PREVIOUS: 0.73" IN 1975)
AUGUST 14... RECORD LOW TEMPERATURE: 45F (PREVIOUS: 46F IN 1992)
AUGUST 15... RECORD LOW TEMPERATURE: 44F (PREVIOUS: 45F IN 1951, 1959)
AUGUST 18... RECORD HIGH TEMPERATURE: 102F (PREVIOUS: 101F IN 2010)
AUGUST 18... TIED RECORD HIGH MINIMUM TEMPERATURE: 65F (PREVIOUS IN 1952, 1993)
AUGUST 19... RECORD HIGH MINIMUM TEMPERATURE: 66F (PREVIOUS: 65F IN 2010)
AUGUST 21... RECORD HIGH TEMPERATURE: 103F (PREVIOUS: 99F IN 1960, 2007)
AUGUST 22... RECORD HIGH TEMPERATURE: 101F (PREVIOUS: 100F IN 2003)
AUGUST 25... RECORD MAXIMUM PRECIPITATION: 2.66" (PREVIOUS: 0.98" IN 2005)