000
CXUS56 KPQR 011200
CF6SPB
PRELIMINARY LOCAL CLIMATOLOGICAL DATA (WS FORM: F-6)
STATION: SCAPPOOSE OR
MONTH: MARCH
YEAR: 2020
LATITUDE: 45 46 N
LONGITUDE: 122 50 W
TEMPERATURE IN F: :PCPN: SNOW: WIND :SUNSHINE: SKY :PK WND
================================================================================
1 2 3 4 5 6A 6B 7 8 9 10 11 12 13 14 15 16 17 18
12Z AVG MX 2MIN
DY MAX MIN AVG DEP HDD CDD WTR SNW DPTH SPD SPD DIR MIN PSBL S-S WX SPD DR
================================================================================
1 47 31 39 -5 26 0 0.01 M M 1.7 8 150 M M 9 12 11 150
2 46 39 43 -1 22 0 T M M 2.9 9 130 M M 10 18 12 160
3 61 41 51 7 14 0 0.00 M M 4.7 15 230 M M 9 1 20 250
4 55 37 46 1 19 0 T M M 2.5 12 340 M M 3 15 350
5 60 31 46 1 19 0 0.00 M M 4.1 13 230 M M 3 18 240
6 49 41 45 0 20 0 0.29 M M 3.6 10 360 M M 10 1 13 350
7 47 35 41 -4 24 0 0.03 M M 2.3 9 140 M M 9 1 12 210
8 51 32 42 -3 23 0 0.00 M M 2.9 10 310 M M 5 1 13 360
9 55 26 41 -5 24 0 0.00 M M 2.6 8 290 M M 0 11 280
10 60 28 44 -2 21 0 0.00 M M 3.7 14 360 M M 0 19 10
11 56 36 46 0 19 0 T M M 4.5 14 320 M M 5 1 20 280
12 56 29 43 -3 22 0 0.00 M M 4.2 13 340 M M 1 19 340
13 42 36 39 -7 26 0 0.08 M M 2.7 9 320 M M 8 1 13 320
14 41 30 36 -10 29 0 0.32 M M 2.8 9 140 M M 9 1 12 140
15 50 28 39 -7 26 0 T M M 5.9 16 80 M M 2 18 21 90
16 62 27 45 -1 20 0 0.00 M M 3.4 12 360 M M 0 14 10
17 60 28 44 -3 21 0 0.00 M M 2.8 10 10 M M 0 13 340
18 58 31 45 -2 20 0 0.00 M M 2.9 8 130 M M 3 10 10
19 64 30 47 0 18 0 0.00 M M 2.1 7 30 M M 0 9 120
20 67 34 51 4 14 0 0.00 M M 4.9 16 360 M M 1 23 10
21 61 35 48 1 17 0 0.00 M M 3.6 14 360 M M 3 18 340
22 62 32 47 0 18 0 0.00 M M 3.3 14 340 M M 2 12 18 20
23 55 42 49 2 16 0 T M M 7.8 18 270 M M 8 25 200
24 52 39 46 -1 19 0 0.03 M M 4.3 16 240 M M 8 21 250
25 50 32 41 -7 24 0 0.06 M M 2.4 12 140 M M 8 1 16 140
26 50 30 40 -8 25 0 0.01 M M 2.5 12 260 M M 8 1 13 230
27 49 40 45 -3 20 0 0.02 M M 4.3 10 170 M M 10 18 15 170
28 53 46 50 2 15 0 0.02 M M 6.8 12 150 M M 9 18 16 170
29 58 46 52 4 13 0 0.19 M M 6.1 20 220 M M 8 1 24 220
30 52 43 48 0 17 0 0.45 M M 6.3 18 240 M M 9 1 27 210
31 54 37 46 -2 19 0 0.13 M M 3.8 16 250 M M 6 1 25 280
================================================================================
SM 1683 1072 630 0 1.64 M 118.4 M 166
================================================================================
AV 54.3 34.6 3.8 FASTST M M 5 MAX(MPH)
MISC ----> # 20 220 # 27 210
================================================================================
NOTES:
# LAST OF SEVERAL OCCURRENCES
COLUMN 17 PEAK WIND IN M.P.H.
PRELIMINARY LOCAL CLIMATOLOGICAL DATA (WS FORM: F-6) , PAGE 2
STATION: SCAPPOOSE OR
MONTH: MARCH
YEAR: 2020
LATITUDE: 45 46 N
LONGITUDE: 122 50 W
[TEMPERATURE DATA] [PRECIPITATION DATA] SYMBOLS USED IN COLUMN 16
AVERAGE MONTHLY: 44.4 TOTAL FOR MONTH: 1.64 1 = FOG OR MIST
DPTR FM NORMAL: -2.0 DPTR FM NORMAL: -2.61 2 = FOG REDUCING VISIBILITY
HIGHEST: 67 ON 20 GRTST 24HR 0.45 ON 30-30 TO 1/4 MILE OR LESS
LOWEST: 26 ON 9 3 = THUNDER
SNOW, ICE PELLETS, HAIL 4 = ICE PELLETS
TOTAL MONTH: M 5 = HAIL
GRTST 24HR M ON M 6 = FREEZING RAIN OR DRIZZLE
GRTST DEPTH: M ON M 7 = DUSTSTORM OR SANDSTORM:
VSBY 1/2 MILE OR LESS
8 = SMOKE OR HAZE
[NO. OF DAYS WITH] [WEATHER - DAYS WITH] 9 = BLOWING SNOW
X = TORNADO
MAX 32 OR BELOW: 0 0.01 INCH OR MORE: 13
MAX 90 OR ABOVE: 0 0.10 INCH OR MORE: 5
MIN 32 OR BELOW: 15 0.50 INCH OR MORE: 0
MIN 0 OR BELOW: 0 1.00 INCH OR MORE: 0
[HDD (BASE 65) ]
TOTAL THIS MO. 630 CLEAR (SCALE 0-3) 12
DPTR FM NORMAL 52 PTCLDY (SCALE 4-7) 9
TOTAL FM JUL 1 3878 CLOUDY (SCALE 8-10) 10
DPTR FM NORMAL -157
[CDD (BASE 65) ]
TOTAL THIS MO. 0
DPTR FM NORMAL 0 [PRESSURE DATA]
TOTAL FM JAN 1 0 HIGHEST SLP 30.45 ON 1
DPTR FM NORMAL 0 LOWEST SLP 29.59 ON 14
[REMARKS]
#FINAL-03-20#