000
CXUS55 KPUB 011310
CF6SPD
PRELIMINARY LOCAL CLIMATOLOGICAL DATA (WS FORM: F-6)
STATION: SPRINGFIELD CO
MONTH: NOVEMBER
YEAR: 2022
LATITUDE: 37 16 N
LONGITUDE: 102 37 W
TEMPERATURE IN F: :PCPN: SNOW: WIND :SUNSHINE: SKY :PK WND
================================================================================
1 2 3 4 5 6A 6B 7 8 9 10 11 12 13 14 15 16 17 18
12Z AVG MX 2MIN
DY MAX MIN AVG DEP HDD CDD WTR SNW DPTH SPD SPD DIR MIN PSBL S-S WX SPD DR
================================================================================
1 76 32 54 8 11 0 0.00 M M 11.2 21 190 M M 0 28 190
2 76 47 62 16 3 0 0.00 M M 17.8 29 210 M M 0 43 200
3 73 35 54 8 11 0 0.00 M M 19.0 40 200 M M 0 54 200
4 41 23 32 -13 33 0 0.00 M M 13.7 23 340 M M 0 30 350
5 69 24 47 2 18 0 0.00 M M 11.0 21 180 M M 0 27 190
6 59 34 47 2 18 0 0.00 M M 10.6 32 320 M M 0 43 320
7 60 31 46 2 19 0 0.00 M M 14.4 33 170 M M 0 40 180
8 74 43 59 15 6 0 0.00 M M 22.5 39 200 M M 0 53 190
9 74 46 60 16 5 0 0.00 M M 25.8 43 190 M M 0 59 200
10 58 27 43 0 22 0 0.00 M M 11.0 33 350 M M 0 46 350
11 39 14 27 -16 38 0 0.00 M M 10.0 18 360 M M 0 25 350
12 50 10 30 -12 35 0 0.00 M M 7.0 13 200 M M 0 15 190
13 63 25 44 2 21 0 0.00 M M 14.2 25 360 M M 0 33 360
14 33 21 27 -15 38 0 0.10 M M 15.4 31 360 M M 0 42 350
15 40 21 31 -10 34 0 0.00 M M 7.0 16 10 M M 0 21 10
16 45 15 30 -11 35 0 0.00 M M 7.6 22 340 M M 0 30 300
17 42 12 27 -13 38 0 0.00 M M 13.5 29 40 M M 0 37 50
18 22 9 16 -24 49 0 0.02 M M 6.9 15 50 M M 0 19 50
19 43 10 27 -13 38 0 0.00 M M 7.8 18 10 M M 0 22 340
20 58 16 37 -2 28 0 0.00 M M 6.9 14 220 M M 0 17 270
21 58 16 37 -2 28 0 0.00 M M 8.8 14 150 M M 0 18 140
22 57 22 40 2 25 0 0.00 M M 10.4 23 310 M M 0 31 320
23 60 19 40 2 25 0 0.00 M M 7.9 31 350 M M 0 41 350
24 43 31 37 -1 28 0 0.00 M M 21.9 35 360 M M 0 46 350
25 55 21 38 1 27 0 0.00 M M 7.9 18 330 M M 0 23 320
26 59 30 45 8 20 0 0.00 M M 10.1 21 350 M M 0 29 360
27 42 29 36 -1 29 0 0.05 M M 11.6 22 340 M M 0 29 340
28 62 24 43 7 22 0 0.00 M M 9.5 20 180 M M 0 27 270
29 44 5 25 -11 40 0 0.00 M M 12.2 25 340 M M 0 32 340
30 45 6 26 -10 39 0 0.00 M M 17.3 35 190 M M 0 44 190
================================================================================
SM 1620 698 783 0 0.17 M 370.9 M 0
================================================================================
AV 54.0 23.3 12.4 FASTST M M 0 MAX(MPH)
MISC ----> 43 190 59 200
================================================================================
NOTES:
# LAST OF SEVERAL OCCURRENCES
COLUMN 17 PEAK WIND IN M.P.H.
PRELIMINARY LOCAL CLIMATOLOGICAL DATA (WS FORM: F-6) , PAGE 2
STATION: SPRINGFIELD CO
MONTH: NOVEMBER
YEAR: 2022
LATITUDE: 37 16 N
LONGITUDE: 102 37 W
[TEMPERATURE DATA] [PRECIPITATION DATA] SYMBOLS USED IN COLUMN 16
AVERAGE MONTHLY: 38.6 TOTAL FOR MONTH: 0.17 1 = FOG OR MIST
DPTR FM NORMAL: -2.4 DPTR FM NORMAL: -0.26 2 = FOG REDUCING VISIBILITY
HIGHEST: 76 ON 2, 1 GRTST 24HR 0.10 ON 14-14 TO 1/4 MILE OR LESS
LOWEST: 5 ON 29 3 = THUNDER
SNOW, ICE PELLETS, HAIL 4 = ICE PELLETS
TOTAL MONTH: M 5 = HAIL
GRTST 24HR M ON M 6 = FREEZING RAIN OR DRIZZLE
GRTST DEPTH: M ON M 7 = DUSTSTORM OR SANDSTORM:
VSBY 1/2 MILE OR LESS
8 = SMOKE OR HAZE
[NO. OF DAYS WITH] [WEATHER - DAYS WITH] 9 = BLOWING SNOW
X = TORNADO
MAX 32 OR BELOW: 1 0.01 INCH OR MORE: 3
MAX 90 OR ABOVE: 0 0.10 INCH OR MORE: 1
MIN 32 OR BELOW: 25 0.50 INCH OR MORE: 0
MIN 0 OR BELOW: 0 1.00 INCH OR MORE: 0
[HDD (BASE 65) ]
TOTAL THIS MO. 783 CLEAR (SCALE 0-3) 30
DPTR FM NORMAL 63 PTCLDY (SCALE 4-7) 0
TOTAL FM JUL 1 1093 CLOUDY (SCALE 8-10) 0
DPTR FM NORMAL -101
[CDD (BASE 65) ]
TOTAL THIS MO. 0
DPTR FM NORMAL 0 [PRESSURE DATA]
TOTAL FM JAN 1 1398 HIGHEST SLP 30.50 ON 19
DPTR FM NORMAL 420 LOWEST SLP 29.33 ON 29
[REMARKS]
#FINAL-11-22#