000
CXUS55 KPUB 011310
CF6SPD
PRELIMINARY LOCAL CLIMATOLOGICAL DATA (WS FORM: F-6)
STATION: SPRINGFIELD CO
MONTH: FEBRUARY
YEAR: 2024
LATITUDE: 37 16 N
LONGITUDE: 102 37 W
TEMPERATURE IN F: :PCPN: SNOW: WIND :SUNSHINE: SKY :PK WND
================================================================================
1 2 3 4 5 6A 6B 7 8 9 10 11 12 13 14 15 16 17 18
12Z AVG MX 2MIN
DY MAX MIN AVG DEP HDD CDD WTR SNW DPTH SPD SPD DIR MIN PSBL S-S WX SPD DR
================================================================================
1 65 32 49 16 16 0 0.00 M M 11.2 25 310 M M 0 32 310
2 53 30 42 9 23 0 0.18 M M 10.7 24 130 M M 0 32 140
3 47 35 41 8 24 0 0.10 M M 9.0 20 320 M M 0 25 320
4 46 34 40 7 25 0 0.01 M M 15.5 30 340 M M 0 37 340
5 57 25 41 8 24 0 0.00 M M 10.7 22 170 M M 0 30 170
6 69 33 51 18 14 0 0.00 M M 15.0 33 190 M M 0 41 190
7 62 34 48 15 17 0 0.00 M M 20.0 41 200 M M 0 60 210
8 60 30 45 12 20 0 0.00 M M 14.7 32 280 M M 0 42 290
9 47 20 34 0 31 0 0.00 M M 12.0 28 310 M M 0 36 310
10 36 21 29 -5 36 0 0.28 M M 10.9 21 50 M M 0 27 50
11 33 21 27 -7 38 0 0.07 M M 13.5 21 350 M M 0 25 350
12 47 20 34 0 31 0 0.00 M M 10.1 17 290 M M 0 21 290
13 53 25 39 5 26 0 0.00 M M 8.9 20 350 M M 0 24 330
14 63 26 45 11 20 0 0.00 M M 9.7 25 290 M M 0 36 320
15 57 21 39 5 26 0 0.00 M M 14.1 28 340 M M 0 38 340
16 34 22 28 -6 37 0 0.01 M M 13.3 29 350 M M 0 39 340
17 33 13 23 -12 42 0 0.13 M M 5.9 16 40 M M 0 20 300
18 58 11 35 0 30 0 0.00 M M 8.0 17 290 M M 0 25 190
19 63 28 46 11 19 0 0.00 M M 9.3 20 290 M M 0 26 320
20 73 25 49 14 16 0 0.00 M M 7.3 15 280 M M 0 20 250
21 75 33 54 19 11 0 0.00 M M 13.6 31 230 M M 0 44 230
22 58 29 44 8 21 0 0.00 M M 14.7 25 330 M M 0 33 340
23 58 22 40 4 25 0 0.00 M M 8.6 20 350 M M 0 27 340
24 71 22 47 11 18 0 0.00 M M 6.8 17 290 M M 0 24 290
25 75 30 53 17 12 0 0.00 M M 14.7 35 310 M M 0 46 310
26 77 35 56 19 9 0 0.00 M M 18.8 45 270 M M 0 63 260
27 71 23 47 10 18 0 0.00 M M 22.6 41 10 M M 0 60 260
28 52 13 33 -4 32 0 0.00 M M 14.3 25 190 M M 0 33 190
29 59 27 43 5 22 0 0.00 M M 16.8 37 190 M M 0 45 200
================================================================================
SM 1652 740 683 0 0.78 M 360.7 M 0
================================================================================
AV 57.0 25.5 12.4 FASTST M M 0 MAX(MPH)
MISC ----> 45 270 63 260
================================================================================
NOTES:
# LAST OF SEVERAL OCCURRENCES
COLUMN 17 PEAK WIND IN M.P.H.
PRELIMINARY LOCAL CLIMATOLOGICAL DATA (WS FORM: F-6) , PAGE 2
STATION: SPRINGFIELD CO
MONTH: FEBRUARY
YEAR: 2024
LATITUDE: 37 16 N
LONGITUDE: 102 37 W
[TEMPERATURE DATA] [PRECIPITATION DATA] SYMBOLS USED IN COLUMN 16
AVERAGE MONTHLY: 41.2 TOTAL FOR MONTH: 0.78 1 = FOG OR MIST
DPTR FM NORMAL: 6.6 DPTR FM NORMAL: 0.46 2 = FOG REDUCING VISIBILITY
HIGHEST: 77 ON 26 GRTST 24HR 0.35 ON 10-11 TO 1/4 MILE OR LESS
LOWEST: 11 ON 18 3 = THUNDER
SNOW, ICE PELLETS, HAIL 4 = ICE PELLETS
TOTAL MONTH: M 5 = HAIL
GRTST 24HR M ON M 6 = FREEZING RAIN OR DRIZZLE
GRTST DEPTH: M ON M 7 = DUSTSTORM OR SANDSTORM:
VSBY 1/2 MILE OR LESS
8 = SMOKE OR HAZE
[NO. OF DAYS WITH] [WEATHER - DAYS WITH] 9 = BLOWING SNOW
X = TORNADO
MAX 32 OR BELOW: 0 0.01 INCH OR MORE: 7
MAX 90 OR ABOVE: 0 0.10 INCH OR MORE: 4
MIN 32 OR BELOW: 23 0.50 INCH OR MORE: 0
MIN 0 OR BELOW: 0 1.00 INCH OR MORE: 0
[HDD (BASE 65) ]
TOTAL THIS MO. 683 CLEAR (SCALE 0-3) 29
DPTR FM NORMAL -169 PTCLDY (SCALE 4-7) 0
TOTAL FM JUL 1 3444 CLOUDY (SCALE 8-10) 0
DPTR FM NORMAL -678
[CDD (BASE 65) ]
TOTAL THIS MO. 0
DPTR FM NORMAL 0 [PRESSURE DATA]
TOTAL FM JAN 1 0 HIGHEST SLP 30.46 ON 17
DPTR FM NORMAL 0 LOWEST SLP 29.30 ON 3
[REMARKS]
#FINAL-02-24#