000
CXUS52 KTBW 021139
CF6SPG
PRELIMINARY LOCAL CLIMATOLOGICAL DATA (WS FORM: F-6)
STATION: SAINT PETERSBURG
MONTH: SEPTEMBER
YEAR: 2021
LATITUDE: 27 46 N
LONGITUDE: 82 38 W
TEMPERATURE IN F: :PCPN: SNOW: WIND :SUNSHINE: SKY :PK WND
================================================================================
1 2 3 4 5 6A 6B 7 8 9 10 11 12 13 14 15 16 17 18
12Z AVG MX 2MIN
DY MAX MIN AVG DEP HDD CDD WTR SNW DPTH SPD SPD DIR MIN PSBL S-S WX SPD DR
================================================================================
1 85 75 80 -4 0 15 2.47 0.0 0 8.1 21 330 M M 6 123 27 280
2 87 77 82 -2 0 17 1.02 0.0 0 6.9 22 270 M M 3 138 31 260
3 88 79 84 0 0 19 0.26 0.0 0 7.3 16 60 M M 4 38 22 240
4 89 79 84 1 0 19 0.01 0.0 0 8.3 13 60 M M 4 38 15 50
5 88 79 84 1 0 19 0.00 0.0 0 6.3 12 230 M M 1 12 230
6 88 78 83 0 0 18 0.43 0.0 0 6.3 14 230 M M 1 3 20 230
7 88 77 83 0 0 18 0.04 0.0 0 5.6 13 230 M M 1 13 18 230
8 90 79 85 2 0 20 0.01 0.0 0 8.0 14 180 M M 2 3 14 180
9 87 80 84 1 0 19 0.10 0.0 0 8.3 20 250 M M 3 13 29 250
10 87 78 83 0 0 18 0.29 0.0 0 5.4 13 50 M M 1 138 15 50
11 84 79 82 -1 0 17 0.02 0.0 0 7.0 12 80 M M 3 3 12 80
12 91 80 86 3 0 21 0.00 0.0 0 11.9 24 60 M M 1 3 30 60
13 92 78 85 2 0 20 0.08 0.0 0 11.6 31 130 M M 3 13 36 140
14 91 76 84 1 0 19 1.36 0.0 0 11.9 29 70 M M 2 13 29 180
15 89 77 83 0 0 18 0.00 0.0 0 8.4 16 120 M M 1 20 230
16 86 79 83 0 0 18 T 0.0 0 7.1 14 190 M M 3 3 19 220
17 85 78 82 -1 0 17 0.11 0.0 0 6.5 20 180 M M 4 13 23 180
18 84 78 81 -1 0 16 0.01 0.0 0 4.1 10 250 M M 3 14 250
19 87 78 83 1 0 18 0.04 0.0 0 4.1 13 360 M M 3 13 16 220
20 85 79 82 0 0 17 0.02 0.0 0 5.2 14 120 M M 2 3 21 350
21 89 77 83 1 0 18 1.60 0.0 0 7.2 29 130 M M 2 123 35 120
22 88 77 83 1 0 18 0.00 0.0 0 6.9 14 270 M M 2 20 240
23 88 80 84 2 0 19 T 0.0 0 6.0 18 50 M M 4 23 40
24 89 79 84 2 0 19 0.00 0.0 0 10.2 17 80 M M 4 22 70
25 91 79 85 3 0 20 0.41 0.0 0 7.9 12 90 M M 2 M M
26 89 79 84 2 0 19 0.01 0.0 0 8.8 21 110 M M 3 25 110
27 88 78 83 1 0 18 0.00 0.0 0 10.1 22 110 M M 0 27 110
28 88 77 83 2 0 18 0.00 0.0 0 8.9 21 110 M M 1 25 110
29 89 78 84 3 0 19 0.00 0.0 0 7.0 21 110 M M 1 25 90
30 88 79 84 3 0 19 0.00 0.0 0 10.4 16 90 M M 0 20 90
================================================================================
SM 2638 2346 0 550 8.29 0.0 231.7 M 70
================================================================================
AV 87.9 78.2 7.7 FASTST M M 2 MAX(MPH)
MISC ----> 31 130 36 140
================================================================================
NOTES:
# LAST OF SEVERAL OCCURRENCES
COLUMN 17 PEAK WIND IN M.P.H.
PRELIMINARY LOCAL CLIMATOLOGICAL DATA (WS FORM: F-6) , PAGE 2
STATION: SAINT PETERSBURG
MONTH: SEPTEMBER
YEAR: 2021
LATITUDE: 27 46 N
LONGITUDE: 82 38 W
[TEMPERATURE DATA] [PRECIPITATION DATA] SYMBOLS USED IN COLUMN 16
AVERAGE MONTHLY: 83.1 TOTAL FOR MONTH: 8.29 1 = FOG OR MIST
DPTR FM NORMAL: 0.6 DPTR FM NORMAL: 1.63 2 = FOG REDUCING VISIBILITY
HIGHEST: 92 ON 13 GRTST 24HR 2.47 ON 1- 1 TO 1/4 MILE OR LESS
LOWEST: 75 ON 1 3 = THUNDER
SNOW, ICE PELLETS, HAIL 4 = ICE PELLETS
TOTAL MONTH: 0.0 INCH 5 = HAIL
GRTST 24HR 0.0 6 = FREEZING RAIN OR DRIZZLE
GRTST DEPTH: 0 7 = DUSTSTORM OR SANDSTORM:
VSBY 1/2 MILE OR LESS
8 = SMOKE OR HAZE
[NO. OF DAYS WITH] [WEATHER - DAYS WITH] 9 = BLOWING SNOW
X = TORNADO
MAX 32 OR BELOW: 0 0.01 INCH OR MORE: 19
MAX 90 OR ABOVE: 5 0.10 INCH OR MORE: 10
MIN 32 OR BELOW: 0 0.50 INCH OR MORE: 4
MIN 0 OR BELOW: 0 1.00 INCH OR MORE: 4
[HDD (BASE 65) ]
TOTAL THIS MO. 0 CLEAR (SCALE 0-3) 24
DPTR FM NORMAL 0 PTCLDY (SCALE 4-7) 6
TOTAL FM JUL 1 0 CLOUDY (SCALE 8-10) 0
DPTR FM NORMAL 0
[CDD (BASE 65) ]
TOTAL THIS MO. 550
DPTR FM NORMAL 24 [PRESSURE DATA]
TOTAL FM JAN 1 3432 HIGHEST SLP 30.19 ON 12
DPTR FM NORMAL 196 LOWEST SLP 29.83 ON 23
[REMARKS]
#FINAL-09-21#