000
CXUS52 KTBW 021826
CF6SPG
PRELIMINARY LOCAL CLIMATOLOGICAL DATA (WS FORM: F-6)
STATION: SAINT PETERSBURG
MONTH: MAY
YEAR: 2021
LATITUDE: 27 46 N
LONGITUDE: 82 38 W
TEMPERATURE IN F: :PCPN: SNOW: WIND :SUNSHINE: SKY :PK WND
================================================================================
1 2 3 4 5 6A 6B 7 8 9 10 11 12 13 14 15 16 17 18
12Z AVG MX 2MIN
DY MAX MIN AVG DEP HDD CDD WTR SNW DPTH SPD SPD DIR MIN PSBL S-S WX SPD DR
================================================================================
1 86 74 80 3 0 15 0.00 0.0 0 6.6 15 50 M M 1 19 260
2 85 75 80 3 0 15 0.00 0.0 0 9.2 17 190 M M 2 23 190
3 88 75 82 5 0 17 0.00 0.0 0 10.8 17 230 M M 1 8 22 200
4 89 76 83 5 0 18 0.00 0.0 0 9.6 21 200 M M 1 26 200
5 89 78 84 6 0 19 0.00 0.0 0 7.2 16 240 M M 2 21 250
6 87 78 83 5 0 18 0.00 0.0 0 6.2 17 260 M M 4 22 320
7 82 74 78 0 0 13 0.00 0.0 0 10.5 21 330 M M 0 32 340
8 87 70 79 1 0 14 0.00 0.0 0 10.5 22 40 M M 0 26 40
9 88 73 81 3 0 16 0.00 0.0 0 11.1 17 130 M M 0 21 160
10 87 76 82 4 0 17 0.00 0.0 0 8.2 16 200 M M 1 21 210
11 88 77 83 4 0 18 0.00 0.0 0 5.5 15 250 M M 1 17 260
12 86 76 81 2 0 16 0.00 0.0 0 8.7 16 240 M M 0 20 240
13 80 72 76 -3 0 11 T 0.0 0 11.4 20 50 M M 4 21 50
14 86 68 77 -2 0 12 0.00 0.0 0 13.4 29 50 M M 2 32 50
15 85 70 78 -1 0 13 0.00 0.0 0 15.8 28 70 M M 2 31 80
16 85 71 78 -2 0 13 0.00 0.0 0 15.5 26 90 M M 0 31 90
17 87 72 80 0 0 15 0.00 0.0 0 13.8 24 100 M M 1 27 100
18 88 73 81 1 0 16 0.00 0.0 0 17.6 26 90 M M 0 33 90
19 90 73 82 2 0 17 0.00 0.0 0 18.5 28 90 M M 2 33 90
20 90 74 82 2 0 17 0.00 0.0 0 20.6 29 80 M M 2 39 90
21 85 73 79 -1 0 14 0.00 0.0 0 19.7 28 70 M M 2 33 80
22 86 72 79 -1 0 14 0.00 0.0 0 16.3 24 80 M M 1 28 80
23 89 72 81 0 0 16 0.00 0.0 0 9.8 20 80 M M 0 24 10
24 90 71 81 0 0 16 0.00 0.0 0 8.0 20 120 M M 0 23 130
25 90 72 81 0 0 16 0.00 0.0 0 8.9 18 120 M M 0 22 130
26 87 73 80 -1 0 15 0.00 0.0 0 8.0 16 130 M M 0 8 21 230
27 86 74 80 -1 0 15 0.00 0.0 0 7.2 15 330 M M 0 23 320
28 88 76 82 1 0 17 0.00 0.0 0 6.9 16 240 M M 1 22 230
29 85 76 81 0 0 16 0.00 0.0 0 8.1 16 240 M M 2 23 210
30 87 76 82 0 0 17 0.12 0.0 0 6.0 30 80 M M 3 3 38 80
31 90 75 83 1 0 18 0.00 0.0 0 12.2 26 90 M M 1 33 90
================================================================================
SM 2696 2285 0 484 0.12 0.0 341.8 M 36
================================================================================
AV 87.0 73.7 11.0 FASTST M M 1 MAX(MPH)
MISC ----> 30 80 39 90
================================================================================
NOTES:
# LAST OF SEVERAL OCCURRENCES
COLUMN 17 PEAK WIND IN M.P.H.
PRELIMINARY LOCAL CLIMATOLOGICAL DATA (WS FORM: F-6) , PAGE 2
STATION: SAINT PETERSBURG
MONTH: MAY
YEAR: 2021
LATITUDE: 27 46 N
LONGITUDE: 82 38 W
[TEMPERATURE DATA] [PRECIPITATION DATA] SYMBOLS USED IN COLUMN 16
AVERAGE MONTHLY: 80.3 TOTAL FOR MONTH: 0.12 1 = FOG OR MIST
DPTR FM NORMAL: 0.9 DPTR FM NORMAL: -2.14 2 = FOG REDUCING VISIBILITY
HIGHEST: 90 ON 31,25 GRTST 24HR 0.12 ON 30-30 TO 1/4 MILE OR LESS
LOWEST: 68 ON 14 3 = THUNDER
SNOW, ICE PELLETS, HAIL 4 = ICE PELLETS
TOTAL MONTH: 0.0 INCH 5 = HAIL
GRTST 24HR 0.0 6 = FREEZING RAIN OR DRIZZLE
GRTST DEPTH: 0 7 = DUSTSTORM OR SANDSTORM:
VSBY 1/2 MILE OR LESS
8 = SMOKE OR HAZE
[NO. OF DAYS WITH] [WEATHER - DAYS WITH] 9 = BLOWING SNOW
X = TORNADO
MAX 32 OR BELOW: 0 0.01 INCH OR MORE: 1
MAX 90 OR ABOVE: 5 0.10 INCH OR MORE: 1
MIN 32 OR BELOW: 0 0.50 INCH OR MORE: 0
MIN 0 OR BELOW: 0 1.00 INCH OR MORE: 0
[HDD (BASE 65) ]
TOTAL THIS MO. 0 CLEAR (SCALE 0-3) 29
DPTR FM NORMAL 0 PTCLDY (SCALE 4-7) 2
TOTAL FM JUL 1 290 CLOUDY (SCALE 8-10) 0
DPTR FM NORMAL -66
[CDD (BASE 65) ]
TOTAL THIS MO. 484
DPTR FM NORMAL 36 [PRESSURE DATA]
TOTAL FM JAN 1 1113 HIGHEST SLP 30.26 ON 22
DPTR FM NORMAL 109 LOWEST SLP 29.87 ON 29
[REMARKS]
#FINAL-05-21#