740
CXUS53 KILX 012300
CF6SPI
PRELIMINARY LOCAL CLIMATOLOGICAL DATA (WS FORM: F-6)
STATION: SPRINGFIELD IL
MONTH: APRIL
YEAR: 2020
LATITUDE: 39 50 N
LONGITUDE: 89 41 W
TEMPERATURE IN F: :PCPN: SNOW: WIND :SUNSHINE: SKY :PK WND
================================================================================
1 2 3 4 5 6A 6B 7 8 9 10 11 12 13 14 15 16 17 18
12Z AVG MX 2MIN
DY MAX MIN AVG DEP HDD CDD WTR SNW DPTH SPD SPD DIR MIN PSBL S-S WX SPD DR
================================================================================
1 58 33 46 -2 19 0 0.00 0.0 0 4.8 10 140 M M 3 14 80
2 65 40 53 4 12 0 0.00 0.0 0 10.3 18 140 M M 1 24 130
3 72 40 56 7 9 0 0.01 0.0 0 10.5 20 340 M M 9 24 310
4 48 35 42 -7 23 0 0.01 0.0 0 8.3 16 320 M M 8 1 23 330
5 61 34 48 -2 17 0 0.00 0.0 0 6.2 15 80 M M 2 1 20 70
6 70 39 55 5 10 0 T 0.0 0 7.0 17 220 M M 7 1 27 230
7 81 60 71 21 0 6 0.00 0.0 0 10.6 20 200 M M 4 29 200
8 87 49 68 17 0 3 0.23 0.0 0 9.8 32 360 M M 0 13 50 320
9 58 36 47 -4 18 0 0.00 0.0 0 17.3 35 280 M M 2 46 330
10 57 30 44 -8 21 0 0.00 0.0 0 9.2 20 260 M M 1 8 28 300
11 67 44 56 4 9 0 0.04 0.0 0 12.7 28 180 M M 6 3 36 190
12 63 40 52 0 13 0 0.16 0.0 0 11.5 29 310 M M 9 1 41 300
13 46 32 39 -14 26 0 0.01 0.0 0 16.4 30 320 M M 4 1 46 290
14 49 30 40 -13 25 0 0.00 0.0 0 11.2 26 260 M M 3 40 270
15 46 29 38 -15 27 0 T 0.0 0 11.3 25 250 M M 4 37 250
16 44 26 35 -19 30 0 0.38 1.0 1 5.6 17 90 M M 8 18 23 70
17 41 32 37 -17 28 0 0.12 0.0 0 9.9 16 350 M M 8 1 22 360
18 59 28 44 -10 21 0 0.00 0.0 0 11.7 23 200 M M 0 30 210
19 68 44 56 1 9 0 0.00 0.0 0 9.1 18 350 M M 0 27 340
20 67 32 50 -5 15 0 0.02 0.0 0 8.6 23 270 M M 3 35 240
21 61 39 50 -6 15 0 0.00 0.0 0 11.6 24 310 M M 1 32 310
22 79 39 59 3 6 0 0.00 0.0 0 14.2 25 200 M M 2 36 170
23 65 49 57 1 8 0 0.49 0.0 0 6.6 13 60 M M 8 12 18 40
24 69 44 57 0 8 0 0.96 0.0 0 6.8 20 40 M M 8 123 26 40
25 50 45 48 -9 17 0 2.19 0.0 0 16.0 25 10 M M 10 1 40 360
26 65 44 55 -2 10 0 0.01 0.0 0 7.9 18 20 M M 1 32 20
27 69 45 57 -1 8 0 0.00 0.0 0 13.1 28 180 M M 3 38 190
28 79 54 67 9 0 2 1.14 0.0 0 11.6 36 320 M M 2 13 50 310
29 60 50 55 -3 10 0 0.66 0.0 0 12.7 22 270 M M 10 1 28 280
30 67 46 57 -2 8 0 0.00 0.0 0 13.3 29 320 M M 2 38 300
================================================================================
SM 1871 1188 422 11 6.43 1.0 315.8 M 129
================================================================================
AV 62.4 39.6 10.5 FASTST M M 4 MAX(MPH)
MISC ----> # 36 320 # 50 320
================================================================================
NOTES:
# LAST OF SEVERAL OCCURRENCES
COLUMN 17 PEAK WIND IN M.P.H.
PRELIMINARY LOCAL CLIMATOLOGICAL DATA (WS FORM: F-6) , PAGE 2
STATION: SPRINGFIELD IL
MONTH: APRIL
YEAR: 2020
LATITUDE: 39 50 N
LONGITUDE: 89 41 W
[TEMPERATURE DATA] [PRECIPITATION DATA] SYMBOLS USED IN COLUMN 16
AVERAGE MONTHLY: 51.0 TOTAL FOR MONTH: 6.43 1 = FOG OR MIST
DPTR FM NORMAL: -2.5 DPTR FM NORMAL: 2.92 2 = FOG REDUCING VISIBILITY
HIGHEST: 87 ON 8 GRTST 24HR 2.19 ON 25-25 TO 1/4 MILE OR LESS
LOWEST: 26 ON 16 3 = THUNDER
SNOW, ICE PELLETS, HAIL 4 = ICE PELLETS
TOTAL MONTH: 1.0 INCH 5 = HAIL
GRTST 24HR 1.0 ON 16-16 6 = FREEZING RAIN OR DRIZZLE
GRTST DEPTH: 1 ON 16 7 = DUSTSTORM OR SANDSTORM:
VSBY 1/2 MILE OR LESS
8 = SMOKE OR HAZE
[NO. OF DAYS WITH] [WEATHER - DAYS WITH] 9 = BLOWING SNOW
X = TORNADO
MAX 32 OR BELOW: 0 0.01 INCH OR MORE: 15
MAX 90 OR ABOVE: 0 0.10 INCH OR MORE: 9
MIN 32 OR BELOW: 8 0.50 INCH OR MORE: 4
MIN 0 OR BELOW: 0 1.00 INCH OR MORE: 2
[HDD (BASE 65) ]
TOTAL THIS MO. 422 CLEAR (SCALE 0-3) 14
DPTR FM NORMAL 59 PTCLDY (SCALE 4-7) 10
TOTAL FM JUL 1 5085 CLOUDY (SCALE 8-10) 6
DPTR FM NORMAL -260
[CDD (BASE 65) ]
TOTAL THIS MO. 11
DPTR FM NORMAL -7 [PRESSURE DATA]
TOTAL FM JAN 1 11 HIGHEST SLP 30.42 ON 16
DPTR FM NORMAL -9 LOWEST SLP 29.45 ON 12
[REMARKS]
#FINAL-04-20#