000
CXUS54 KOUN 010810
CF6SPS
PRELIMINARY LOCAL CLIMATOLOGICAL DATA (WS FORM: F-6)
STATION: WICHITA FALLS
MONTH: JULY
YEAR: 2023
LATITUDE: 33 58 N
LONGITUDE: 98 29 W
TEMPERATURE IN F: :PCPN: SNOW: WIND :SUNSHINE: SKY :PK WND
================================================================================
1 2 3 4 5 6A 6B 7 8 9 10 11 12 13 14 15 16 17 18
12Z AVG MX 2MIN
DY MAX MIN AVG DEP HDD CDD WTR SNW DPTH SPD SPD DIR MIN PSBL S-S WX SPD DR
================================================================================
1 89 70 80 -3 0 15 0.16 0.0 0 8.8 24 180 M M 2 13 30 180
2 99 69 84 1 0 19 0.00 0.0 0 5.1 15 180 M M 1 18 250
3 101 72 87 4 0 22 0.00 0.0 0 10.8 30 40 M M 1 35 30
4 101 73 87 4 0 22 0.00 0.0 0 12.4 24 190 M M 1 30 190
5 102 69 86 2 0 21 0.73 0.0 0 11.7 45 350 M M 3 13 57 350
6 94 69 82 -2 0 17 0.06 0.0 0 8.9 28 170 M M 4 3 34 10
7 96 73 85 1 0 20 T 0.0 0 12.4 39 330 M M 3 3 48 320
8 96 71 84 0 0 19 0.01 0.0 0 6.1 17 350 M M 2 3 21 360
9 87 69 78 -6 0 13 0.63 0.0 0 11.8 43 330 M M 4 13 54 340
10 98 73 86 2 0 21 0.00 0.0 0 7.6 18 90 M M 5 23 90
11 101 74 88 4 0 23 0.00 0.0 0 12.9 24 170 M M 3 3 30 30
12 108 75 92 8 0 27 0.00 0.0 0 13.0 23 190 M M 1 28 190
13 110 81 96 11 0 31 0.25 0.0 0 14.2 48 280 M M 2 3 63 280
14 99 76 88 3 0 23 0.08 0.0 0 8.6 30 10 M M 4 3 36 360
15 91 75 83 -2 0 18 T 0.0 0 9.9 25 340 M M 1 3 29 340
16 93 69 81 -4 0 16 0.14 0.0 0 9.1 31 220 M M 1 3 41 210
17 106 72 89 4 0 24 0.00 0.0 0 7.2 16 240 M M 1 21 240
18 110 78 94 9 0 29 0.00 0.0 0 15.7 28 210 M M 0 36 200
19 110 77 94 9 0 29 0.00 0.0 0 14.3 28 220 M M 1 33 220
20 105 79 92 7 0 27 0.00 0.0 0 9.1 24 240 M M 2 29 240
21 93 75 84 -1 0 19 0.00 0.0 0 11.8 21 320 M M 3 28 30
22 94 69 82 -3 0 17 0.00 0.0 0 7.4 16 50 M M 1 19 20
23 102 66 84 -2 0 19 0.00 0.0 0 6.6 14 150 M M 0 18 150
24 108 72 90 4 0 25 0.00 0.0 0 11.2 18 170 M M 1 24 160
25 109 75 92 6 0 27 0.00 0.0 0 13.5 24 180 M M 1 29 190
26 104 76 90 4 0 25 0.00 0.0 M 13.3 22 220 M M 1 33 210
27 106 77 92 6 0 27 0.00 0.0 0 13.2 22 200 M M 1 27 150
28 105 75 90 4 0 25 0.00 0.0 M 12.7 23 210 M M 0 28 190
29 105 73 89 3 0 24 0.00 0.0 0 9.8 18 230 M M 0 25 210
30 107 73 90 4 0 25 0.00 0.0 0 7.2 18 160 M M 0 23 160
31 108 73 91 5 0 26 0.00 0.0 0 9.3 20 200 M M 1 27 160
================================================================================
SM 3137 2268 0 695 2.06 0.0 325.6 M 51
================================================================================
AV101.2 73.2 10.5 FASTST M M 2 MAX(MPH)
MISC ----> 48 280 63 280
================================================================================
NOTES:
# LAST OF SEVERAL OCCURRENCES
COLUMN 17 PEAK WIND IN M.P.H.
PRELIMINARY LOCAL CLIMATOLOGICAL DATA (WS FORM: F-6) , PAGE 2
STATION: WICHITA FALLS
MONTH: JULY
YEAR: 2023
LATITUDE: 33 58 N
LONGITUDE: 98 29 W
[TEMPERATURE DATA] [PRECIPITATION DATA] SYMBOLS USED IN COLUMN 16
AVERAGE MONTHLY: 87.2 TOTAL FOR MONTH: 2.06 1 = FOG OR MIST
DPTR FM NORMAL: 2.5 DPTR FM NORMAL: 0.04 2 = FOG REDUCING VISIBILITY
HIGHEST: 110 ON 19,18 GRTST 24HR 0.79 ON 5- 6 TO 1/4 MILE OR LESS
LOWEST: 66 ON 23 3 = THUNDER
SNOW, ICE PELLETS, HAIL 4 = ICE PELLETS
TOTAL MONTH: 0.0 INCH 5 = HAIL
GRTST 24HR 0.0 6 = FREEZING RAIN OR DRIZZLE
GRTST DEPTH: 0 7 = DUSTSTORM OR SANDSTORM:
VSBY 1/2 MILE OR LESS
8 = SMOKE OR HAZE
[NO. OF DAYS WITH] [WEATHER - DAYS WITH] 9 = BLOWING SNOW
X = TORNADO
MAX 32 OR BELOW: 0 0.01 INCH OR MORE: 8
MAX 90 OR ABOVE: 29 0.10 INCH OR MORE: 5
MIN 32 OR BELOW: 0 0.50 INCH OR MORE: 2
MIN 0 OR BELOW: 0 1.00 INCH OR MORE: 0
[HDD (BASE 65) ]
TOTAL THIS MO. 0 CLEAR (SCALE 0-3) 26
DPTR FM NORMAL 0 PTCLDY (SCALE 4-7) 5
TOTAL FM JUL 1 0 CLOUDY (SCALE 8-10) 0
DPTR FM NORMAL 0
[CDD (BASE 65) ]
TOTAL THIS MO. 695
DPTR FM NORMAL 84 [PRESSURE DATA]
TOTAL FM JAN 1 1518 HIGHEST SLP M ON M
DPTR FM NORMAL 120 LOWEST SLP 29.62 ON 13
[REMARKS]
#FINAL-07-23#