000
CXUS52 KTBW 011000
CF6SRQ
PRELIMINARY LOCAL CLIMATOLOGICAL DATA (WS FORM: F-6)
STATION: SARASOTA BRADENTON
MONTH: MAY
YEAR: 2023
LATITUDE: 27 23 N
LONGITUDE: 82 33 W
TEMPERATURE IN F: :PCPN: SNOW: WIND :SUNSHINE: SKY :PK WND
================================================================================
1 2 3 4 5 6A 6B 7 8 9 10 11 12 13 14 15 16 17 18
12Z AVG MX 2MIN
DY MAX MIN AVG DEP HDD CDD WTR SNW DPTH SPD SPD DIR MIN PSBL S-S WX SPD DR
================================================================================
1 80 69 75 0 0 10 0.00 0.0 0 10.5 20 300 M M 1 28 290
2 81 73 77 1 0 12 0.00 0.0 0 12.2 17 290 M M 2 23 280
3 84 68 76 0 0 11 0.00 0.0 0 10.2 17 300 M M 1 25 310
4 81 63 72 -4 0 7 0.00 0.0 0 6.0 16 280 M M 0 25 250
5 82 63 73 -3 0 8 0.00 0.0 0 6.0 14 290 M M 0 19 300
6 85 69 77 1 0 12 0.01 0.0 0 9.4 15 90 M M 1 23 100
7 90 68 79 3 0 14 0.00 0.0 0 11.0 21 100 M M 2 27 80
8 83 65 74 -3 0 9 0.00 0.0 0 8.5 15 270 M M 0 23 270
9 85 67 76 -1 0 11 0.00 0.0 0 7.6 16 290 M M 0 25 280
10 89 70 80 3 0 15 0.00 0.0 0 7.3 16 290 M M 0 21 280
11 91 71 81 4 0 16 0.00 0.0 0 7.6 14 130 M M 1 22 270
12 92 71 82 5 0 17 T 0.0 0 9.9 18 110 M M 2 3 27 110
13 87 72 80 3 0 15 T 0.0 0 9.3 17 90 M M 3 3 32 30
14 87 70 79 1 0 14 T 0.0 0 8.0 17 300 M M 3 23 300
15 92 69 81 3 0 16 0.00 0.0 0 7.9 20 300 M M 0 24 300
16 86 70 78 0 0 13 0.00 0.0 0 8.7 15 270 M M 1 38 24 250
17 86 75 81 3 0 16 0.00 0.0 0 6.9 15 240 M M 2 22 260
18 87 72 80 2 0 15 0.08 0.0 0 5.8 15 260 M M 0 22 270
19 88 71 80 2 0 15 0.00 0.0 0 7.8 17 290 M M 1 23 300
20 89 73 81 3 0 16 T 0.0 0 8.4 18 290 M M 1 3 27 280
21 88 74 81 2 0 16 0.00 0.0 0 8.2 14 270 M M 1 20 250
22 89 73 81 2 0 16 0.00 0.0 0 10.6 21 90 M M 0 27 80
23 89 71 80 1 0 15 T 0.0 0 8.9 18 70 M M 3 3 25 70
24 89 69 79 0 0 14 0.52 0.0 0 8.0 22 30 M M 2 13 33 30
25 88 68 78 -1 0 13 0.04 0.0 0 8.3 18 10 M M 6 13 25 360
26 89 68 79 0 0 14 0.01 0.0 0 8.8 20 30 M M 2 28 30
27 84 67 76 -4 0 11 0.00 0.0 0 8.8 18 270 M M 0 23 280
28 86 69 78 -2 0 13 0.00 0.0 0 8.2 21 310 M M 2 27 340
29 89 69 79 -1 0 14 0.00 0.0 0 7.6 18 320 M M 0 24 310
30 91 71 81 1 0 16 0.00 0.0 0 7.4 14 110 M M 1 18 120
31 91 71 81 1 0 16 1.61 0.0 0 8.7 33 140 M M 4 13 52 170
================================================================================
SM 2698 2159 0 420 2.27 0.0 262.5 M 42
================================================================================
AV 87.0 69.6 8.5 FASTST M M 1 MAX(MPH)
MISC ----> 33 140 52 170
================================================================================
NOTES:
# LAST OF SEVERAL OCCURRENCES
COLUMN 17 PEAK WIND IN M.P.H.
PRELIMINARY LOCAL CLIMATOLOGICAL DATA (WS FORM: F-6) , PAGE 2
STATION: SARASOTA BRADENTON
MONTH: MAY
YEAR: 2023
LATITUDE: 27 23 N
LONGITUDE: 82 33 W
[TEMPERATURE DATA] [PRECIPITATION DATA] SYMBOLS USED IN COLUMN 16
AVERAGE MONTHLY: 78.3 TOTAL FOR MONTH: 2.27 1 = FOG OR MIST
DPTR FM NORMAL: 0.5 DPTR FM NORMAL: -0.31 2 = FOG REDUCING VISIBILITY
HIGHEST: 92 ON 15,12 GRTST 24HR 1.61 ON 31-31 TO 1/4 MILE OR LESS
LOWEST: 63 ON 5, 4 3 = THUNDER
SNOW, ICE PELLETS, HAIL 4 = ICE PELLETS
TOTAL MONTH: 0.0 INCH 5 = HAIL
GRTST 24HR 0.0 6 = FREEZING RAIN OR DRIZZLE
GRTST DEPTH: 0 7 = DUSTSTORM OR SANDSTORM:
VSBY 1/2 MILE OR LESS
8 = SMOKE OR HAZE
[NO. OF DAYS WITH] [WEATHER - DAYS WITH] 9 = BLOWING SNOW
X = TORNADO
MAX 32 OR BELOW: 0 0.01 INCH OR MORE: 6
MAX 90 OR ABOVE: 6 0.10 INCH OR MORE: 2
MIN 32 OR BELOW: 0 0.50 INCH OR MORE: 2
MIN 0 OR BELOW: 0 1.00 INCH OR MORE: 1
[HDD (BASE 65) ]
TOTAL THIS MO. 0 CLEAR (SCALE 0-3) 28
DPTR FM NORMAL 0 PTCLDY (SCALE 4-7) 3
TOTAL FM JUL 1 242 CLOUDY (SCALE 8-10) 0
DPTR FM NORMAL -152
[CDD (BASE 65) ]
TOTAL THIS MO. 420
DPTR FM NORMAL 22 [PRESSURE DATA]
TOTAL FM JAN 1 1228 HIGHEST SLP 30.13 ON 7
DPTR FM NORMAL 322 LOWEST SLP 29.69 ON 25
[REMARKS]
#FINAL-05-23#