000
CXUS53 KEAX 010736
CF6STJ
PRELIMINARY LOCAL CLIMATOLOGICAL DATA (WS FORM: F-6)
STATION: ST. JOSEPH MO
MONTH: JULY
YEAR: 2022
LATITUDE: 39 46 N
LONGITUDE: 94 55 W
TEMPERATURE IN F: :PCPN: SNOW: WIND :SUNSHINE: SKY :PK WND
================================================================================
1 2 3 4 5 6A 6B 7 8 9 10 11 12 13 14 15 16 17 18
12Z AVG MX 2MIN
DY MAX MIN AVG DEP HDD CDD WTR SNW DPTH SPD SPD DIR MIN PSBL S-S WX SPD DR
================================================================================
1 80 67 74 -3 0 9 T M M 5.5 13 20 M M 2 16 360
2 80 63 72 -5 0 7 0.23 M M 5.9 13 80 M M 6 1 17 130
3 86 65 76 -1 0 11 0.00 M M 6.2 21 170 M M 5 1 32 180
4 93 72 83 6 0 18 0.00 M M 11.0 22 190 M M 0 31 190
5 93 73 83 6 0 18 0.05 M M 8.5 15 20 M M 2 25 20
6 82 72 77 0 0 12 0.10 M M 5.9 16 90 M M 4 1 21 80
7 84 68 76 -1 0 11 4.61 M M 8.7 37 310 M M 7 13 59 310
8 85 68 77 -1 0 12 0.49 M M 7.6 23 270 M M 4 13 29 270
9 84 67 76 -2 0 11 0.00 M M 6.8 13 70 M M 3 19 70
10 87 66 77 -1 0 12 0.00 M M 7.5 16 170 M M 0 20 210
11 87 66 77 -1 0 12 0.00 M M 6.8 21 350 M M 0 32 350
12 82 59 71 -7 0 6 0.00 M M 4.3 15 350 M M 1 22 350
13 86 58 72 -6 0 7 0.00 M M 2.3 8 160 M M 1 12 13 280
14 92 67 80 2 0 15 0.00 M M 7.8 13 180 M M 2 18 140
15 93 71 82 4 0 17 0.40 M M 8.8 22 210 M M 1 13 32 200
16 84 73 79 1 0 14 T M M 7.0 14 90 M M 6 1 20 60
17 85 67 76 -2 0 11 0.52 M M 5.3 16 240 M M 5 13 23 240
18 86 63 75 -3 0 10 0.00 M M 2.2 7 180 M M 2 128 10 230
19 90 66 78 0 0 13 0.00 M M 6.1 15 190 M M 0 21 180
20 86 65 76 -2 0 11 0.00 M M 5.8 15 320 M M 0 1 20 330
21 92 60 76 -2 0 11 0.00 M M 2.6 10 360 M M 0 12 13 360
22 92 66 79 1 0 14 0.00 M M 6.9 15 190 M M 0 20 170
23 93 75 84 6 0 19 0.00 M M 10.6 20 190 M M 0 26 210
24 84 65 75 -3 0 10 0.00 M M 8.1 16 10 M M 0 23 190
25 71 64 68 -10 0 3 0.14 M M 4.9 13 70 M M 7 13 21 90
26 71 62 67 -11 0 2 0.15 M M 4.0 14 120 M M 9 13 19 120
27 85 68 77 -1 0 12 0.06 M M 2.6 10 180 M M 4 1 14 180
28 80 60 70 -8 0 5 0.06 M M 5.5 14 10 M M 3 1 18 350
29 79 53 66 -12 0 1 0.00 M M 2.1 7 330 M M 0 10 320
30 83 55 69 -9 0 4 0.00 M M 6.2 15 140 M M 4 12 22 130
31 85 64 75 -3 0 10 0.00 M M 5.4 12 200 M M 4 1 16 190
================================================================================
SM 2640 2028 0 328 6.81 M 188.9 M 82
================================================================================
AV 85.2 65.4 6.1 FASTST M M 3 MAX(MPH)
MISC ----> 37 310 59 310
================================================================================
NOTES:
# LAST OF SEVERAL OCCURRENCES
COLUMN 17 PEAK WIND IN M.P.H.
PRELIMINARY LOCAL CLIMATOLOGICAL DATA (WS FORM: F-6) , PAGE 2
STATION: ST. JOSEPH MO
MONTH: JULY
YEAR: 2022
LATITUDE: 39 46 N
LONGITUDE: 94 55 W
[TEMPERATURE DATA] [PRECIPITATION DATA] SYMBOLS USED IN COLUMN 16
AVERAGE MONTHLY: 75.3 TOTAL FOR MONTH: 6.81 1 = FOG OR MIST
DPTR FM NORMAL: -2.4 DPTR FM NORMAL: 2.08 2 = FOG REDUCING VISIBILITY
HIGHEST: 93 ON 23,15 GRTST 24HR 5.09 ON 7- 8 TO 1/4 MILE OR LESS
LOWEST: 53 ON 29 3 = THUNDER
SNOW, ICE PELLETS, HAIL 4 = ICE PELLETS
TOTAL MONTH: M 5 = HAIL
GRTST 24HR M ON M 6 = FREEZING RAIN OR DRIZZLE
GRTST DEPTH: M ON M 7 = DUSTSTORM OR SANDSTORM:
VSBY 1/2 MILE OR LESS
8 = SMOKE OR HAZE
[NO. OF DAYS WITH] [WEATHER - DAYS WITH] 9 = BLOWING SNOW
X = TORNADO
MAX 32 OR BELOW: 0 0.01 INCH OR MORE: 11
MAX 90 OR ABOVE: 8 0.10 INCH OR MORE: 8
MIN 32 OR BELOW: 0 0.50 INCH OR MORE: 2
MIN 0 OR BELOW: 0 1.00 INCH OR MORE: 1
[HDD (BASE 65) ]
TOTAL THIS MO. 0 CLEAR (SCALE 0-3) 19
DPTR FM NORMAL -1 PTCLDY (SCALE 4-7) 11
TOTAL FM JUL 1 0 CLOUDY (SCALE 8-10) 1
DPTR FM NORMAL 0
[CDD (BASE 65) ]
TOTAL THIS MO. 328
DPTR FM NORMAL -66 [PRESSURE DATA]
TOTAL FM JAN 1 749 HIGHEST SLP M ON M
DPTR FM NORMAL -55 LOWEST SLP 29.69 ON 19
[REMARKS]
#FINAL-07-22#