000
CXUS53 KEAX 011613
CLSSTJ
CLIMATE REPORT
NATIONAL WEATHER SERVICE KANSAS CITY/PLEASANT HILL MO
1008 AM CST FRI DEC 01 2023
...................................
...THE ST. JOSEPH MO CLIMATE SUMMARY FOR THE SEASON, FROM
9/1/2023 TO 11/30/2023...
CLIMATE NORMAL PERIOD: 1991 TO 2020
CLIMATE RECORD PERIOD: 1892 TO 2023
WEATHER OBSERVED NORMAL DEPART LAST YEAR`S
VALUE DATE(S) VALUE FROM VALUE DATE(S)
NORMAL
................................................................
TEMPERATURE (F)
RECORD
HIGH 107 09/03/1947
LOW -5 11/08/1991
HIGHEST 98 09/05 92 6 97 09/20
LOWEST 11 11/28 14 -3 12 11/13
11/30
AVG. MAXIMUM 71.0 67.0 4.0 67.2
AVG. MINIMUM 43.0 42.6 0.4 38.7
MEAN 57.0 54.8 2.2 53.0
DAYS MAX >= 90 8 4.8 3.2 2
DAYS MAX <= 32 0 1.3 -1.3 3
DAYS MIN <= 32 25 23.0 2.0 31
DAYS MIN <= 0 0 0.0 0.0 0
PRECIPITATION (INCHES)
RECORD
MAXIMUM 19.63 1986
MINIMUM 2.44 1917
TOTALS 3.83 7.89 -4.06 5.94
DAILY AVG. 0.04 0.09 -0.05 0.07
DAYS >= .01 21 22.3 -1.3 16
DAYS >= .10 9 12.5 -3.5 9
DAYS >= .50 2 4.6 -2.6 6
DAYS >= 1.00 0 2.3 -2.3 1
GREATEST
24 HR. TOTAL 0.86
DEGREE DAYS
HEATING TOTAL 937 1088 -151 1186
COOLING TOTAL 237 159 78 139
................................................................
WIND (MPH)
AVERAGE WIND SPEED 7.1
HIGHEST WIND SPEED/DIRECTION 33/140 DATE 09/22
HIGHEST GUST SPEED/DIRECTION 43/140 DATE 09/22
SKY COVER
POSSIBLE SUNSHINE (PERCENT) MM
AVERAGE SKY COVER 0.26
NUMBER OF DAYS FAIR 63
NUMBER OF DAYS PC 18
NUMBER OF DAYS CLOUDY 10
AVERAGE RH (PERCENT) 66
WEATHER CONDITIONS. NUMBER OF DAYS WITH
THUNDERSTORM 9 MIXED PRECIP 0
HEAVY RAIN 6 RAIN 8
LIGHT RAIN 22 FREEZING RAIN 0
LT FREEZING RAIN 0 HAIL 0
HEAVY SNOW 0 SNOW 0
LIGHT SNOW 2 SLEET 0
FOG 54 FOG W/VIS <= 1/4 MILE 25
HAZE 32
- INDICATES NEGATIVE NUMBERS.
R INDICATES RECORD WAS SET OR TIED.
MM INDICATES DATA IS MISSING.
T INDICATES TRACE AMOUNT.
$$