000
CXUS53 KLSX 011400
CF6STL
PRELIMINARY LOCAL CLIMATOLOGICAL DATA (WS FORM: F-6)
STATION: ST. LOUIS
MONTH: MAY
YEAR: 2023
LATITUDE: 38 45 N
LONGITUDE: 90 23 W
TEMPERATURE IN F: :PCPN: SNOW: WIND :SUNSHINE: SKY :PK WND
================================================================================
1 2 3 4 5 6A 6B 7 8 9 10 11 12 13 14 15 16 17 18
12Z AVG MX 2MIN
DY MAX MIN AVG DEP HDD CDD WTR SNW DPTH SPD SPD DIR MIN PSBL S-S WX SPD DR
================================================================================
1 66 48 57 -6 8 0 0.00 0.0 0 17.6 31 280 M M 3 44 310
2 68 46 57 -6 8 0 0.00 0.0 0 14.0 29 310 M M 2 44 280
3 70 43 57 -6 8 0 0.00 0.0 0 7.0 20 350 M M 1 8 27 350
4 77 45 61 -3 4 0 0.00 0.0 0 5.4 15 180 M M 5 20 180
5 76 56 66 2 0 1 0.00 0.0 0 11.9 24 140 M M 8 35 140
6 81 63 72 8 0 7 T 0.0 0 14.0 25 170 M M 8 36 170
7 93 65 79 14 0 14 0.00 0.0 0 12.7 30 120 M M 6 18 38 50
8 87 63 75 10 0 10 0.53 0.0 0 11.2 26 320 M M 8 13 35 70
9 76 60 68 3 0 3 0.00 0.0 0 8.7 17 40 M M 7 18 22 40
10 82 63 73 7 0 8 0.01 0.0 0 10.1 17 120 M M 8 25 110
11 80 64 72 6 0 7 0.13 0.0 0 9.6 15 140 M M 9 22 140
12 82 69 76 10 0 11 T 0.0 0 6.9 13 140 M M 8 16 130
13 85 68 77 11 0 12 0.62 0.0 0 5.5 30 320 M M 7 13 41 340
14 90 68 79 12 0 14 0.11 0.0 0 5.2 21 210 M M 9 1238 26 210
15 75 63 69 2 0 4 0.01 0.0 0 7.5 13 20 M M 10 1 18 40
16 69 60 65 -3 0 0 0.20 0.0 0 6.9 16 350 M M 8 1 21 10
17 83 57 70 2 0 5 0.00 0.0 0 3.8 13 360 M M 5 8 16 330
18 83 62 73 5 0 8 0.00 0.0 0 7.3 13 200 M M 5 18 200
19 83 58 71 3 0 6 T 0.0 0 9.1 18 340 M M 8 8 26 320
20 73 53 63 -6 2 0 0.00 0.0 0 7.4 17 10 M M 2 22 340
21 78 52 65 -4 0 0 0.00 0.0 0 4.5 15 140 M M 4 20 140
22 81 55 68 -1 0 3 0.00 0.0 0 4.7 14 160 M M 6 20 150
23 85 56 71 1 0 6 0.00 0.0 0 5.8 15 110 M M 4 21 70
24 88 67 78 8 0 13 0.00 0.0 0 5.6 18 60 M M 3 25 70
25 81 62 72 2 0 7 0.00 0.0 0 9.1 18 60 M M 3 24 80
26 77 55 66 -5 0 1 0.00 0.0 0 5.8 16 60 M M 0 21 70
27 81 57 69 -2 0 4 0.00 0.0 0 5.5 17 90 M M 5 23 80
28 82 60 71 0 0 6 0.00 0.0 0 4.9 15 80 M M 4 20 70
29 87 60 74 2 0 9 0.00 0.0 0 3.3 10 20 M M 6 14 360
30 90 62 76 4 0 11 0.00 0.0 0 4.2 13 140 M M 5 19 130
31 91 69 80 8 0 15 0.00 0.0 0 5.8 14 190 M M 6 20 160
================================================================================
SM 2500 1829 30 185 1.61 0.0 241.0 M 173
================================================================================
AV 80.6 59.0 7.8 FASTST M M 6 MAX(MPH)
MISC ----> 31 280 # 44 310
================================================================================
NOTES:
# LAST OF SEVERAL OCCURRENCES
COLUMN 17 PEAK WIND IN M.P.H.
PRELIMINARY LOCAL CLIMATOLOGICAL DATA (WS FORM: F-6) , PAGE 2
STATION: ST. LOUIS
MONTH: MAY
YEAR: 2023
LATITUDE: 38 45 N
LONGITUDE: 90 23 W
[TEMPERATURE DATA] [PRECIPITATION DATA] SYMBOLS USED IN COLUMN 16
AVERAGE MONTHLY: 69.8 TOTAL FOR MONTH: 1.61 1 = FOG OR MIST
DPTR FM NORMAL: 2.3 DPTR FM NORMAL: -3.21 2 = FOG REDUCING VISIBILITY
HIGHEST: 93 ON 7 GRTST 24HR 0.62 ON 12-13 TO 1/4 MILE OR LESS
LOWEST: 43 ON 3 3 = THUNDER
SNOW, ICE PELLETS, HAIL 4 = ICE PELLETS
TOTAL MONTH: 0.0 INCH 5 = HAIL
GRTST 24HR 0.0 6 = FREEZING RAIN OR DRIZZLE
GRTST DEPTH: 0 7 = DUSTSTORM OR SANDSTORM:
VSBY 1/2 MILE OR LESS
8 = SMOKE OR HAZE
[NO. OF DAYS WITH] [WEATHER - DAYS WITH] 9 = BLOWING SNOW
X = TORNADO
MAX 32 OR BELOW: 0 0.01 INCH OR MORE: 7
MAX 90 OR ABOVE: 4 0.10 INCH OR MORE: 5
MIN 32 OR BELOW: 0 0.50 INCH OR MORE: 2
MIN 0 OR BELOW: 0 1.00 INCH OR MORE: 0
[HDD (BASE 65) ]
TOTAL THIS MO. 30 CLEAR (SCALE 0-3) 7
DPTR FM NORMAL -42 PTCLDY (SCALE 4-7) 19
TOTAL FM JUL 1 3922 CLOUDY (SCALE 8-10) 5
DPTR FM NORMAL -507
[CDD (BASE 65) ]
TOTAL THIS MO. 185
DPTR FM NORMAL 35 [PRESSURE DATA]
TOTAL FM JAN 1 221 HIGHEST SLP 30.25 ON 26
DPTR FM NORMAL 26 LOWEST SLP 29.63 ON 1
[REMARKS]
#FINAL-05-23#