743
CXUS53 KGRB 010659
CF6SUE
PRELIMINARY LOCAL CLIMATOLOGICAL DATA (WS FORM: F-6)
STATION: STURGEON BAY WI
MONTH: AUGUST
YEAR: 2020
LATITUDE: 44 55 N
LONGITUDE: 87 25 W
TEMPERATURE IN F: :PCPN: SNOW: WIND :SUNSHINE: SKY :PK WND
================================================================================
1 2 3 4 5 6A 6B 7 8 9 10 11 12 13 14 15 16 17 18
12Z AVG MX 2MIN
DY MAX MIN AVG DEP HDD CDD WTR SNW DPTH SPD SPD DIR MIN PSBL S-S WX SPD DR
================================================================================
1 79 58 69 M 0 4 0.00 0.0 0 2.3 8 70 M M 0 M M
2 75 57 66 M 0 1 0.03 0.0 0 9.4 18 360 M M 5 1 25 360
3 70 56 63 M 2 0 0.00 0.0 0 11.3 18 360 M M 6 24 360
4 70 55 63 M 2 0 0.00 0.0 0 9.1 15 360 M M 4 22 350
5 75 49 62 M 3 0 0.00 0.0 0 5.1 10 180 M M 2 M M
6 78 60 69 M 0 4 T 0.0 0 6.4 10 180 M M 6 M M
7 79 56 68 M 0 3 0.00 0.0 0 8.5 16 180 M M 0 23 180
8 76 64 70 M 0 5 1.94 0.0 0 8.7 13 180 M M 6 13 18 180
9 87 70 79 M 0 14 T 0.0 0 9.9 16 180 M M 1 3 22 180
10 85 61 73 M 0 8 0.82 0.0 0 7.6 14 230 M M 3 13 21 230
11 82 58 70 M 0 5 0.00 0.0 0 6.3 13 270 M M 0 M M
12 84 61 73 M 0 8 0.00 0.0 0 4.4 7 170 M M 0 M M
13 83 65 74 M 0 9 T 0.0 0 4.2 7 100 M M 2 M M
14 83 63 73 M 0 8 0.00 0.0 0 3.4 9 140 M M 1 M M
15 78 64 71 M 0 6 T 0.0 0 6.4 13 30 M M 4 8 M M
16 78 56 67 M 0 2 0.05 0.0 0 5.1 9 160 M M 2 3 M M
17 77 59 68 M 0 3 0.01 0.0 0 5.4 8 80 M M 3 1 M M
18 72 55 64 M 1 0 0.00 0.0 0 4.7 14 350 M M 1 M M
19 77 55 66 M 0 1 0.00 0.0 0 7.2 14 160 M M 4 M M
20 84 65 75 M 0 10 T 0.0 0 11.4 22 240 M M 2 28 240
21 84 65 75 M 0 10 T 0.0 0 6.7 10 170 M M 2 M M
22 80 66 73 M 0 8 0.42 0.0 0 6.8 15 160 M M 3 13 22 180
23 81 64 73 M 0 8 0.00 0.0 0 5.3 9 160 M M 2 M M
24 84 70 77 M 0 12 T 0.0 0 6.8 12 250 M M 1 1 18 310
25 82 62 72 M 0 7 T 0.0 0 4.6 10 150 M M 2 13 M M
26 89 63 76 M 0 11 M 0.0 0 11.5 17 150 M M 2 13 22 220
27 80 69 75 M 0 10 M 0.0 0 6.8 12 270 M M 4 M M
28 74 63 69 M 0 4 M 0.0 0 9.4 18 330 M M 8 13 31 300
29 73 59 66 M 0 1 M 0.0 0 14.2 22 320 M M 6 31 330
30 66 54 60 M 5 0 M 0.0 0 6.0 10 360 M M 5 M M
31 73 54 64 M 1 0 M 0.0 0 8.8 23 180 M M 5 8 36 180
================================================================================
SM 2438 1876 14 162 3.27 0.0 223.7 M 92
================================================================================
AV 78.7 60.5 7.2 FASTST M M 3 MAX(MPH)
MISC ----> # 23 180 # 36 180
================================================================================
NOTES:
# LAST OF SEVERAL OCCURRENCES
COLUMN 17 PEAK WIND IN M.P.H.
PRELIMINARY LOCAL CLIMATOLOGICAL DATA (WS FORM: F-6) , PAGE 2
STATION: STURGEON BAY WI
MONTH: AUGUST
YEAR: 2020
LATITUDE: 44 55 N
LONGITUDE: 87 25 W
[TEMPERATURE DATA] [PRECIPITATION DATA] SYMBOLS USED IN COLUMN 16
AVERAGE MONTHLY: 69.6 TOTAL FOR MONTH: 3.27 1 = FOG OR MIST
DPTR FM NORMAL: M DPTR FM NORMAL: M 2 = FOG REDUCING VISIBILITY
HIGHEST: 89 ON 26 GRTST 24HR 1.94 ON 8- 8 TO 1/4 MILE OR LESS
LOWEST: 49 ON 5 3 = THUNDER
SNOW, ICE PELLETS, HAIL 4 = ICE PELLETS
TOTAL MONTH: 0.0 INCH 5 = HAIL
GRTST 24HR 0.0 6 = FREEZING RAIN OR DRIZZLE
GRTST DEPTH: 0 7 = DUSTSTORM OR SANDSTORM:
VSBY 1/2 MILE OR LESS
8 = SMOKE OR HAZE
[NO. OF DAYS WITH] [WEATHER - DAYS WITH] 9 = BLOWING SNOW
X = TORNADO
MAX 32 OR BELOW: 0 0.01 INCH OR MORE: 6
MAX 90 OR ABOVE: 0 0.10 INCH OR MORE: 3
MIN 32 OR BELOW: 0 0.50 INCH OR MORE: 2
MIN 0 OR BELOW: 0 1.00 INCH OR MORE: 1
[HDD (BASE 65) ]
TOTAL THIS MO. 14 CLEAR (SCALE 0-3) 18
DPTR FM NORMAL M PTCLDY (SCALE 4-7) 13
TOTAL FM JUL 1 16 CLOUDY (SCALE 8-10) 0
DPTR FM NORMAL M
[CDD (BASE 65) ]
TOTAL THIS MO. 162
DPTR FM NORMAL M [PRESSURE DATA]
TOTAL FM JAN 1 483 HIGHEST SLP M ON M
DPTR FM NORMAL 483 LOWEST SLP M ON M
[REMARKS]
#FINAL-08-20#