000
CXUS53 KLSX 011400
CF6SUS
PRELIMINARY LOCAL CLIMATOLOGICAL DATA (WS FORM: F-6)
STATION: SPIRIT OF ST LOUIS MO
MONTH: MARCH
YEAR: 2024
LATITUDE: 38 39 N
LONGITUDE: 90 38 W
TEMPERATURE IN F: :PCPN: SNOW: WIND :SUNSHINE: SKY :PK WND
================================================================================
1 2 3 4 5 6A 6B 7 8 9 10 11 12 13 14 15 16 17 18
12Z AVG MX 2MIN
DY MAX MIN AVG DEP HDD CDD WTR SNW DPTH SPD SPD DIR MIN PSBL S-S WX SPD DR
================================================================================
1 50 26 38 -3 27 0 0.05 M 0 2.2 9 180 M M 6 1 14 180
2 67 25 46 5 19 0 0.00 0.0 0 5.1 15 150 M M 0 1 23 130
3 76 50 63 22 2 0 0.00 0.0 0 11.0 23 160 M M 0 36 180
4 77 60 69 27 0 4 0.00 0.0 0 8.9 22 190 M M 2 36 160
5 68 48 58 16 7 0 0.00 0.0 0 8.6 16 330 M M 9 1 24 180
6 60 36 48 6 17 0 0.00 0.0 0 6.4 16 50 M M 2 1 21 20
7 56 33 45 2 20 0 0.15 M M 5.0 14 130 M M 8 128 21 140
8 59 44 52 9 13 0 0.23 0.0 M 8.5 20 290 M M 9 18 24 300
9 51 33 42 -2 23 0 0.00 0.0 0 11.8 23 310 M M 4 1 31 290
10 56 23 40 -4 25 0 0.00 0.0 0 4.5 14 300 M M 0 19 290
11 70 25 48 4 17 0 0.00 0.0 0 5.9 21 220 M M 0 28 230
12 75 34 55 11 10 0 0.00 0.0 0 7.6 18 190 M M 0 8 28 190
13 78 46 62 17 3 0 0.01 0.0 0 6.5 16 240 M M 2 8 23 170
14 80 53 67 22 0 2 0.84 0.0 0 8.8 45 240 M M 5 13 83 240
15 62 37 50 4 15 0 0.00 0.0 0 8.5 18 20 M M 5 27 30
16 68 34 51 5 14 0 0.00 0.0 0 9.0 24 250 M M 1 36 240
17 53 30 42 -4 23 0 0.00 0.0 0 10.7 23 300 M M 2 30 290
18 40 23 32 -15 33 0 0.00 0.0 0 9.8 23 290 M M 0 31 300
19 70 24 47 0 18 0 0.00 0.0 0 9.9 25 230 M M 0 37 240
20 57 31 44 -3 21 0 0.00 0.0 0 6.0 17 330 M M 0 24 20
21 54 30 42 -6 23 0 0.00 0.0 0 6.6 16 60 M M 3 22 70
22 65 31 48 0 17 0 0.01 0.0 0 8.3 22 350 M M 5 18 31 360
23 50 35 43 -5 22 0 0.00 0.0 0 9.0 20 20 M M 4 27 10
24 65 40 53 4 12 0 0.00 0.0 0 9.5 18 120 M M 1 29 120
25 63 50 57 8 8 0 1.25 0.0 0 9.3 25 180 M M 8 1 39 190
26 51 38 45 -4 20 0 0.07 0.0 0 13.5 28 250 M M 9 1 41 250
27 53 31 42 -8 23 0 0.00 0.0 0 5.3 15 300 M M 2 19 300
28 66 26 46 -4 19 0 0.00 0.0 0 4.8 18 240 M M 0 25 250
29 76 35 56 6 9 0 0.00 0.0 0 8.4 20 170 M M 0 31 170
30 77 58 68 17 0 3 0.00 0.0 0 9.5 20 240 M M 4 27 250
31 82 54 68 17 0 3 0.00 0.0 M 7.5 20 200 M M 6 33 210
================================================================================
SM 1975 1143 460 12 2.61 0.0 246.4 M 97
================================================================================
AV 63.7 36.9 7.9 FASTST M M 3 MAX(MPH)
MISC ----> 45 240 83 240
================================================================================
NOTES:
# LAST OF SEVERAL OCCURRENCES
COLUMN 17 PEAK WIND IN M.P.H.
PRELIMINARY LOCAL CLIMATOLOGICAL DATA (WS FORM: F-6) , PAGE 2
STATION: SPIRIT OF ST LOUIS MO
MONTH: MARCH
YEAR: 2024
LATITUDE: 38 39 N
LONGITUDE: 90 38 W
[TEMPERATURE DATA] [PRECIPITATION DATA] SYMBOLS USED IN COLUMN 16
AVERAGE MONTHLY: 50.3 TOTAL FOR MONTH: 2.61 1 = FOG OR MIST
DPTR FM NORMAL: 4.4 DPTR FM NORMAL: -0.87 2 = FOG REDUCING VISIBILITY
HIGHEST: 82 ON 31 GRTST 24HR 1.32 ON 25-26 TO 1/4 MILE OR LESS
LOWEST: 23 ON 18,10 3 = THUNDER
SNOW, ICE PELLETS, HAIL 4 = ICE PELLETS
TOTAL MONTH: 0.0 INCH 5 = HAIL
GRTST 24HR 0.0 6 = FREEZING RAIN OR DRIZZLE
GRTST DEPTH: 0 7 = DUSTSTORM OR SANDSTORM:
VSBY 1/2 MILE OR LESS
8 = SMOKE OR HAZE
[NO. OF DAYS WITH] [WEATHER - DAYS WITH] 9 = BLOWING SNOW
X = TORNADO
MAX 32 OR BELOW: 0 0.01 INCH OR MORE: 8
MAX 90 OR ABOVE: 0 0.10 INCH OR MORE: 4
MIN 32 OR BELOW: 12 0.50 INCH OR MORE: 2
MIN 0 OR BELOW: 0 1.00 INCH OR MORE: 1
[HDD (BASE 65) ]
TOTAL THIS MO. 460 CLEAR (SCALE 0-3) 18
DPTR FM NORMAL -138 PTCLDY (SCALE 4-7) 9
TOTAL FM JUL 1 3756 CLOUDY (SCALE 8-10) 4
DPTR FM NORMAL -513
[CDD (BASE 65) ]
TOTAL THIS MO. 12
DPTR FM NORMAL 6 [PRESSURE DATA]
TOTAL FM JAN 1 17 HIGHEST SLP 30.34 ON 23
DPTR FM NORMAL 11 LOWEST SLP 29.42 ON 25
[REMARKS]
#FINAL-03-24#