000
CXUS54 KEPZ 011200
CF6SVC
PRELIMINARY LOCAL CLIMATOLOGICAL DATA (WS FORM: F-6)
STATION: SILVER CITY
MONTH: APRIL
YEAR: 2020
LATITUDE: 32 37 N
LONGITUDE: 108 10 W
TEMPERATURE IN F: :PCPN: SNOW: WIND :SUNSHINE: SKY :PK WND
================================================================================
1 2 3 4 5 6A 6B 7 8 9 10 11 12 13 14 15 16 17 18
12Z AVG MX 2MIN
DY MAX MIN AVG DEP HDD CDD WTR SNW DPTH SPD SPD DIR MIN PSBL S-S WX SPD DR
================================================================================
1 73 41 57 M 8 0 0.00 0.0 0 11.3 22 250 M M 3 37 250
2 71 41 56 M 9 0 0.00 0.0 0 12.9 23 250 M M 0 30 250
3 69 34 52 M 13 0 0.00 M 0 9.2 18 200 M M 2 24 180
4 70 36 53 M 12 0 0.00 M 0 8.4 18 270 M M 0 24 270
5 70 35 53 M 12 0 0.00 M 0 7.2 17 210 M M 0 24 220
6 69 36 53 M 12 0 0.00 0.0 0 7.7 14 240 M M 0 20 240
7 70 35 53 M 12 0 0.00 0.0 0 7.3 12 260 M M 3 20 310
8 71 38 55 M 10 0 0.00 0.0 0 8.8 16 210 M M 1 21 240
9 67 37 52 M 13 0 0.00 0.0 0 9.6 20 220 M M 0 30 220
10 68 32 50 M 15 0 0.00 0.0 0 8.1 17 230 M M 0 28 230
11 62 32 47 M 18 0 0.00 0.0 0 11.0 23 260 M M 2 37 260
12 62 35 49 M 16 0 0.00 0.0 0 15.8 29 280 M M 2 36 280
13 65 35 50 M 15 0 0.00 0.0 0 14.4 33 280 M M 3 43 260
14 64 32 48 M 17 0 0.00 0.0 0 9.3 16 300 M M 1 25 340
15 67 29 48 M 17 0 0.00 0.0 0 9.4 18 280 M M 2 25 270
16 72 37 55 M 10 0 0.00 0.0 0 12.3 18 270 M M 0 29 280
17 72 36 54 M 11 0 0.00 0.0 0 8.7 16 260 M M 0 25 200
18 70 34 52 M 13 0 0.00 0.0 0 13.0 24 270 M M 0 36 270
19 70 40 55 M 10 0 0.00 0.0 0 11.5 16 260 M M 0 25 260
20 73 39 56 M 9 0 0.00 0.0 0 11.5 22 280 M M 0 29 280
21 75 39 57 M 8 0 0.00 0.0 0 14.0 24 270 M M 0 36 270
22 74 42 58 M 7 0 0.00 0.0 0 11.4 18 300 M M 1 28 290
23 77 39 58 M 7 0 0.00 0.0 0 14.1 23 300 M M 0 36 270
24 81 41 61 M 4 0 0.00 0.0 0 10.8 23 270 M M 0 28 300
25 79 46 63 M 2 0 0.00 0.0 0 7.6 15 160 M M 0 21 160
26 85 45 65 M 0 0 0.00 0.0 0 8.6 16 280 M M 0 21 240
27 83 47 65 M 0 0 0.00 0.0 0 10.0 17 270 M M 0 30 260
28 86 44 65 M 0 0 0.03 M 0 13.5 24 290 M M 0 31 290
29 79 49 64 M 1 0 0.00 0.0 0 8.7 18 140 M M 0 25 140
30 84 45 65 M 0 0 0.00 0.0 0 4.6 9 210 M M 0 17 150
================================================================================
SM 2178 1151 281 0 0.03 0.0 310.7 M 20
================================================================================
AV 72.6 38.4 10.4 FASTST M M 1 MAX(MPH)
MISC ----> # 33 280 # 43 260
================================================================================
NOTES:
# LAST OF SEVERAL OCCURRENCES
COLUMN 17 PEAK WIND IN M.P.H.
PRELIMINARY LOCAL CLIMATOLOGICAL DATA (WS FORM: F-6) , PAGE 2
STATION: SILVER CITY
MONTH: APRIL
YEAR: 2020
LATITUDE: 32 37 N
LONGITUDE: 108 10 W
[TEMPERATURE DATA] [PRECIPITATION DATA] SYMBOLS USED IN COLUMN 16
AVERAGE MONTHLY: 55.5 TOTAL FOR MONTH: 0.03 1 = FOG OR MIST
DPTR FM NORMAL: M DPTR FM NORMAL: M 2 = FOG REDUCING VISIBILITY
HIGHEST: 86 ON 28 GRTST 24HR 0.03 ON 28-28 TO 1/4 MILE OR LESS
LOWEST: 29 ON 15 3 = THUNDER
SNOW, ICE PELLETS, HAIL 4 = ICE PELLETS
TOTAL MONTH: 0.0 INCH 5 = HAIL
GRTST 24HR 0.0 6 = FREEZING RAIN OR DRIZZLE
GRTST DEPTH: 0 7 = DUSTSTORM OR SANDSTORM:
VSBY 1/2 MILE OR LESS
8 = SMOKE OR HAZE
[NO. OF DAYS WITH] [WEATHER - DAYS WITH] 9 = BLOWING SNOW
X = TORNADO
MAX 32 OR BELOW: 0 0.01 INCH OR MORE: 1
MAX 90 OR ABOVE: 0 0.10 INCH OR MORE: 0
MIN 32 OR BELOW: 4 0.50 INCH OR MORE: 0
MIN 0 OR BELOW: 0 1.00 INCH OR MORE: 0
[HDD (BASE 65) ]
TOTAL THIS MO. 281 CLEAR (SCALE 0-3) 30
DPTR FM NORMAL M PTCLDY (SCALE 4-7) 0
TOTAL FM JUL 1 3744 CLOUDY (SCALE 8-10) 0
DPTR FM NORMAL M
[CDD (BASE 65) ]
TOTAL THIS MO. 0
DPTR FM NORMAL M [PRESSURE DATA]
TOTAL FM JAN 1 0 HIGHEST SLP M ON M
DPTR FM NORMAL M LOWEST SLP M ON M
[REMARKS]
#FINAL-04-20#