000
CXUS54 KEWX 132134
CF6T82
PRELIMINARY LOCAL CLIMATOLOGICAL DATA (WS FORM: F-6)
STATION: FREDERICKSBURG
MONTH: DECEMBER
YEAR: 2020
LATITUDE: 30 15 N
LONGITUDE: 98 55 W
TEMPERATURE IN F: :PCPN: SNOW: WIND :SUNSHINE: SKY :PK WND
================================================================================
1 2 3 4 5 6A 6B 7 8 9 10 11 12 13 14 15 16 17 18
12Z AVG MX 2MIN
DY MAX MIN AVG DEP HDD CDD WTR SNW DPTH SPD SPD DIR MIN PSBL S-S WX SPD DR
================================================================================
1 58 20 39 M 26 0 0.00 M M 5.8 17 190 M M 0 23 200
2 58 35 47 M 18 0 0.00 M M 8.8 21 310 M M 1 27 310
3 50 32 41 M 24 0 0.00 M M 8.6 21 340 M M 2 25 340
4 55 27 41 M 24 0 0.00 M M 2.9 8 350 M M 0 16 350
5 53 30 42 M 23 0 0.00 M M 0.7 3 50 M M 7 M M
6 63 31 47 M 18 0 0.00 M M 6.2 15 360 M M 0 25 330
7 67 29 48 M 17 0 0.00 M M 3.1 8 10 M M 0 16 310
8 76 31 54 M 11 0 0.00 0.0 0 2.9 8 300 M M 0 M M
9 78 30 54 M 11 0 0.00 0.0 0 3.3 8 180 M M 0 M M
10 76 32 54 M 11 0 0.00 M M 6.1 14 200 M M 0 20 190
11 68 46 57 M 8 0 0.01 M M 3.1 9 160 M M 5 17 200
12 62 35 49 M 16 0 0.00 M M 3.7 8 50 M M 1 1 M M
13 68 37 53 M 12 0 0.00 M M 12.0 26 350 M M 6 12 36 310
14 54 27 41 M 24 0 0.00 M M 6.6 22 360 M M 0 28 360
15 65 35 50 M 15 0 0.00 M M 9.6 16 350 M M 4 31 310
16 56 27 42 M 23 0 0.00 M M 7.7 21 330 M M 0 26 330
17 62 22 42 M 23 0 0.00 M M 3.1 10 260 M M 0 M M
18 61 34 48 M 17 0 0.00 M M 7.5 16 190 M M 7 24 190
19 65 37 51 M 14 0 0.78 M M 6.1 18 340 M M 5 22 340
20 66 32 49 M 16 0 0.00 M M 3.5 12 280 M M 0 M M
21 71 28 50 M 15 0 0.00 M M 2.7 13 210 M M 0 16 210
22 68 35 52 M 13 0 0.00 M M 6.4 16 190 M M 5 23 190
23 75 39 57 M 8 0 0.00 M M 12.5 24 10 M M 4 33 10
24 53 28 41 M 24 0 0.00 M M 10.7 22 360 M M 0 33 360
25 67 29 48 M 17 0 0.00 M M 2.3 7 250 M M 0 M M
26 66 27 47 M 18 0 0.00 M M 6.5 17 210 M M 0 25 210
27 73 40 57 M 8 0 0.00 M M 6.4 20 210 M M 1 23 220
28 71 41 56 M 9 0 0.00 M M 6.4 15 180 M M 8 1 22 160
29 70 61 66 M 0 1 0.00 M M 12.7 22 180 M M 10 32 180
30 64 39 52 M 13 0 0.05 M M 12.0 18 360 M M 10 25 360
31 39 32 36 M 29 0 0.67 M M 11.7 18 360 M M 10 3 28 10
================================================================================
SM 1978 1028 505 1 1.51 0.0 201.6 M 86
================================================================================
AV 63.8 33.2 6.5 FASTST M M 3 MAX(MPH)
MISC ----> 26 350 36 310
================================================================================
NOTES:
# LAST OF SEVERAL OCCURRENCES
COLUMN 17 PEAK WIND IN M.P.H.
PRELIMINARY LOCAL CLIMATOLOGICAL DATA (WS FORM: F-6) , PAGE 2
STATION: FREDERICKSBURG
MONTH: DECEMBER
YEAR: 2020
LATITUDE: 30 15 N
LONGITUDE: 98 55 W
[TEMPERATURE DATA] [PRECIPITATION DATA] SYMBOLS USED IN COLUMN 16
AVERAGE MONTHLY: 48.5 TOTAL FOR MONTH: 1.51 1 = FOG OR MIST
DPTR FM NORMAL: 0.0 DPTR FM NORMAL: M 2 = FOG REDUCING VISIBILITY
HIGHEST: 78 ON 9 GRTST 24HR 0.78 ON 19-19 TO 1/4 MILE OR LESS
LOWEST: 20 ON 1 3 = THUNDER
SNOW, ICE PELLETS, HAIL 4 = ICE PELLETS
TOTAL MONTH: 0.0 INCH 5 = HAIL
GRTST 24HR 0.0 6 = FREEZING RAIN OR DRIZZLE
GRTST DEPTH: 0 7 = DUSTSTORM OR SANDSTORM:
VSBY 1/2 MILE OR LESS
8 = SMOKE OR HAZE
[NO. OF DAYS WITH] [WEATHER - DAYS WITH] 9 = BLOWING SNOW
X = TORNADO
MAX 32 OR BELOW: 0 0.01 INCH OR MORE: 4
MAX 90 OR ABOVE: 0 0.10 INCH OR MORE: 2
MIN 32 OR BELOW: 18 0.50 INCH OR MORE: 2
MIN 0 OR BELOW: 0 1.00 INCH OR MORE: 0
[HDD (BASE 65) ]
TOTAL THIS MO. 505 CLEAR (SCALE 0-3) 19
DPTR FM NORMAL M PTCLDY (SCALE 4-7) 8
TOTAL FM JUL 1 828 CLOUDY (SCALE 8-10) 4
DPTR FM NORMAL M
[CDD (BASE 65) ]
TOTAL THIS MO. 1
DPTR FM NORMAL M [PRESSURE DATA]
TOTAL FM JAN 1 2442 HIGHEST SLP M ON M
DPTR FM NORMAL M LOWEST SLP M ON M
[REMARKS]
#FINAL-12-20#