000
CXUS55 KPUB 011210
CF6TAD
PRELIMINARY LOCAL CLIMATOLOGICAL DATA (WS FORM: F-6)
STATION: TRINIDAD CO
MONTH: AUGUST
YEAR: 2021
LATITUDE: 37 16 N
LONGITUDE: 104 20 W
TEMPERATURE IN F: :PCPN: SNOW: WIND :SUNSHINE: SKY :PK WND
================================================================================
1 2 3 4 5 6A 6B 7 8 9 10 11 12 13 14 15 16 17 18
12Z AVG MX 2MIN
DY MAX MIN AVG DEP HDD CDD WTR SNW DPTH SPD SPD DIR MIN PSBL S-S WX SPD DR
================================================================================
1 72 56 64 -10 1 0 0.51 M M 6.9 16 40 M M 6 18 20 40
2 82 56 69 -5 0 4 0.00 M M 4.2 13 260 M M 3 18 17 250
3 84 61 73 -1 0 8 0.01 M M 8.7 28 240 M M 3 3 36 230
4 75 59 67 -7 0 2 0.87 M M 4.6 15 250 M M 7 123 19 250
5 86 57 72 -2 0 7 0.00 M M 8.1 17 250 M M 0 22 250
6 92 62 77 3 0 12 0.00 M M 9.6 22 180 M M 0 27 180
7 90 56 73 -1 0 8 0.00 M M 7.2 24 330 M M 1 8 34 320
8 87 54 71 -3 0 6 0.00 M M 8.5 16 250 M M 2 8 24 250
9 94 56 75 1 0 10 0.00 M M 8.3 21 250 M M 0 8 29 250
10 89 57 73 -1 0 8 0.00 M M 8.2 18 320 M M 0 27 330
11 92 58 75 2 0 10 0.00 M M 9.1 28 240 M M 0 36 240
12 91 60 76 3 0 11 0.00 M M 9.9 29 60 M M 1 43 70
13 82 54 68 -5 0 3 0.00 M M 8.4 20 140 M M 0 26 130
14 87 59 73 0 0 8 0.00 M M 9.7 20 170 M M 0 30 160
15 90 58 74 1 0 9 0.03 M M 8.5 28 240 M M 2 3 37 250
16 89 55 72 -1 0 7 0.00 M M 8.4 18 260 M M 1 25 260
17 89 56 73 0 0 8 0.00 M M 8.3 20 260 M M 0 8 26 250
18 92 57 75 2 0 10 0.00 M M 9.2 30 210 M M 0 40 220
19 90 59 75 3 0 10 0.00 M M 7.0 18 250 M M 1 27 240
20 89 62 76 4 0 11 0.00 M M 10.5 20 90 M M 1 28 90
21 84 61 73 1 0 8 0.00 M M 10.4 23 200 M M 4 35 210
22 95 60 78 6 0 13 0.00 M M 13.8 28 200 M M 0 39 180
23 94 63 79 7 0 14 0.00 M M 8.2 20 260 M M 1 25 260
24 96 59 78 6 0 13 0.00 M M 10.1 20 260 M M 0 27 240
25 94 57 76 4 0 11 0.00 M M 10.6 37 210 M M 0 49 210
26 95 61 78 6 0 13 0.29 M M 10.1 30 330 M M 2 38 39 200
27 91 57 74 3 0 9 0.00 M M 7.9 25 130 M M 0 35 130
28 93 61 77 6 0 12 0.00 M M 10.5 26 250 M M 0 35 240
29 81 62 72 1 0 7 0.00 M M 8.5 21 250 M M 4 30 260
30 92 56 74 3 0 9 0.00 M M 8.3 21 210 M M 0 29 210
31 94 61 78 7 0 13 0.00 M M 8.7 21 250 M M 0 26 250
================================================================================
SM 2751 1810 1 274 1.71 M 270.4 M 39
================================================================================
AV 88.7 58.4 8.7 FASTST M M 1 MAX(MPH)
MISC ----> 37 210 49 210
================================================================================
NOTES:
# LAST OF SEVERAL OCCURRENCES
COLUMN 17 PEAK WIND IN M.P.H.
PRELIMINARY LOCAL CLIMATOLOGICAL DATA (WS FORM: F-6) , PAGE 2
STATION: TRINIDAD CO
MONTH: AUGUST
YEAR: 2021
LATITUDE: 37 16 N
LONGITUDE: 104 20 W
[TEMPERATURE DATA] [PRECIPITATION DATA] SYMBOLS USED IN COLUMN 16
AVERAGE MONTHLY: 73.6 TOTAL FOR MONTH: 1.71 1 = FOG OR MIST
DPTR FM NORMAL: 0.8 DPTR FM NORMAL: -0.21 2 = FOG REDUCING VISIBILITY
HIGHEST: 96 ON 24 GRTST 24HR 1.73 ON 31- 1 TO 1/4 MILE OR LESS
LOWEST: 54 ON 13, 8 3 = THUNDER
SNOW, ICE PELLETS, HAIL 4 = ICE PELLETS
TOTAL MONTH: M 5 = HAIL
GRTST 24HR M ON M 6 = FREEZING RAIN OR DRIZZLE
GRTST DEPTH: M ON M 7 = DUSTSTORM OR SANDSTORM:
VSBY 1/2 MILE OR LESS
8 = SMOKE OR HAZE
[NO. OF DAYS WITH] [WEATHER - DAYS WITH] 9 = BLOWING SNOW
X = TORNADO
MAX 32 OR BELOW: 0 0.01 INCH OR MORE: 5
MAX 90 OR ABOVE: 17 0.10 INCH OR MORE: 3
MIN 32 OR BELOW: 0 0.50 INCH OR MORE: 2
MIN 0 OR BELOW: 0 1.00 INCH OR MORE: 0
[HDD (BASE 65) ]
TOTAL THIS MO. 1 CLEAR (SCALE 0-3) 27
DPTR FM NORMAL -4 PTCLDY (SCALE 4-7) 4
TOTAL FM JUL 1 1 CLOUDY (SCALE 8-10) 0
DPTR FM NORMAL -1
[CDD (BASE 65) ]
TOTAL THIS MO. 274
DPTR FM NORMAL 28 [PRESSURE DATA]
TOTAL FM JAN 1 831 HIGHEST SLP 30.36 ON 1
DPTR FM NORMAL 63 LOWEST SLP 29.63 ON 31
[REMARKS]
#FINAL-08-21#