000
CXUS52 KMFL 011000
CF6TMB
PRELIMINARY LOCAL CLIMATOLOGICAL DATA (WS FORM: F-6)
STATION: KENDALL-TAMIAMI EXEC ARPT
MONTH: MAY
YEAR: 2020
LATITUDE: 25 38 N
LONGITUDE: 80 26 W
TEMPERATURE IN F: :PCPN: SNOW: WIND :SUNSHINE: SKY :PK WND
================================================================================
1 2 3 4 5 6A 6B 7 8 9 10 11 12 13 14 15 16 17 18
12Z AVG MX 2MIN
DY MAX MIN AVG DEP HDD CDD WTR SNW DPTH SPD SPD DIR MIN PSBL S-S WX SPD DR
================================================================================
1 86 62 74 -1 0 9 0.00 0.0 0 7.3 17 340 M M 0 22 340
2 84 61 73 -2 0 8 0.00 0.0 0 8.3 18 110 M M 0 22 110
3 85 67 76 1 0 11 0.00 0.0 0 7.5 15 90 M M 1 19 120
4 89 64 77 2 0 12 0.00 0.0 0 5.1 15 100 M M 0 19 100
5 89 66 78 3 0 13 0.00 0.0 0 4.5 14 140 M M 1 1 20 140
6 93 68 81 5 0 16 0.00 0.0 0 7.3 23 270 M M 2 29 250
7 89 66 78 2 0 13 0.00 0.0 0 10.0 18 340 M M 0 29 20
8 85 59 72 -4 0 7 0.00 0.0 0 6.4 18 100 M M 2 23 100
9 89 62 76 0 0 11 0.00 0.0 0 6.1 20 80 M M 0 1 24 100
10 78 71 75 -1 0 10 0.31 0.0 0 7.9 16 100 M M 7 1 21 80
11 88 70 79 3 0 14 0.02 0.0 0 11.2 23 60 M M 6 1 29 60
12 87 67 77 1 0 12 0.00 0.0 0 13.1 28 100 M M 1 33 70
13 86 73 80 3 0 15 0.00 0.0 0 18.8 26 80 M M 5 32 90
14 80 73 77 0 0 12 0.12 0.0 0 16.5 28 110 M M 9 1 36 110
15 85 73 79 2 0 14 1.73 0.0 0 11.4 28 80 M M 8 1 35 90
16 91 72 82 5 0 17 0.00 0.0 0 10.1 20 260 M M 5 12 25 260
17 94 71 83 6 0 18 0.02 0.0 0 5.7 21 100 M M 3 13 29 80
18 89 71 80 2 0 15 1.12 0.0 0 6.2 32 290 M M 4 123 39 300
19 88 73 81 3 0 16 0.40 0.0 0 7.1 31 220 M M 3 138 41 230
20 95 73 84 6 0 19 T 0.0 0 6.6 17 250 M M 3 1 23 250
21 92 76 84 6 0 19 0.01 0.0 0 5.3 15 90 M M 3 3 20 130
22 89 75 82 4 0 17 T 0.0 0 11.0 21 100 M M 2 3 26 110
23 89 74 82 4 0 17 0.38 0.0 0 12.4 25 90 M M 4 1 31 90
24 80 74 77 -1 0 12 1.81 0.0 0 10.2 21 100 M M 8 1 28 120
25 81 75 78 -1 0 13 3.80 0.0 0 9.7 23 140 M M 9 138 32 140
26 89 71 80 1 0 15 4.40 0.0 0 6.9 39 310 M M 5 138 45 310
27 91 73 82 3 0 17 0.00 0.0 0 6.1 15 130 M M 2 13 19 130
28 91 76 84 5 0 19 T 0.0 0 8.1 17 120 M M 2 20 110
29 90 76 83 4 0 18 0.77 0.0 0 10.2 28 130 M M 2 13 35 130
30 90 75 83 3 0 18 0.04 0.0 0 7.8 15 110 M M 1 13 20 140
31 90 75 83 3 0 18 0.00 0.0 0 6.2 15 130 M M 1 21 120
================================================================================
SM 2722 2182 0 445 14.93 0.0 271.0 M 99
================================================================================
AV 87.8 70.4 8.7 FASTST M M 3 MAX(MPH)
MISC ----> # 39 310 # 45 310
================================================================================
NOTES:
# LAST OF SEVERAL OCCURRENCES
COLUMN 17 PEAK WIND IN M.P.H.
PRELIMINARY LOCAL CLIMATOLOGICAL DATA (WS FORM: F-6) , PAGE 2
STATION: KENDALL-TAMIAMI EXEC ARPT
MONTH: MAY
YEAR: 2020
LATITUDE: 25 38 N
LONGITUDE: 80 26 W
[TEMPERATURE DATA] [PRECIPITATION DATA] SYMBOLS USED IN COLUMN 16
AVERAGE MONTHLY: 79.1 TOTAL FOR MONTH: 14.93 1 = FOG OR MIST
DPTR FM NORMAL: 2.0 DPTR FM NORMAL: 9.77 2 = FOG REDUCING VISIBILITY
HIGHEST: 95 ON 20 GRTST 24HR 4.40 ON 26-26 TO 1/4 MILE OR LESS
LOWEST: 59 ON 8 3 = THUNDER
SNOW, ICE PELLETS, HAIL 4 = ICE PELLETS
TOTAL MONTH: 0.0 INCH 5 = HAIL
GRTST 24HR 0.0 6 = FREEZING RAIN OR DRIZZLE
GRTST DEPTH: 0 7 = DUSTSTORM OR SANDSTORM:
VSBY 1/2 MILE OR LESS
8 = SMOKE OR HAZE
[NO. OF DAYS WITH] [WEATHER - DAYS WITH] 9 = BLOWING SNOW
X = TORNADO
MAX 32 OR BELOW: 0 0.01 INCH OR MORE: 14
MAX 90 OR ABOVE: 10 0.10 INCH OR MORE: 10
MIN 32 OR BELOW: 0 0.50 INCH OR MORE: 6
MIN 0 OR BELOW: 0 1.00 INCH OR MORE: 5
[HDD (BASE 65) ]
TOTAL THIS MO. 0 CLEAR (SCALE 0-3) 19
DPTR FM NORMAL 0 PTCLDY (SCALE 4-7) 8
TOTAL FM JUL 1 64 CLOUDY (SCALE 8-10) 4
DPTR FM NORMAL -138
[CDD (BASE 65) ]
TOTAL THIS MO. 445
DPTR FM NORMAL 68 [PRESSURE DATA]
TOTAL FM JAN 1 1587 HIGHEST SLP 30.15 ON 2
DPTR FM NORMAL 584 LOWEST SLP 29.81 ON 16
[REMARKS]
#FINAL-05-20#