000
CXUS52 KMFL 011130
CF6TMB
PRELIMINARY LOCAL CLIMATOLOGICAL DATA (WS FORM: F-6)
STATION: KENDALL-TAMIAMI EXEC ARPT
MONTH: DECEMBER
YEAR: 2023
LATITUDE: 25 38 N
LONGITUDE: 80 26 W
TEMPERATURE IN F: :PCPN: SNOW: WIND :SUNSHINE: SKY :PK WND
================================================================================
1 2 3 4 5 6A 6B 7 8 9 10 11 12 13 14 15 16 17 18
12Z AVG MX 2MIN
DY MAX MIN AVG DEP HDD CDD WTR SNW DPTH SPD SPD DIR MIN PSBL S-S WX SPD DR
================================================================================
1 84 63 74 3 0 9 0.00 0.0 0 6.5 16 100 M M 2 21 90
2 85 70 78 7 0 13 0.00 0.0 0 5.7 16 130 M M 2 1 22 130
3 87 68 78 7 0 13 0.00 0.0 0 4.1 14 270 M M 3 12 18 280
4 87 66 77 6 0 12 0.00 M M 4.3 15 320 M M 3 12 22 320
5 84 63 74 3 0 9 0.00 M M 6.6 13 320 M M 0 1 19 350
6 71 51 61 -10 4 0 0.00 M M 10.8 20 360 M M 0 27 10
7 76 51 64 -6 1 0 0.00 M M 6.8 15 90 M M 5 21 90
8 79 60 70 0 0 5 T 0.0 0 7.3 20 100 M M 6 26 100
9 81 70 76 6 0 11 T 0.0 0 9.8 21 110 M M 7 28 110
10 84 68 76 6 0 11 0.01 0.0 0 6.9 18 150 M M 4 27 140
11 74 60 67 -3 0 2 0.00 0.0 0 11.1 20 350 M M 1 27 350
12 76 59 68 -2 0 3 0.00 0.0 0 11.3 22 60 M M 6 28 60
13 75 71 73 3 0 8 0.06 0.0 0 14.3 23 70 M M 9 1 30 60
14 74 69 72 2 0 7 0.17 0.0 0 18.5 29 60 M M 9 1 41 60
15 74 67 71 1 0 6 0.35 0.0 0 17.3 28 80 M M 10 1 39 70
16 75 71 73 3 0 8 1.65 0.0 0 17.8 21 120 M M 9 1 32 110
17 79 58 69 0 0 4 0.15 0.0 0 13.3 26 280 M M 3 1 33 260
18 75 53 64 -5 1 0 0.00 0.0 0 7.6 18 280 M M 2 24 290
19 72 53 63 -6 2 0 0.00 0.0 0 11.3 21 360 M M 0 28 10
20 74 52 63 -6 2 0 0.00 0.0 0 10.8 24 60 M M 8 31 50
21 77 67 72 3 0 7 T 0.0 0 11.4 22 70 M M 8 31 70
22 75 61 68 -1 0 3 T 0.0 0 6.0 15 80 M M 6 19 90
23 78 62 70 1 0 5 0.15 0.0 0 7.8 24 60 M M 5 1 29 70
24 78 64 71 3 0 6 T 0.0 0 13.0 25 110 M M 3 33 110
25 76 71 74 6 0 9 0.17 0.0 0 10.4 17 130 M M 4 1 25 120
26 83 66 75 7 0 10 0.24 0.0 0 7.5 15 290 M M 5 1 21 130
27 77 61 69 1 0 4 0.00 0.0 0 4.7 12 330 M M 3 1 15 340
28 66 55 61 -7 4 0 0.87 0.0 0 7.8 21 350 M M 5 1 28 350
29 71 55 63 -5 2 0 0.00 0.0 0 5.2 15 310 M M 2 1 20 310
30 67 52 60 -8 5 0 0.00 0.0 0 3.1 13 330 M M 1 16 320
31 71 49 60 -8 5 0 0.00 0.0 0 2.8 12 300 M M 0 128 17 340
================================================================================
SM 2385 1906 26 165 3.82 0.0 281.8 M 131
================================================================================
AV 76.9 61.5 9.1 FASTST M M 4 MAX(MPH)
MISC ----> 29 60 41 60
================================================================================
NOTES:
# LAST OF SEVERAL OCCURRENCES
COLUMN 17 PEAK WIND IN M.P.H.
PRELIMINARY LOCAL CLIMATOLOGICAL DATA (WS FORM: F-6) , PAGE 2
STATION: KENDALL-TAMIAMI EXEC ARPT
MONTH: DECEMBER
YEAR: 2023
LATITUDE: 25 38 N
LONGITUDE: 80 26 W
[TEMPERATURE DATA] [PRECIPITATION DATA] SYMBOLS USED IN COLUMN 16
AVERAGE MONTHLY: 69.2 TOTAL FOR MONTH: 3.82 1 = FOG OR MIST
DPTR FM NORMAL: -0.2 DPTR FM NORMAL: 1.54 2 = FOG REDUCING VISIBILITY
HIGHEST: 87 ON 4, 3 GRTST 24HR 1.65 ON 16-16 TO 1/4 MILE OR LESS
LOWEST: 49 ON 31 3 = THUNDER
SNOW, ICE PELLETS, HAIL 4 = ICE PELLETS
TOTAL MONTH: 0.0 INCH 5 = HAIL
GRTST 24HR 0.0 6 = FREEZING RAIN OR DRIZZLE
GRTST DEPTH: 0 7 = DUSTSTORM OR SANDSTORM:
VSBY 1/2 MILE OR LESS
8 = SMOKE OR HAZE
[NO. OF DAYS WITH] [WEATHER - DAYS WITH] 9 = BLOWING SNOW
X = TORNADO
MAX 32 OR BELOW: 0 0.01 INCH OR MORE: 10
MAX 90 OR ABOVE: 0 0.10 INCH OR MORE: 8
MIN 32 OR BELOW: 0 0.50 INCH OR MORE: 2
MIN 0 OR BELOW: 0 1.00 INCH OR MORE: 1
[HDD (BASE 65) ]
TOTAL THIS MO. 26 CLEAR (SCALE 0-3) 12
DPTR FM NORMAL -14 PTCLDY (SCALE 4-7) 15
TOTAL FM JUL 1 26 CLOUDY (SCALE 8-10) 4
DPTR FM NORMAL -17
[CDD (BASE 65) ]
TOTAL THIS MO. 165
DPTR FM NORMAL -11 [PRESSURE DATA]
TOTAL FM JAN 1 4835 HIGHEST SLP 30.27 ON 31
DPTR FM NORMAL 591 LOWEST SLP 29.64 ON 17
[REMARKS]
#FINAL-12-23#