000
CXUS53 KTOP 010800
CF6TOP
PRELIMINARY LOCAL CLIMATOLOGICAL DATA (WS FORM: F-6)
STATION: Topeka KS
MONTH: SEPTEMBER
YEAR: 2020
LATITUDE: 39 4 N
LONGITUDE: 95 38 W
TEMPERATURE IN F: :PCPN: SNOW: WIND :SUNSHINE: SKY :PK WND
================================================================================
1 2 3 4 5 6A 6B 7 8 9 10 11 12 13 14 15 16 17 18
12Z AVG MX 2MIN
DY MAX MIN AVG DEP HDD CDD WTR SNW DPTH SPD SPD DIR MIN PSBL S-S WX SPD DR
================================================================================
1 84 68 76 2 0 11 0.16 0.0 0 5.1 15 210 M M 8 13 20 190
2 88 66 77 3 0 12 0.00 0.0 0 3.2 13 160 M M 4 12 18 140
3 84 57 71 -3 0 6 0.00 0.0 0 6.2 17 350 M M 1 1 23 350
4 86 53 70 -3 0 5 0.00 0.0 0 2.0 10 130 M M 0 1 15 110
5 94 64 79 6 0 14 0.00 0.0 0 4.6 16 200 M M 2 25 160
6 96 75 86 14 0 21 0.00 0.0 0 13.3 25 190 M M 0 39 190
7 96 66 81 9 0 16 0.00 0.0 0 7.3 18 160 M M 1 28 230
8 66 49 58 -14 7 0 0.27 0.0 0 12.5 22 30 M M 10 13 30 40
9 54 49 52 -19 13 0 0.22 0.0 0 10.4 17 10 M M 10 1 24 10
10 59 51 55 -16 10 0 1.20 0.0 0 7.6 15 360 M M 10 1 19 10
11 64 55 60 -10 5 0 0.03 0.0 0 1.9 7 310 M M 10 1 9 300
12 80 54 67 -3 0 2 0.00 0.0 0 4.2 16 310 M M 6 12 23 320
13 80 51 66 -4 0 1 0.00 0.0 0 2.0 12 50 M M 1 128 16 20
14 81 51 66 -3 0 1 0.00 0.0 0 1.8 13 120 M M 2 12 17 120
15 82 54 68 -1 0 3 0.00 0.0 0 1.8 10 150 M M 3 12 17 190
16 85 59 72 4 0 7 0.00 0.0 0 2.2 14 360 M M 1 1 21 20
17 75 54 65 -3 0 0 0.00 0.0 0 4.8 13 40 M M 0 18 60
18 75 51 63 -4 2 0 0.00 0.0 0 3.4 12 50 M M 0 1 20 60
19 75 53 64 -3 1 0 0.00 0.0 0 7.0 16 130 M M 0 24 130
20 77 52 65 -1 0 0 0.00 0.0 0 7.9 16 140 M M 0 24 140
21 81 52 67 1 0 2 0.00 0.0 0 4.8 13 130 M M 0 1 17 160
22 80 53 67 1 0 2 0.00 0.0 0 3.5 13 150 M M 2 18 18 200
23 80 61 71 6 0 6 0.00 0.0 0 3.6 10 170 M M 8 14 210
24 84 54 69 4 0 4 0.00 0.0 0 6.3 16 150 M M 0 21 190
25 89 60 75 11 0 10 0.00 0.0 0 8.6 18 160 M M 0 28 160
26 91 66 79 15 0 14 0.00 0.0 0 9.4 24 190 M M 0 32 220
27 74 53 64 1 1 0 0.69 0.0 0 5.0 18 10 M M 0 13 37 20
28 69 46 58 -5 7 0 0.00 0.0 0 7.8 22 330 M M 3 32 310
29 75 44 60 -3 5 0 0.00 0.0 0 5.8 16 280 M M 0 25 280
30 76 45 61 -1 4 0 0.00 0.0 0 7.4 24 350 M M 0 34 350
================================================================================
SM 2380 1666 55 137 2.57 0.0 171.4 M 82
================================================================================
AV 79.3 55.5 5.7 FASTST M M 3 MAX(MPH)
MISC ----> # 25 190 # 39 190
================================================================================
NOTES:
# LAST OF SEVERAL OCCURRENCES
COLUMN 17 PEAK WIND IN M.P.H.
PRELIMINARY LOCAL CLIMATOLOGICAL DATA (WS FORM: F-6) , PAGE 2
STATION: Topeka KS
MONTH: SEPTEMBER
YEAR: 2020
LATITUDE: 39 4 N
LONGITUDE: 95 38 W
[TEMPERATURE DATA] [PRECIPITATION DATA] SYMBOLS USED IN COLUMN 16
AVERAGE MONTHLY: 67.4 TOTAL FOR MONTH: 2.57 1 = FOG OR MIST
DPTR FM NORMAL: -0.9 DPTR FM NORMAL: -1.09 2 = FOG REDUCING VISIBILITY
HIGHEST: 96 ON 7, 6 GRTST 24HR 1.20 ON 10-10 TO 1/4 MILE OR LESS
LOWEST: 44 ON 29 3 = THUNDER
SNOW, ICE PELLETS, HAIL 4 = ICE PELLETS
TOTAL MONTH: 0.0 INCH 5 = HAIL
GRTST 24HR 0.0 6 = FREEZING RAIN OR DRIZZLE
GRTST DEPTH: 0 7 = DUSTSTORM OR SANDSTORM:
VSBY 1/2 MILE OR LESS
8 = SMOKE OR HAZE
[NO. OF DAYS WITH] [WEATHER - DAYS WITH] 9 = BLOWING SNOW
X = TORNADO
MAX 32 OR BELOW: 0 0.01 INCH OR MORE: 6
MAX 90 OR ABOVE: 4 0.10 INCH OR MORE: 5
MIN 32 OR BELOW: 0 0.50 INCH OR MORE: 2
MIN 0 OR BELOW: 0 1.00 INCH OR MORE: 1
[HDD (BASE 65) ]
TOTAL THIS MO. 55 CLEAR (SCALE 0-3) 20
DPTR FM NORMAL -10 PTCLDY (SCALE 4-7) 6
TOTAL FM JUL 1 55 CLOUDY (SCALE 8-10) 4
DPTR FM NORMAL -12
[CDD (BASE 65) ]
TOTAL THIS MO. 137
DPTR FM NORMAL -28 [PRESSURE DATA]
TOTAL FM JAN 1 1498 HIGHEST SLP 0.00 ON 27
DPTR FM NORMAL 105 LOWEST SLP 0.00 ON 27
[REMARKS]
#FINAL-09-20#