000
CXUS55 KCYS 011804
CF6TOR
PRELIMINARY LOCAL CLIMATOLOGICAL DATA (WS FORM: F-6)
STATION: TORRINGTON WY AIRPORT
MONTH: NOVEMBER
YEAR: 2023
LATITUDE: 42 3 N
LONGITUDE: 104 9 W
TEMPERATURE IN F: :PCPN: SNOW: WIND :SUNSHINE: SKY :PK WND
================================================================================
1 2 3 4 5 6A 6B 7 8 9 10 11 12 13 14 15 16 17 18
12Z AVG MX 2MIN
DY MAX MIN AVG DEP HDD CDD WTR SNW DPTH SPD SPD DIR MIN PSBL S-S WX SPD DR
================================================================================
1 61 17 39 -3 26 0 0.00 M M 3.1 13 290 M M 0 18 300
2 68 21 45 3 20 0 0.00 M M 9.8 24 280 M M 1 35 280
3 64 37 51 10 14 0 T M M 7.0 15 40 M M 7 18 40
4 65 26 46 5 19 0 0.00 M M 5.6 13 130 M M 0 16 120
5 76 38 57 17 8 0 0.00 M M 11.3 43 280 M M 1 58 270
6 67 37 52 12 13 0 0.00 M M 4.0 12 90 M M 0 15 90
7 64 31 48 8 17 0 T M M 6.9 21 300 M M 2 27 320
8 50 24 37 -2 28 0 T M M 9.5 25 330 M M 6 35 340
9 48 18 33 -6 32 0 0.00 M M 6.1 17 310 M M 0 26 320
10 57 16 37 -2 28 0 0.00 M M 3.9 12 250 M M 0 17 220
11 61 23 42 4 23 0 0.00 M M 11.4 28 270 M M 0 42 260
12 64 30 47 9 18 0 0.00 M M 7.8 17 270 M M 0 24 260
13 73 30 52 14 13 0 0.00 M M 9.0 17 150 M M 0 21 150
14 70 34 52 15 13 0 0.00 M M 9.3 22 260 M M 0 31 260
15 68 28 48 11 17 0 0.00 M M 5.9 18 240 M M 0 26 250
16 54 30 42 6 23 0 0.12 M M 6.8 18 10 M M 4 8 24 360
17 62 22 42 6 23 0 0.00 M M 4.3 12 300 M M 2 12 15 300
18 63 24 44 8 21 0 0.00 M M 3.7 12 130 M M 0 14 150
19 60 29 45 10 20 0 0.00 M M 5.7 14 330 M M 2 20 320
20 48 29 39 4 26 0 0.00 M M 16.0 30 330 M M 7 46 330
21 57 24 41 7 24 0 0.00 M M 7.3 16 330 M M 0 22 330
22 70 26 48 14 17 0 0.00 M M 7.3 18 280 M M 0 23 300
23 36 20 28 -6 37 0 M M M 9.5 18 80 M M 6 18 23 80
24 20 12 16 -17 49 0 M M M 12.0 18 110 M M 10 18 26 80
25 23 10 17 -16 48 0 T M M 8.4 20 300 M M 5 1 26 290
26 36 18 27 -5 38 0 0.00 M M 9.4 23 320 M M 4 34 310
27 40 11 26 -6 39 0 0.00 M M 4.6 12 270 M M 0 16 270
28 47 16 32 0 33 0 0.00 M M 8.5 18 300 M M 0 24 310
29 51 11 31 -1 34 0 0.00 M M 3.9 13 330 M M 0 16 270
30 34 19 27 -4 38 0 0.00 M M 5.3 14 330 M M 3 17 320
================================================================================
SM 1657 711 759 0 0.12 M 223.3 M 60
================================================================================
AV 55.2 23.7 7.4 FASTST M M 2 MAX(MPH)
MISC ----> 43 280 58 270
================================================================================
NOTES:
# LAST OF SEVERAL OCCURRENCES
COLUMN 17 PEAK WIND IN M.P.H.
PRELIMINARY LOCAL CLIMATOLOGICAL DATA (WS FORM: F-6) , PAGE 2
STATION: TORRINGTON WY AIRPORT
MONTH: NOVEMBER
YEAR: 2023
LATITUDE: 42 3 N
LONGITUDE: 104 9 W
[TEMPERATURE DATA] [PRECIPITATION DATA] SYMBOLS USED IN COLUMN 16
AVERAGE MONTHLY: 39.5 TOTAL FOR MONTH: 0.12 1 = FOG OR MIST
DPTR FM NORMAL: 3.0 DPTR FM NORMAL: -0.14 2 = FOG REDUCING VISIBILITY
HIGHEST: 76 ON 5 GRTST 24HR 0.12 ON 16-16 TO 1/4 MILE OR LESS
LOWEST: 10 ON 25 3 = THUNDER
SNOW, ICE PELLETS, HAIL 4 = ICE PELLETS
TOTAL MONTH: M 5 = HAIL
GRTST 24HR M ON M 6 = FREEZING RAIN OR DRIZZLE
GRTST DEPTH: M ON M 7 = DUSTSTORM OR SANDSTORM:
VSBY 1/2 MILE OR LESS
8 = SMOKE OR HAZE
[NO. OF DAYS WITH] [WEATHER - DAYS WITH] 9 = BLOWING SNOW
X = TORNADO
MAX 32 OR BELOW: 2 0.01 INCH OR MORE: 1
MAX 90 OR ABOVE: 0 0.10 INCH OR MORE: 1
MIN 32 OR BELOW: 26 0.50 INCH OR MORE: 0
MIN 0 OR BELOW: 0 1.00 INCH OR MORE: 0
[HDD (BASE 65) ]
TOTAL THIS MO. 759 CLEAR (SCALE 0-3) 22
DPTR FM NORMAL -96 PTCLDY (SCALE 4-7) 7
TOTAL FM JUL 1 1354 CLOUDY (SCALE 8-10) 1
DPTR FM NORMAL -188
[CDD (BASE 65) ]
TOTAL THIS MO. 0
DPTR FM NORMAL 0 [PRESSURE DATA]
TOTAL FM JAN 1 651 HIGHEST SLP 30.54 ON 21
DPTR FM NORMAL -74 LOWEST SLP 29.63 ON 19
[REMARKS]
#FINAL-11-23#
NOVEMBER 23... MISSING PRECIPITATION DUE TO ASOS ERRORS
NOVEMBER 24... MISSING PRECIPITATION DUE TO ASOS ERRORS