560
CXUS52 KTBW 071552
CF6TPA
PRELIMINARY LOCAL CLIMATOLOGICAL DATA (WS FORM: F-6)
STATION: Tampa
MONTH: MARCH
YEAR: 2020
LATITUDE: 27 58 N
LONGITUDE: 82 32 W
TEMPERATURE IN F: :PCPN: SNOW: WIND :SUNSHINE: SKY :PK WND
================================================================================
1 2 3 4 5 6A 6B 7 8 9 10 11 12 13 14 15 16 17 18
12Z AVG MX 2MIN
DY MAX MIN AVG DEP HDD CDD WTR SNW DPTH SPD SPD DIR MIN PSBL S-S WX SPD DR
================================================================================
1 73 46 60 -5 5 0 0.00 0.0 0 3.5 12 290 M M 3 18 50
2 78 57 68 3 0 3 0.00 0.0 0 7.9 17 170 M M 5 26 170
3 80 64 72 6 0 7 0.00 0.0 0 8.8 17 190 M M 4 23 180
4 81 68 75 9 0 10 0.00 0.0 0 8.9 18 200 M M 5 26 200
5 82 70 76 10 0 11 0.00 0.0 0 11.1 21 190 M M 6 27 190
6 74 59 67 1 0 2 T 0.0 0 12.8 20 350 M M 7 18 27 330
7 69 51 60 -6 5 0 0.00 0.0 0 10.0 18 30 M M 3 25 30
8 76 50 63 -3 2 0 0.00 0.0 0 9.1 18 110 M M 5 30 110
9 79 57 68 2 0 3 0.00 0.0 0 7.7 18 100 M M 6 29 100
10 82 65 74 8 0 9 0.00 0.0 0 6.3 15 110 M M 7 22 110
11 81 62 72 5 0 7 0.00 0.0 0 5.3 15 290 M M 3 26 280
12 82 63 73 6 0 8 0.00 0.0 0 5.2 14 270 M M 4 21 270
13 84 63 74 7 0 9 0.00 0.0 0 6.2 14 330 M M 3 19 320
14 85 64 75 8 0 10 0.00 0.0 0 5.4 18 280 M M 5 25 270
15 84 67 76 9 0 11 0.00 0.0 0 5.8 18 280 M M 5 27 280
16 86 68 77 10 0 12 0.00 0.0 0 5.9 14 90 M M 5 19 100
17 84 69 77 10 0 12 0.00 0.0 0 6.8 15 270 M M 6 M M
18 89 69 79 11 0 14 0.00 0.0 0 7.3 14 170 M M 5 19 160
19 89 68 79 11 0 14 0.00 0.0 0 6.5 14 110 M M 2 19 90
20 86 70 78 10 0 13 0.00 0.0 0 7.0 15 270 M M 2 17 260
21 89 70 80 12 0 15 0.00 0.0 0 6.0 16 270 M M 3 24 280
22 86 69 78 10 0 13 0.00 0.0 0 5.8 14 260 M M 4 16 270
23 85 69 77 9 0 12 0.00 0.0 0 5.5 14 260 M M 3 20 270
24 84 70 77 9 0 12 0.00 0.0 0 8.2 15 240 M M 2 21 220
25 85 73 79 11 0 14 0.00 0.0 0 11.4 17 260 M M 5 22 260
26 86 72 79 10 0 14 0.00 0.0 0 6.6 14 280 M M 3 21 280
27 89 69 79 10 0 14 0.00 0.0 0 3.7 13 290 M M 3 8 16 290
28 88 71 80 11 0 15 0.00 0.0 0 4.8 14 240 M M 1 17 250
29 87 72 80 11 0 15 0.00 0.0 0 5.7 13 260 M M 2 17 150
30 87 71 79 10 0 14 0.00 0.0 0 5.2 15 270 M M 5 18 270
31 85 74 80 11 0 15 T 0.0 0 14.4 25 270 M M 8 33 270
================================================================================
SM 2575 2030 12 308 T 0.0 224.8 M 130
================================================================================
AV 83.1 65.5 7.3 FASTST M M 4 MAX(MPH)
MISC ----> # 25 270 # 33 270
================================================================================
NOTES:
# LAST OF SEVERAL OCCURRENCES
COLUMN 17 PEAK WIND IN M.P.H.
PRELIMINARY LOCAL CLIMATOLOGICAL DATA (WS FORM: F-6) , PAGE 2
STATION: Tampa
MONTH: MARCH
YEAR: 2020
LATITUDE: 27 58 N
LONGITUDE: 82 32 W
[TEMPERATURE DATA] [PRECIPITATION DATA] SYMBOLS USED IN COLUMN 16
AVERAGE MONTHLY: 74.3 TOTAL FOR MONTH: T 1 = FOG OR MIST
DPTR FM NORMAL: 7.0 DPTR FM NORMAL: -3.03 2 = FOG REDUCING VISIBILITY
HIGHEST: 89 ON 27,21 GRTST 24HR 0.01 ON 29- 1 TO 1/4 MILE OR LESS
LOWEST: 46 ON 1 3 = THUNDER
SNOW, ICE PELLETS, HAIL 4 = ICE PELLETS
TOTAL MONTH: 0.0 INCH 5 = HAIL
GRTST 24HR 0.0 6 = FREEZING RAIN OR DRIZZLE
GRTST DEPTH: 0 7 = DUSTSTORM OR SANDSTORM:
VSBY 1/2 MILE OR LESS
8 = SMOKE OR HAZE
[NO. OF DAYS WITH] [WEATHER - DAYS WITH] 9 = BLOWING SNOW
X = TORNADO
MAX 32 OR BELOW: 0 0.01 INCH OR MORE: 0
MAX 90 OR ABOVE: 0 0.10 INCH OR MORE: 0
MIN 32 OR BELOW: 0 0.50 INCH OR MORE: 0
MIN 0 OR BELOW: 0 1.00 INCH OR MORE: 0
[HDD (BASE 65) ]
TOTAL THIS MO. 12 CLEAR (SCALE 0-3) 11
DPTR FM NORMAL -44 PTCLDY (SCALE 4-7) 20
TOTAL FM JUL 1 253 CLOUDY (SCALE 8-10) 0
DPTR FM NORMAL -274
[CDD (BASE 65) ]
TOTAL THIS MO. 308
DPTR FM NORMAL 182 [PRESSURE DATA]
TOTAL FM JAN 1 550 HIGHEST SLP 30.47 ON 9
DPTR FM NORMAL 311 LOWEST SLP 29.74 ON 31
[REMARKS]
#FINAL-03-20#