000
CXUS56 KLKN 011310
CF6TPH
PRELIMINARY LOCAL CLIMATOLOGICAL DATA (WS FORM: F-6)
STATION: TONOPAH AIRPORT NV
MONTH: FEBRUARY
YEAR: 2022
LATITUDE: 38 3 N
LONGITUDE: 117 5 W
TEMPERATURE IN F: :PCPN: SNOW: WIND :SUNSHINE: SKY :PK WND
================================================================================
1 2 3 4 5 6A 6B 7 8 9 10 11 12 13 14 15 16 17 18
12Z AVG MX 2MIN
DY MAX MIN AVG DEP HDD CDD WTR SNW DPTH SPD SPD DIR MIN PSBL S-S WX SPD DR
================================================================================
1 39 23 31 -4 34 0 0.00 M M 19.1 30 350 M M 0 35 350
2 36 14 25 -10 40 0 0.00 M M 14.9 31 360 M M 0 36 350
3 45 16 31 -4 34 0 0.00 M M 12.7 21 360 M M 0 26 340
4 47 19 33 -3 32 0 0.00 M M 8.0 16 360 M M 0 18 360
5 53 20 37 1 28 0 0.00 M M 10.8 22 320 M M 0 27 330
6 58 28 43 7 22 0 0.00 M M 13.8 23 340 M M 0 42 340
7 58 24 41 5 24 0 0.00 M M 7.3 16 10 M M M 18 10
8 63 25 44 8 21 0 0.00 M M 12.2 24 320 M M M 31 310
9 59 27 43 7 22 0 0.00 M M 13.5 24 300 M M M 30 300
10 62 34 48 12 17 0 0.00 M M 14.3 25 320 M M M 32 320
11 67 31 49 13 16 0 0.00 M M 10.4 23 300 M M M 32 350
12 61 24 43 7 22 0 0.00 M M 7.7 18 10 M M M 22 10
13 65 26 46 9 19 0 0.00 M M 7.0 14 290 M M M 19 300
14 59 29 44 7 21 0 0.00 M M 7.4 17 190 M M 0 22 180
15 39 27 33 -4 32 0 0.03 M M 16.4 36 320 M M 7 18 47 310
16 46 25 36 -1 29 0 0.00 M M 18.9 37 320 M M 1 46 330
17 49 19 34 -3 31 0 0.00 M M 11.0 20 360 M M 0 24 10
18 56 22 39 1 26 0 0.00 M M 7.6 20 10 M M 0 24 10
19 57 22 40 2 25 0 0.00 M M 6.5 14 10 M M 0 17 360
20 52 22 37 -1 28 0 0.00 M M 5.5 14 190 M M 0 16 200
21 41 21 31 -7 34 0 0.00 M M 16.6 35 350 M M 0 45 340
22 35 13 24 -14 41 0 T M M 10.7 26 330 M M 7 34 330
23 31 16 24 -15 41 0 0.00 M M 20.5 36 320 M M 2 47 320
24 40 10 25 -14 40 0 0.00 M M 10.8 21 320 M M 0 28 320
25 43 11 27 -12 38 0 0.00 M M 9.0 20 320 M M 0 28 320
26 48 14 31 -9 34 0 0.00 M M 6.6 15 30 M M 0 20 20
27 58 22 40 0 25 0 0.00 M M 7.6 17 360 M M 2 24 280
28 63 24 44 4 21 0 0.00 M M 7.1 18 20 M M 0 23 10
================================================================================
SM 1430 608 797 0 0.03 M 313.9 M 19
================================================================================
AV 51.1 21.7 11.2 FASTST M M 1 MAX(MPH)
MISC ----> 37 320 # 47 310
================================================================================
NOTES:
# LAST OF SEVERAL OCCURRENCES
COLUMN 17 PEAK WIND IN M.P.H.
PRELIMINARY LOCAL CLIMATOLOGICAL DATA (WS FORM: F-6) , PAGE 2
STATION: TONOPAH AIRPORT NV
MONTH: FEBRUARY
YEAR: 2022
LATITUDE: 38 3 N
LONGITUDE: 117 5 W
[TEMPERATURE DATA] [PRECIPITATION DATA] SYMBOLS USED IN COLUMN 16
AVERAGE MONTHLY: 36.4 TOTAL FOR MONTH: 0.03 1 = FOG OR MIST
DPTR FM NORMAL: -0.8 DPTR FM NORMAL: -0.50 2 = FOG REDUCING VISIBILITY
HIGHEST: 67 ON 11 GRTST 24HR 0.03 ON 15-15 TO 1/4 MILE OR LESS
LOWEST: 10 ON 24 3 = THUNDER
SNOW, ICE PELLETS, HAIL 4 = ICE PELLETS
TOTAL MONTH: M 5 = HAIL
GRTST 24HR M ON M 6 = FREEZING RAIN OR DRIZZLE
GRTST DEPTH: M ON M 7 = DUSTSTORM OR SANDSTORM:
VSBY 1/2 MILE OR LESS
8 = SMOKE OR HAZE
[NO. OF DAYS WITH] [WEATHER - DAYS WITH] 9 = BLOWING SNOW
X = TORNADO
MAX 32 OR BELOW: 1 0.01 INCH OR MORE: 1
MAX 90 OR ABOVE: 0 0.10 INCH OR MORE: 0
MIN 32 OR BELOW: 27 0.50 INCH OR MORE: 0
MIN 0 OR BELOW: 0 1.00 INCH OR MORE: 0
[HDD (BASE 65) ]
TOTAL THIS MO. 797 CLEAR (SCALE 0-3) 19
DPTR FM NORMAL 19 PTCLDY (SCALE 4-7) 2
TOTAL FM JUL 1 3803 CLOUDY (SCALE 8-10) 7
DPTR FM NORMAL -99
[CDD (BASE 65) ]
TOTAL THIS MO. 0
DPTR FM NORMAL 0 [PRESSURE DATA]
TOTAL FM JAN 1 0 HIGHEST SLP 30.61 ON 4
DPTR FM NORMAL 0 LOWEST SLP 29.58 ON 15
[REMARKS]
#FINAL-02-22#