000
CXUS54 KMRX 011030
CF6TRI
PRELIMINARY LOCAL CLIMATOLOGICAL DATA (WS FORM: F-6)
STATION: TRI-CITIES AIRPORT
MONTH: OCTOBER
YEAR: 2021
LATITUDE: 36 28 N
LONGITUDE: 82 24 W
TEMPERATURE IN F: :PCPN: SNOW: WIND :SUNSHINE: SKY :PK WND
================================================================================
1 2 3 4 5 6A 6B 7 8 9 10 11 12 13 14 15 16 17 18
12Z AVG MX 2MIN
DY MAX MIN AVG DEP HDD CDD WTR SNW DPTH SPD SPD DIR MIN PSBL S-S WX SPD DR
================================================================================
1 81 50 66 3 0 1 0.00 0.0 0 0.8 6 30 M M 5 1 9 100
2 82 51 67 4 0 2 0.00 0.0 0 2.4 12 260 M M 5 1 19 260
3 72 59 66 4 0 1 0.18 0.0 0 1.2 9 260 M M 8 128 12 260
4 79 64 72 10 0 7 0.33 0.0 0 1.5 9 330 M M 8 128 11 300
5 77 63 70 8 0 5 T 0.0 0 1.7 7 90 M M 8 1 9 100
6 81 65 73 12 0 8 0.41 0.0 0 2.4 14 220 M M 8 1 19 140
7 80 65 73 12 0 8 0.35 0.0 0 3.1 12 110 M M 8 1 19 80
8 77 65 71 11 0 6 1.07 0.0 0 1.8 12 170 M M 9 13 16 170
9 80 60 70 10 0 5 0.00 0.0 0 1.2 8 340 M M 7 128 13 10
10 81 55 68 8 0 3 0.00 0.0 0 0.9 7 310 M M 2 1 10 340
11 83 54 69 10 0 4 0.00 0.0 0 1.2 7 100 M M 4 12 10 130
12 75 55 65 6 0 0 0.00 0.0 0 1.6 9 270 M M 7 1 12 250
13 80 61 71 13 0 6 0.00 0.0 0 1.5 10 290 M M 7 12 14 210
14 83 58 71 13 0 6 0.00 0.0 0 0.6 8 90 M M 5 1 12 90
15 82 62 72 14 0 7 0.00 0.0 0 2.7 14 240 M M 6 12 17 230
16 69 44 57 0 8 0 0.20 0.0 0 6.9 22 270 M M 7 1 30 280
17 63 41 52 -5 13 0 0.00 0.0 0 6.3 17 250 M M 3 23 300
18 69 37 53 -3 12 0 0.00 0.0 0 2.2 13 260 M M 2 12 16 260
19 72 38 55 -1 10 0 0.00 0.0 0 0.7 8 240 M M 2 12 11 250
20 73 39 56 0 9 0 0.00 0.0 0 1.9 12 250 M M 2 12 15 250
21 70 43 57 2 8 0 0.05 0.0 0 1.9 14 240 M M 7 123 18 230
22 63 54 59 4 6 0 0.01 0.0 0 4.6 12 230 M M 9 12 15 270
23 66 49 58 4 7 0 0.00 0.0 0 3.7 10 230 M M 7 14 250
24 78 45 62 8 3 0 0.00 0.0 0 1.7 13 260 M M 4 1 16 280
25 76 47 62 8 3 0 0.39 0.0 0 4.3 26 310 M M 8 1 35 330
26 59 36 48 -5 17 0 0.00 0.0 0 7.7 18 270 M M 7 23 290
27 64 32 48 -5 17 0 0.00 0.0 0 0.8 8 10 M M 5 12 11 340
28 64 40 52 -1 13 0 0.03 0.0 0 6.7 23 110 M M 8 12 36 120
29 60 50 55 3 10 0 0.72 0.0 0 3.6 15 240 M M 10 12 23 280
30 56 49 53 1 12 0 0.31 0.0 0 7.8 16 230 M M 10 18 21 220
31 62 50 56 4 9 0 T 0.0 0 6.7 17 280 M M 8 22 280
================================================================================
SM 2257 1581 157 69 4.05 0.0 92.1 M 196
================================================================================
AV 72.8 51.0 3.0 FASTST M M 6 MAX(MPH)
MISC ----> 26 310 36 120
================================================================================
NOTES:
# LAST OF SEVERAL OCCURRENCES
COLUMN 17 PEAK WIND IN M.P.H.
PRELIMINARY LOCAL CLIMATOLOGICAL DATA (WS FORM: F-6) , PAGE 2
STATION: TRI-CITIES AIRPORT
MONTH: OCTOBER
YEAR: 2021
LATITUDE: 36 28 N
LONGITUDE: 82 24 W
[TEMPERATURE DATA] [PRECIPITATION DATA] SYMBOLS USED IN COLUMN 16
AVERAGE MONTHLY: 61.9 TOTAL FOR MONTH: 4.05 1 = FOG OR MIST
DPTR FM NORMAL: 4.6 DPTR FM NORMAL: 1.53 2 = FOG REDUCING VISIBILITY
HIGHEST: 83 ON 14,11 GRTST 24HR 1.07 ON 8- 8 TO 1/4 MILE OR LESS
LOWEST: 32 ON 27 3 = THUNDER
SNOW, ICE PELLETS, HAIL 4 = ICE PELLETS
TOTAL MONTH: 0.0 INCH 5 = HAIL
GRTST 24HR 0.0 6 = FREEZING RAIN OR DRIZZLE
GRTST DEPTH: 0 7 = DUSTSTORM OR SANDSTORM:
VSBY 1/2 MILE OR LESS
8 = SMOKE OR HAZE
[NO. OF DAYS WITH] [WEATHER - DAYS WITH] 9 = BLOWING SNOW
X = TORNADO
MAX 32 OR BELOW: 0 0.01 INCH OR MORE: 12
MAX 90 OR ABOVE: 0 0.10 INCH OR MORE: 9
MIN 32 OR BELOW: 1 0.50 INCH OR MORE: 2
MIN 0 OR BELOW: 0 1.00 INCH OR MORE: 1
[HDD (BASE 65) ]
TOTAL THIS MO. 157 CLEAR (SCALE 0-3) 5
DPTR FM NORMAL -102 PTCLDY (SCALE 4-7) 19
TOTAL FM JUL 1 184 CLOUDY (SCALE 8-10) 7
DPTR FM NORMAL -112
[CDD (BASE 65) ]
TOTAL THIS MO. 69
DPTR FM NORMAL 50 [PRESSURE DATA]
TOTAL FM JAN 1 1329 HIGHEST SLP 30.31 ON 20
DPTR FM NORMAL 226 LOWEST SLP 29.39 ON 29
[REMARKS]
#FINAL-10-21#