000
CXUS54 KFWD 010731
CF6TRL
PRELIMINARY LOCAL CLIMATOLOGICAL DATA (WS FORM: F-6)
STATION: TERRELL
MONTH: JULY
YEAR: 2020
LATITUDE: 32 42 N
LONGITUDE: 96 16 W
TEMPERATURE IN F: :PCPN: SNOW: WIND :SUNSHINE: SKY :PK WND
================================================================================
1 2 3 4 5 6A 6B 7 8 9 10 11 12 13 14 15 16 17 18
12Z AVG MX 2MIN
DY MAX MIN AVG DEP HDD CDD WTR SNW DPTH SPD SPD DIR MIN PSBL S-S WX SPD DR
================================================================================
1 93 78 86 3 0 21 0.00 0.0 0 11.3 21 180 M M 4 30 200
2 93 77 85 2 0 20 T 0.0 0 7.1 22 260 M M 4 18 31 260
3 97 75 86 3 0 21 T 0.0 0 5.9 25 90 M M 0 8 35 100
4 94 72 83 0 0 18 0.00 0.0 0 4.6 16 30 M M 0 23 50
5 95 74 85 2 0 20 0.22 0.0 0 3.9 17 260 M M 4 138 28 280
6 90 73 82 -1 0 17 0.12 0.0 0 5.7 22 210 M M 5 13 32 190
7 86 73 80 -3 0 15 T 0.0 0 6.1 13 160 M M 4 17 150
8 93 74 84 1 0 19 T 0.0 0 7.5 15 180 M M 3 18 21 170
9 94 77 86 3 0 21 0.00 0.0 0 10.3 20 160 M M 3 31 180
10 94 77 86 3 0 21 0.00 0.0 0 7.5 18 210 M M 2 25 200
11 97 78 88 5 0 23 0.00 0.0 0 7.7 15 170 M M 0 21 220
12 99 74 87 3 0 22 0.00 0.0 0 7.7 31 20 M M 1 45 30
13 99 80 90 6 0 25 0.00 0.0 0 9.1 17 160 M M 0 25 150
14 96 76 86 2 0 21 0.00 0.0 0 12.6 20 160 M M 0 29 190
15 94 78 86 2 0 21 0.00 0.0 0 12.0 23 170 M M 1 30 170
16 96 77 87 3 0 22 0.00 0.0 0 8.2 15 200 M M 0 22 210
17 97 76 87 3 0 22 0.00 0.0 0 6.7 15 150 M M 1 25 150
18 92 74 83 -1 0 18 0.00 0.0 0 8.5 17 150 M M 1 24 150
19 95 74 85 1 0 20 0.00 0.0 0 7.2 15 150 M M 0 21 150
20 96 74 85 1 0 20 0.00 0.0 0 7.4 21 140 M M 1 28 140
21 91 74 83 -1 0 18 0.00 0.0 0 6.6 15 100 M M 2 20 130
22 92 75 84 0 0 19 0.07 0.0 0 6.0 16 130 M M 5 1 25 130
23 96 75 86 2 0 21 0.00 0.0 0 5.8 15 120 M M 2 21 110
24 95 75 85 1 0 20 0.00 0.0 0 8.5 20 100 M M 1 29 120
25 92 75 84 -1 0 19 0.02 0.0 0 8.1 18 160 M M 5 24 160
26 93 74 84 -1 0 19 0.04 0.0 0 5.0 15 120 M M 6 22 130
27 92 72 82 -3 0 17 0.00 0.0 0 4.8 10 120 M M 4 17 220
28 92 74 83 -2 0 18 0.15 0.0 0 4.0 24 290 M M 2 13 32 300
29 94 76 85 0 0 20 0.01 0.0 0 10.1 20 180 M M 2 27 170
30 96 70 83 -2 0 18 0.31 0.0 0 12.3 23 20 M M 2 13 32 30
31 91 70 81 -4 0 16 0.03 0.0 0 6.7 15 320 M M 3 138 23 320
================================================================================
SM 2914 2321 0 612 0.97 0.0 234.9 M 68
================================================================================
AV 94.0 74.9 7.6 FASTST M M 2 MAX(MPH)
MISC ----> # 31 20 # 45 30
================================================================================
NOTES:
# LAST OF SEVERAL OCCURRENCES
COLUMN 17 PEAK WIND IN M.P.H.
PRELIMINARY LOCAL CLIMATOLOGICAL DATA (WS FORM: F-6) , PAGE 2
STATION: TERRELL
MONTH: JULY
YEAR: 2020
LATITUDE: 32 42 N
LONGITUDE: 96 16 W
[TEMPERATURE DATA] [PRECIPITATION DATA] SYMBOLS USED IN COLUMN 16
AVERAGE MONTHLY: 84.4 TOTAL FOR MONTH: 0.97 1 = FOG OR MIST
DPTR FM NORMAL: 0.6 DPTR FM NORMAL: -1.69 2 = FOG REDUCING VISIBILITY
HIGHEST: 99 ON 13,12 GRTST 24HR 0.31 ON 30-30 TO 1/4 MILE OR LESS
LOWEST: 70 ON 31,30 3 = THUNDER
SNOW, ICE PELLETS, HAIL 4 = ICE PELLETS
TOTAL MONTH: 0.0 INCH 5 = HAIL
GRTST 24HR 0.0 6 = FREEZING RAIN OR DRIZZLE
GRTST DEPTH: 0 7 = DUSTSTORM OR SANDSTORM:
VSBY 1/2 MILE OR LESS
8 = SMOKE OR HAZE
[NO. OF DAYS WITH] [WEATHER - DAYS WITH] 9 = BLOWING SNOW
X = TORNADO
MAX 32 OR BELOW: 0 0.01 INCH OR MORE: 9
MAX 90 OR ABOVE: 30 0.10 INCH OR MORE: 4
MIN 32 OR BELOW: 0 0.50 INCH OR MORE: 0
MIN 0 OR BELOW: 0 1.00 INCH OR MORE: 0
[HDD (BASE 65) ]
TOTAL THIS MO. 0 CLEAR (SCALE 0-3) 20
DPTR FM NORMAL 0 PTCLDY (SCALE 4-7) 11
TOTAL FM JUL 1 0 CLOUDY (SCALE 8-10) 0
DPTR FM NORMAL 0
[CDD (BASE 65) ]
TOTAL THIS MO. 612
DPTR FM NORMAL 28 [PRESSURE DATA]
TOTAL FM JAN 1 1525 HIGHEST SLP M ON M
DPTR FM NORMAL 103 LOWEST SLP 29.74 ON M
[REMARKS]
#FINAL-07-20#