000
CXUS56 KPQR 011301
CF6TTD
PRELIMINARY LOCAL CLIMATOLOGICAL DATA (WS FORM: F-6)
STATION: TROUTDALE OR
MONTH: JANUARY
YEAR: 2023
LATITUDE: 45 33 N
LONGITUDE: 122 25 W
TEMPERATURE IN F: :PCPN: SNOW: WIND :SUNSHINE: SKY :PK WND
================================================================================
1 2 3 4 5 6A 6B 7 8 9 10 11 12 13 14 15 16 17 18
12Z AVG MX 2MIN
DY MAX MIN AVG DEP HDD CDD WTR SNW DPTH SPD SPD DIR MIN PSBL S-S WX SPD DR
================================================================================
1 50 38 44 3 21 0 0.00 M M 6.7 29 90 M M 5 128 35 90
2 42 36 39 -2 26 0 0.06 M M 22.9 30 90 M M 3 18 38 80
3 42 36 39 -2 26 0 0.07 M M 19.4 26 90 M M 9 18 33 80
4 45 38 42 1 23 0 0.14 M M 25.3 35 90 M M 5 46 80
5 49 43 46 5 19 0 0.04 M M 18.0 32 90 M M 8 8 40 90
6 49 40 45 4 20 0 T M M 17.6 29 90 M M 7 38 80
7 48 44 46 5 19 0 0.10 M M 18.7 26 90 M M 9 35 100
8 56 45 51 9 14 0 0.46 M M 13.3 25 230 M M 9 18 34 220
9 52 45 49 7 16 0 0.20 M M 14.6 28 90 M M 7 8 36 90
10 48 43 46 4 19 0 0.05 M M 22.5 31 90 M M 4 8 41 100
11 48 43 46 4 19 0 0.22 M M 23.0 30 90 M M 8 37 90
12 52 45 49 7 16 0 0.11 M M 24.2 32 90 M M 9 42 90
13 52 47 50 8 15 0 0.17 M M 13.5 30 90 M M 10 40 80
14 51 46 49 7 16 0 0.08 M M 17.0 26 90 M M 8 33 90
15 52 42 47 5 18 0 0.37 M M 10.1 26 200 M M 10 18 36 200
16 50 36 43 1 22 0 0.08 M M 1.2 7 80 M M 9 18 8 80
17 51 44 48 6 17 0 0.08 M M 4.4 13 90 M M 10 18 220
18 47 40 44 2 21 0 0.27 M M 6.0 15 80 M M 10 19 70
19 44 32 38 -4 27 0 0.00 M M 1.6 9 230 M M 8 18 12 240
20 41 33 37 -5 28 0 0.00 M M 1.7 7 90 M M 10 128 10 320
21 47 32 40 -2 25 0 0.07 M M 10.3 21 100 M M 5 18 28 90
22 49 36 43 1 22 0 T M M 3.6 15 220 M M 8 8 19 210
23 49 37 43 1 22 0 0.00 M M 2.3 9 130 M M 9 1 12 280
24 52 40 46 4 19 0 0.00 M M 2.2 7 280 M M 8 8 10 290
25 47 43 45 3 20 0 0.00 M M 0.8 6 120 M M 10 8 7 120
26 47 44 46 3 19 0 0.00 M M 3.3 10 220 M M 10 14 210
27 52 43 48 5 17 0 0.11 M M 3.3 10 250 M M 10 128 18 260
28 48 37 43 0 22 0 0.12 M M 8.2 23 80 M M 10 18 32 90
29 39 29 34 -9 31 0 0.00 M M 11.4 24 80 M M 0 33 80
30 38 28 33 -10 32 0 0.00 M M 16.7 25 90 M M 0 31 90
31 42 27 35 -8 30 0 0.00 M M 3.9 14 100 M M 0 17 100
================================================================================
SM 1479 1212 661 0 2.80 M 347.7 M 228
================================================================================
AV 47.7 39.1 11.2 FASTST M M 7 MAX(MPH)
MISC ----> 35 90 46 80
================================================================================
NOTES:
# LAST OF SEVERAL OCCURRENCES
COLUMN 17 PEAK WIND IN M.P.H.
PRELIMINARY LOCAL CLIMATOLOGICAL DATA (WS FORM: F-6) , PAGE 2
STATION: TROUTDALE OR
MONTH: JANUARY
YEAR: 2023
LATITUDE: 45 33 N
LONGITUDE: 122 25 W
[TEMPERATURE DATA] [PRECIPITATION DATA] SYMBOLS USED IN COLUMN 16
AVERAGE MONTHLY: 43.4 TOTAL FOR MONTH: 2.80 1 = FOG OR MIST
DPTR FM NORMAL: 1.4 DPTR FM NORMAL: -2.21 2 = FOG REDUCING VISIBILITY
HIGHEST: 56 ON 8 GRTST 24HR 0.83 ON 11-12 TO 1/4 MILE OR LESS
LOWEST: 27 ON 31 3 = THUNDER
SNOW, ICE PELLETS, HAIL 4 = ICE PELLETS
TOTAL MONTH: M 5 = HAIL
GRTST 24HR M ON M 6 = FREEZING RAIN OR DRIZZLE
GRTST DEPTH: M ON M 7 = DUSTSTORM OR SANDSTORM:
VSBY 1/2 MILE OR LESS
8 = SMOKE OR HAZE
[NO. OF DAYS WITH] [WEATHER - DAYS WITH] 9 = BLOWING SNOW
X = TORNADO
MAX 32 OR BELOW: 0 0.01 INCH OR MORE: 19
MAX 90 OR ABOVE: 0 0.10 INCH OR MORE: 11
MIN 32 OR BELOW: 5 0.50 INCH OR MORE: 0
MIN 0 OR BELOW: 0 1.00 INCH OR MORE: 0
[HDD (BASE 65) ]
TOTAL THIS MO. 661 CLEAR (SCALE 0-3) 4
DPTR FM NORMAL -52 PTCLDY (SCALE 4-7) 9
TOTAL FM JUL 1 2286 CLOUDY (SCALE 8-10) 18
DPTR FM NORMAL -95
[CDD (BASE 65) ]
TOTAL THIS MO. 0
DPTR FM NORMAL 0 [PRESSURE DATA]
TOTAL FM JAN 1 0 HIGHEST SLP 30.71 ON 25
DPTR FM NORMAL 0 LOWEST SLP 29.24 ON 14
[REMARKS]
#FINAL-01-23#