000
CXUS56 KPQR 011610
CF6TTD
PRELIMINARY LOCAL CLIMATOLOGICAL DATA (WS FORM: F-6)
STATION: TROUTDALE OR
MONTH: JUNE
YEAR: 2022
LATITUDE: 45 33 N
LONGITUDE: 122 25 W
TEMPERATURE IN F: :PCPN: SNOW: WIND :SUNSHINE: SKY :PK WND
================================================================================
1 2 3 4 5 6A 6B 7 8 9 10 11 12 13 14 15 16 17 18
12Z AVG MX 2MIN
DY MAX MIN AVG DEP HDD CDD WTR SNW DPTH SPD SPD DIR MIN PSBL S-S WX SPD DR
================================================================================
1 79 53 66 5 0 1 0.00 M M 2.2 9 320 M M 2 12 310
2 80 55 68 6 0 3 0.00 M M 2.6 9 310 M M 2 13 310
3 66 56 61 -1 4 0 0.12 M M 4.1 10 230 M M 9 14 180
4 65 55 60 -2 5 0 0.41 M M 7.0 14 90 M M 10 1 18 80
5 72 55 64 2 1 0 0.53 M M 9.2 22 220 M M 8 1 28 220
6 67 52 60 -2 5 0 0.02 M M 2.5 9 260 M M 7 1 12 260
7 78 46 62 0 3 0 T M M 5.6 17 100 M M 3 21 100
8 76 59 68 6 0 3 0.00 M M 4.1 12 260 M M 6 15 270
9 70 57 64 2 1 0 0.58 M M 4.0 13 80 M M 9 1 16 90
10 70 59 65 3 0 0 2.14 M M 2.4 8 320 M M 10 1 11 230
11 68 58 63 0 2 0 0.37 M M 1.2 9 170 M M 10 1 11 170
12 60 52 56 -7 9 0 0.10 M M 4.7 12 260 M M 10 18 310
13 59 51 55 -8 10 0 0.26 M M 4.6 17 230 M M 10 8 23 230
14 67 50 59 -4 6 0 0.07 M M 3.8 10 250 M M 9 1 13 310
15 70 49 60 -3 5 0 0.01 M M 1.9 9 250 M M 3 11 250
16 71 57 64 1 1 0 T M M 4.6 13 210 M M 8 17 190
17 59 53 56 -8 9 0 0.38 M M 1.8 9 180 M M 8 1 12 210
18 66 51 59 -5 6 0 0.12 M M 3.5 13 240 M M 10 1 21 250
19 67 54 61 -3 4 0 0.01 M M 2.3 12 220 M M 10 1 14 220
20 71 56 64 0 1 0 0.00 M M 3.8 9 320 M M 6 14 320
21 83 51 67 3 0 2 0.00 M M 2.6 9 270 M M 2 14 320
22 80 56 68 4 0 3 0.00 M M 4.8 13 320 M M 0 20 310
23 77 50 64 -1 1 0 0.00 M M 4.6 9 310 M M 0 16 310
24 87 49 68 3 0 3 0.00 M M 2.4 9 320 M M 0 16 320
25 92 58 75 10 0 10 0.00 M M 11.8 23 70 M M 0 8 31 80
26 94 69 82 17 0 17 0.00 M M 12.4 22 100 M M 0 28 100
27 95 62 79 13 0 14 0.00 M M 6.2 17 210 M M 0 8 20 220
28 75 57 66 0 0 1 0.00 M M 7.0 17 220 M M 6 23 220
29 78 59 69 3 0 4 0.00 M M 3.3 10 320 M M 5 15 320
30 82 55 69 3 0 4 0.00 M M 2.5 10 240 M M 3 14 240
================================================================================
SM 2224 1644 73 65 5.12 M 133.5 M 166
================================================================================
AV 74.1 54.8 4.5 FASTST M M 6 MAX(MPH)
MISC ----> 23 70 31 80
================================================================================
NOTES:
# LAST OF SEVERAL OCCURRENCES
COLUMN 17 PEAK WIND IN M.P.H.
PRELIMINARY LOCAL CLIMATOLOGICAL DATA (WS FORM: F-6) , PAGE 2
STATION: TROUTDALE OR
MONTH: JUNE
YEAR: 2022
LATITUDE: 45 33 N
LONGITUDE: 122 25 W
[TEMPERATURE DATA] [PRECIPITATION DATA] SYMBOLS USED IN COLUMN 16
AVERAGE MONTHLY: 64.5 TOTAL FOR MONTH: 5.12 1 = FOG OR MIST
DPTR FM NORMAL: 1.0 DPTR FM NORMAL: 3.01 2 = FOG REDUCING VISIBILITY
HIGHEST: 95 ON 27 GRTST 24HR 2.14 ON 10-10 TO 1/4 MILE OR LESS
LOWEST: 46 ON 7 3 = THUNDER
SNOW, ICE PELLETS, HAIL 4 = ICE PELLETS
TOTAL MONTH: M 5 = HAIL
GRTST 24HR M ON M 6 = FREEZING RAIN OR DRIZZLE
GRTST DEPTH: M ON M 7 = DUSTSTORM OR SANDSTORM:
VSBY 1/2 MILE OR LESS
8 = SMOKE OR HAZE
[NO. OF DAYS WITH] [WEATHER - DAYS WITH] 9 = BLOWING SNOW
X = TORNADO
MAX 32 OR BELOW: 0 0.01 INCH OR MORE: 14
MAX 90 OR ABOVE: 3 0.10 INCH OR MORE: 10
MIN 32 OR BELOW: 0 0.50 INCH OR MORE: 3
MIN 0 OR BELOW: 0 1.00 INCH OR MORE: 1
[HDD (BASE 65) ]
TOTAL THIS MO. 73 CLEAR (SCALE 0-3) 12
DPTR FM NORMAL -18 PTCLDY (SCALE 4-7) 6
TOTAL FM JUL 1 4137 CLOUDY (SCALE 8-10) 12
DPTR FM NORMAL -17
[CDD (BASE 65) ]
TOTAL THIS MO. 65
DPTR FM NORMAL 19 [PRESSURE DATA]
TOTAL FM JAN 1 65 HIGHEST SLP 30.34 ON 20
DPTR FM NORMAL -3 LOWEST SLP 29.64 ON 5
[REMARKS]
#FINAL-06-22#