000
CXUS51 KPHI 010815
CF6TTN
PRELIMINARY LOCAL CLIMATOLOGICAL DATA (WS FORM: F-6)
STATION: TRENTON NJ
MONTH: MAY
YEAR: 2023
LATITUDE: 40 16 N
LONGITUDE: 74 49 W
TEMPERATURE IN F: :PCPN: SNOW: WIND :SUNSHINE: SKY :PK WND
================================================================================
1 2 3 4 5 6A 6B 7 8 9 10 11 12 13 14 15 16 17 18
12Z AVG MX 2MIN
DY MAX MIN AVG DEP HDD CDD WTR SNW DPTH SPD SPD DIR MIN PSBL S-S WX SPD DR
================================================================================
1 61 48 55 -3 10 0 T 0.0 0 10.4 25 260 M M 5 35 300
2 56 44 50 -8 15 0 0.06 0.0 0 7.9 21 230 M M 8 1 29 250
3 52 42 47 -11 18 0 0.01 0.0 0 5.3 12 280 M M 7 1 19 290
4 57 41 49 -10 16 0 0.06 0.0 0 4.4 12 330 M M 8 1 16 290
5 65 42 54 -5 11 0 T 0.0 0 3.1 15 40 M M 6 12 21 40
6 72 42 57 -2 8 0 0.00 0.0 0 5.4 15 350 M M 2 1 19 350
7 75 46 61 1 4 0 T 0.0 0 4.6 14 220 M M 2 22 180
8 76 57 67 7 0 2 0.00 0.0 0 6.9 15 340 M M 3 21 350
9 67 47 57 -3 8 0 0.00 0.0 0 5.8 14 50 M M 3 19 130
10 72 42 57 -3 8 0 0.00 0.0 0 3.8 12 260 M M 0 15 290
11 79 46 63 2 2 0 0.00 0.0 0 4.5 13 260 M M 0 21 280
12 85 53 69 8 0 4 0.00 0.0 0 4.2 14 250 M M 0 18 300
13 75 58 67 6 0 2 0.00 0.0 0 4.6 10 270 M M 3 14 300
14 74 52 63 2 2 0 0.00 0.0 0 8.2 17 350 M M 0 23 340
15 73 46 60 -2 5 0 0.00 0.0 0 6.3 14 260 M M 0 19 270
16 78 49 64 2 1 0 0.00 0.0 0 7.9 21 260 M M 0 29 250
17 66 45 56 -6 9 0 0.00 0.0 0 10.6 22 350 M M 0 30 80
18 63 37 50 -12 15 0 0.00 0.0 0 7.8 17 160 M M 1 22 170
19 72 44 58 -5 7 0 0.00 0.0 0 7.5 17 150 M M 2 23 150
20 68 54 61 -2 4 0 0.44 0.0 0 4.3 12 60 M M 9 12 16 270
21 75 53 64 1 1 0 0.03 0.0 0 7.0 16 350 M M 4 1 23 340
22 77 51 64 0 1 0 0.00 0.0 0 6.2 15 140 M M 1 18 140
23 71 49 60 -4 5 0 0.00 0.0 0 6.5 14 100 M M 2 1 18 100
24 80 44 62 -2 3 0 0.01 0.0 0 6.2 21 360 M M 2 27 360
25 69 50 60 -4 5 0 0.00 0.0 0 7.8 18 350 M M 1 24 30
26 73 45 59 -6 6 0 0.00 0.0 0 5.5 15 340 M M 0 18 350
27 78 45 62 -3 3 0 0.00 0.0 0 5.3 14 170 M M 0 18 140
28 76 47 62 -3 3 0 0.00 0.0 0 2.7 13 140 M M 0 27 100
29 78 55 67 1 0 2 0.00 0.0 0 9.1 23 100 M M 1 29 90
30 71 50 61 -5 4 0 0.00 0.0 0 9.2 15 70 M M 0 23 70
31 79 45 62 -4 3 0 0.00 0.0 0 5.5 13 120 M M 0 8 15 50
================================================================================
SM 2213 1469 177 10 0.61 0.0 194.5 M 70
================================================================================
AV 71.4 47.4 6.3 FASTST M M 2 MAX(MPH)
MISC ----> 25 260 35 300
================================================================================
NOTES:
# LAST OF SEVERAL OCCURRENCES
COLUMN 17 PEAK WIND IN M.P.H.
PRELIMINARY LOCAL CLIMATOLOGICAL DATA (WS FORM: F-6) , PAGE 2
STATION: TRENTON NJ
MONTH: MAY
YEAR: 2023
LATITUDE: 40 16 N
LONGITUDE: 74 49 W
[TEMPERATURE DATA] [PRECIPITATION DATA] SYMBOLS USED IN COLUMN 16
AVERAGE MONTHLY: 59.4 TOTAL FOR MONTH: 0.61 1 = FOG OR MIST
DPTR FM NORMAL: -2.6 DPTR FM NORMAL: -3.38 2 = FOG REDUCING VISIBILITY
HIGHEST: 85 ON 12 GRTST 24HR 1.32 ON 30- 1 TO 1/4 MILE OR LESS
LOWEST: 37 ON 18 3 = THUNDER
SNOW, ICE PELLETS, HAIL 4 = ICE PELLETS
TOTAL MONTH: 0.0 INCH 5 = HAIL
GRTST 24HR 0.0 6 = FREEZING RAIN OR DRIZZLE
GRTST DEPTH: 0 7 = DUSTSTORM OR SANDSTORM:
VSBY 1/2 MILE OR LESS
8 = SMOKE OR HAZE
[NO. OF DAYS WITH] [WEATHER - DAYS WITH] 9 = BLOWING SNOW
X = TORNADO
MAX 32 OR BELOW: 0 0.01 INCH OR MORE: 6
MAX 90 OR ABOVE: 0 0.10 INCH OR MORE: 1
MIN 32 OR BELOW: 0 0.50 INCH OR MORE: 0
MIN 0 OR BELOW: 0 1.00 INCH OR MORE: 0
[HDD (BASE 65) ]
TOTAL THIS MO. 177 CLEAR (SCALE 0-3) 24
DPTR FM NORMAL 29 PTCLDY (SCALE 4-7) 6
TOTAL FM JUL 1 4511 CLOUDY (SCALE 8-10) 1
DPTR FM NORMAL -444
[CDD (BASE 65) ]
TOTAL THIS MO. 10
DPTR FM NORMAL -45 [PRESSURE DATA]
TOTAL FM JAN 1 30 HIGHEST SLP 30.33 ON 19
DPTR FM NORMAL -38 LOWEST SLP 29.10 ON 1
[REMARKS]
#FINAL-05-23#