000
CXUS51 KPHI 010815
CF6TTN
PRELIMINARY LOCAL CLIMATOLOGICAL DATA (WS FORM: F-6)
STATION: TRENTON NJ
MONTH: OCTOBER
YEAR: 2023
LATITUDE: 40 16 N
LONGITUDE: 74 49 W
TEMPERATURE IN F: :PCPN: SNOW: WIND :SUNSHINE: SKY :PK WND
================================================================================
1 2 3 4 5 6A 6B 7 8 9 10 11 12 13 14 15 16 17 18
12Z AVG MX 2MIN
DY MAX MIN AVG DEP HDD CDD WTR SNW DPTH SPD SPD DIR MIN PSBL S-S WX SPD DR
================================================================================
1 78 55 67 5 0 2 0.00 0.0 0 5.3 16 360 M M 0 23 10
2 79 59 69 8 0 4 0.00 0.0 0 5.7 14 40 M M 1 20 40
3 81 54 68 7 0 3 0.00 0.0 0 1.9 7 290 M M 0 1 10 260
4 81 56 69 9 0 4 0.00 0.0 0 2.8 9 150 M M 0 1 13 150
5 78 53 66 6 0 1 0.00 0.0 0 4.4 14 140 M M 2 1 21 120
6 76 64 70 10 0 5 0.00 0.0 0 5.2 10 120 M M 9 1 14 130
7 73 51 62 3 3 0 0.01 0.0 0 7.1 24 330 M M 7 1 37 310
8 59 45 52 -7 13 0 0.00 0.0 0 8.1 17 260 M M 5 28 260
9 61 43 52 -6 13 0 0.04 0.0 0 5.6 16 220 M M 4 1 23 250
10 63 42 53 -5 12 0 T 0.0 0 2.0 13 190 M M 7 12 20 280
11 69 44 57 -1 8 0 0.00 0.0 0 2.9 12 220 M M 1 1 16 210
12 71 43 57 0 8 0 0.00 0.0 0 2.9 8 310 M M 1 17 290
13 64 46 55 -2 10 0 0.00 0.0 0 5.7 15 340 M M 1 23 360
14 52 45 49 -7 16 0 0.65 0.0 0 7.4 16 40 M M 8 1 25 50
15 60 47 54 -2 11 0 0.07 0.0 0 8.7 20 340 M M 5 1 28 340
16 63 41 52 -4 13 0 0.00 0.0 0 5.8 13 280 M M 4 22 280
17 63 45 54 -1 11 0 T 0.0 0 2.9 9 10 M M 5 13 350
18 65 47 56 1 9 0 0.00 0.0 0 2.3 7 130 M M 7 10 220
19 65 39 52 -2 13 0 0.00 0.0 0 5.1 14 160 M M 2 12 21 150
20 66 53 60 6 5 0 0.06 0.0 0 4.9 14 140 M M 9 1 18 140
21 64 54 59 5 6 0 T 0.0 0 9.9 21 300 M M 9 1 34 350
22 59 47 53 0 12 0 0.00 0.0 0 10.5 21 300 M M 5 34 300
23 61 40 51 -2 14 0 0.00 0.0 0 6.9 18 340 M M 2 29 330
24 65 36 51 -2 14 0 0.00 0.0 0 3.4 10 190 M M 0 18 250
25 71 40 56 4 9 0 0.00 0.0 0 4.6 14 210 M M 0 1 20 260
26 78 49 64 12 1 0 0.00 0.0 0 2.3 8 200 M M 0 13 270
27 71 51 61 9 4 0 0.00 0.0 0 2.3 9 220 M M 0 12 220
28 80 54 67 16 0 2 0.00 0.0 0 5.0 15 260 M M 2 1 23 270
29 62 51 57 6 8 0 0.18 0.0 0 7.6 14 40 M M 9 1 20 20
30 61 48 55 5 10 0 0.08 0.0 0 6.0 18 310 M M 10 12 26 300
31 49 41 45 -5 20 0 0.08 0.0 0 5.9 14 340 M M 6 1 20 350
================================================================================
SM 2088 1483 243 21 1.17 0.0 161.1 M 121
================================================================================
AV 67.4 47.8 5.2 FASTST M M 4 MAX(MPH)
MISC ----> 24 330 37 310
================================================================================
NOTES:
# LAST OF SEVERAL OCCURRENCES
COLUMN 17 PEAK WIND IN M.P.H.
PRELIMINARY LOCAL CLIMATOLOGICAL DATA (WS FORM: F-6) , PAGE 2
STATION: TRENTON NJ
MONTH: OCTOBER
YEAR: 2023
LATITUDE: 40 16 N
LONGITUDE: 74 49 W
[TEMPERATURE DATA] [PRECIPITATION DATA] SYMBOLS USED IN COLUMN 16
AVERAGE MONTHLY: 57.6 TOTAL FOR MONTH: 1.17 1 = FOG OR MIST
DPTR FM NORMAL: 1.9 DPTR FM NORMAL: -2.62 2 = FOG REDUCING VISIBILITY
HIGHEST: 81 ON 4, 3 GRTST 24HR 0.72 ON 14-15 TO 1/4 MILE OR LESS
LOWEST: 36 ON 24 3 = THUNDER
SNOW, ICE PELLETS, HAIL 4 = ICE PELLETS
TOTAL MONTH: 0.0 INCH 5 = HAIL
GRTST 24HR 0.0 6 = FREEZING RAIN OR DRIZZLE
GRTST DEPTH: 0 7 = DUSTSTORM OR SANDSTORM:
VSBY 1/2 MILE OR LESS
8 = SMOKE OR HAZE
[NO. OF DAYS WITH] [WEATHER - DAYS WITH] 9 = BLOWING SNOW
X = TORNADO
MAX 32 OR BELOW: 0 0.01 INCH OR MORE: 8
MAX 90 OR ABOVE: 0 0.10 INCH OR MORE: 2
MIN 32 OR BELOW: 0 0.50 INCH OR MORE: 1
MIN 0 OR BELOW: 0 1.00 INCH OR MORE: 0
[HDD (BASE 65) ]
TOTAL THIS MO. 243 CLEAR (SCALE 0-3) 15
DPTR FM NORMAL -61 PTCLDY (SCALE 4-7) 11
TOTAL FM JUL 1 298 CLOUDY (SCALE 8-10) 5
DPTR FM NORMAL -58
[CDD (BASE 65) ]
TOTAL THIS MO. 21
DPTR FM NORMAL 5 [PRESSURE DATA]
TOTAL FM JAN 1 969 HIGHEST SLP 30.38 ON 24
DPTR FM NORMAL -81 LOWEST SLP 29.29 ON 21
[REMARKS]
#FINAL-10-23#